{"id":3442,"date":"2019-03-23T18:25:04","date_gmt":"2019-03-23T17:25:04","guid":{"rendered":"http:\/\/blog.lesgrossesorchadeslesamplesthalameges.fr\/?page_id=3442"},"modified":"2019-03-23T18:25:08","modified_gmt":"2019-03-23T17:25:08","slug":"billet-ouvert-bdes-grosses-orchades","status":"publish","type":"page","link":"https:\/\/blog.lesgrossesorchadeslesamplesthalameges.fr\/index.php\/billet-ouvert-bdes-grosses-orchades\/","title":{"rendered":"Billet ouvert bdes Grosses Orchades"},"content":{"rendered":"<p>&nbsp;<\/p>\n<p>&nbsp;<\/p>\n<p>&nbsp;<\/p>\n<p>&nbsp;<\/p>\n<p>&nbsp;<\/p>\n<p>&nbsp;<\/p>\n<p style=\"text-align: center;\"><span style=\"font-family: times new roman, times, serif; font-size: 36pt; color: #999999;\"><strong>Billet ouvert des <em>Grosses Orchades<\/em><\/strong><\/span><\/p>\n<p>&nbsp;<\/p>\n<p style=\"text-align: center;\"><span style=\"font-family: times new roman, times, serif; color: #000000;\"><strong><span style=\"font-size: 36pt;\">\u00e0 M. Luigi Di Maio, Vice-Pr\u00e9sident du Conseil des ministres de la R\u00e9publique italienne<\/span> <\/strong><\/span><\/p>\n<p><span style=\"font-family: comic sans ms, sans-serif; color: #000000;\"><strong>\u00a0<\/strong><\/span><\/p>\n<p>&nbsp;<\/p>\n<p><span style=\"font-family: comic sans ms, sans-serif;\">Monsieur le Vice-Pr\u00e9sident,<\/span><\/p>\n<p>&nbsp;<\/p>\n<p style=\"text-align: justify;\"><span style=\"font-family: comic sans ms, sans-serif;\">Permettez-nous d\u2019\u00e9voquer un fait d\u2019histoire italienne que vous auriez toutes les excuses du monde d\u2019ignorer.<\/span><\/p>\n<p style=\"text-align: justify;\"><span style=\"font-family: comic sans ms, sans-serif;\">Quelque quatorze ans avant votre naissance, M. Pier Paolo Pasolini, qui avait succ\u00e9d\u00e9 \u00e0 feu M. Curzio Malaparte dans les colonnes du <em>Tempo, <\/em>s\u2019y \u00e9bahissait de ce que Lucien de Samosate, \u00e0 la fin du IIe si\u00e8cle de notre \u00e8re, n\u2019e\u00fbt pas vu qu\u2019il y avait solution de continuit\u00e9 dans notre destin occidental, qu\u2019Ath\u00e8nes et Rome \u00e9taient \u00e9teintes et que la \u00ab\u00a0<em>strada maestra<\/em>\u00a0\u00bb \u00e9tait d\u00e9sormais le christianisme\u2026 dont Lucien ne parle m\u00eame pas, nulle part.<\/span><\/p>\n<p style=\"text-align: justify;\"><span style=\"font-family: comic sans ms, sans-serif;\">Ses profondes convictions de chr\u00e9tien et de communiste l\u2019ont ainsi lui-m\u00eame emp\u00each\u00e9 de voir que sans doute, s\u2019il en a eu vent, Lucien a pu consid\u00e9rer le christianisme en plein essor comme une parenth\u00e8se dont il convenait d\u2019attendre patiemment qu\u2019elle se ferme. Ayant accompli son \u0153uvre \u2013 \u00e0 un prix qui fait fr\u00e9mir mais ce qui est fait est fait, inutile d\u2019ergoter cent ans l\u00e0-dessus \u2013 le christianisme ach\u00e8ve de se mettre entre parenth\u00e8ses, non sans avoir l\u00e9gu\u00e9 \u00e0 beaucoup, dont les deux grands artistes cit\u00e9s plus haut, la force de ne pas accepter sans combattre le fl\u00e9au aussi peu spirituel que possible, tout-puissant quand vous \u00eates n\u00e9. Et peu importe qu\u2019ils l\u2019aient fait en se trompant ou pas.<\/span><\/p>\n<p style=\"text-align: justify;\"><span style=\"font-family: comic sans ms, sans-serif;\">Vous venez, Monsieur le Vice-Pr\u00e9sident, de faire un pas d\u00e9cisif dans ce sens et nous partageons le sentiment de M. Tom Luongo (c\u2019est un Am\u00e9ricain) qui se d\u00e9clare absolument ravi de vous voir semer aussi magistralement la m&#8230;., pardon, le chaos \u00e0 l\u2019international, tout en faisant d\u2019aussi impeccable politique int\u00e9rieure<\/span><\/p>\n<p style=\"text-align: justify;\"><span style=\"font-family: comic sans ms, sans-serif;\">Vous \u00eates de Naples. Vous ne pouvez pas ignorer que la maison que M. Malaparte s\u2019\u00e9tait fait construire au cap Massullo \u2013 ce qu\u2019il avait de plus pr\u00e9cieux au monde \u2013 a \u00e9t\u00e9 l\u00e9gu\u00e9 par testament au peuple chinois. H\u00e9las, il en a \u00e9t\u00e9 de la Casa Malaparte comme des chats du cardinal de Richelieu\u00a0: le testataire \u00e0 peine froid, les vivants se sont contrefoutus de sa volont\u00e9, sans \u00e9gard pour l\u2019importance qu\u2019elle pouvait avoir eu \u00e0 ses yeux, et les viandes des fun\u00e9railles ont r\u00e9gal\u00e9 la noce chez les petits-bourgeois.<\/span><\/p>\n<p style=\"text-align: justify;\"><span style=\"font-family: comic sans ms, sans-serif;\">Est-ce la famille du d\u00e9funt qui a tenu \u00e0 justifier la pauvre opinion que son parent avait d\u2019elle ou l\u2019\u00c9tat italien qui s\u2019est servi d\u2019elle dans une situation balzacienne pour masquer un empressement g\u00eanant \u00e0 d\u00e9f\u00e9rer \u00e0 des exigences imp\u00e9riales\u00a0? Il vaut mieux ne pas le savoir, \u00e9vitons de remuer la tourbe. Toujours est-il que le peuple chinois attend toujours son h\u00e9ritage, autant sinon davantage moral que mat\u00e9riel.<\/span><\/p>\n<p style=\"text-align: justify;\"><span style=\"font-family: comic sans ms, sans-serif;\">Il vous appartient, Monsieur le Vice-Pr\u00e9sident, de r\u00e9parer aujourd\u2019hui une faute qui n\u2019a honor\u00e9 personne. Vous pouvez faire en sorte que l\u2019Italie ne soit pas la simple \u00ab\u00a0<em>receiving end<\/em>\u00a0\u00bb d\u2019une intelligente op\u00e9ration de commerce imp\u00e9rial, sinon la b\u00e9n\u00e9ficiaire d\u2019une sorte de plan Marshall venu d\u2019Orient. Vous pouvez faire en sorte qu\u2019il y ait \u00e9change v\u00e9ritable \u2013 plus immat\u00e9riel, certes, mais non moins n\u00e9cessaire\u00a0! \u2013 entre peuples qui ne se connaissent gu\u00e8re mais ne manquent plus des moyens de communiquer.<\/span><\/p>\n<p style=\"text-align: justify;\"><span style=\"font-family: comic sans ms, sans-serif;\">Non, personne ne vous imagine, dans les turbulences o\u00f9 entre l\u2019Europe, en train de replaider un proc\u00e8s en captation d\u2019h\u00e9ritage. D\u2019un autre c\u00f4t\u00e9, vu l\u2019\u00e9tat o\u00f9 ils ont, peut-\u00eatre par force, laiss\u00e9 tomber leur bien, on peut imaginer que les h\u00e9ritiers abusifs ne savent pas vraiment quoi en faire et n\u2019ont m\u00eame pas les moyens de l\u2019emp\u00eacher de se d\u00e9grader. L\u2019\u00c9tat italien, en revanche, peut parfaitement r\u00e9parer ses propres torts <em>en rachetant<\/em> ce qu\u2019il n\u2019a pas su prot\u00e9ger de sa magistrature et en le remettant, avec ses excuses pour le retard, aux h\u00e9ritiers v\u00e9ritables.<\/span><\/p>\n<p style=\"text-align: justify;\"><span style=\"font-family: comic sans ms, sans-serif;\">Il n\u2019y a pas que les Italiens qui ont besoin d\u2019\u00e9changer autre chose que des marchandises avec les habitants de la Chine, et ce pont jet\u00e9 ne le serait pas que pour eux.<\/span><\/p>\n<p style=\"text-align: justify;\"><span style=\"font-family: comic sans ms, sans-serif;\">Dans cette optique, pensez-vous que beaucoup de vos compatriotes refuseraient de payer un euro d\u2019imp\u00f4t suppl\u00e9mentaire pour vous aider \u00e0 r\u00e9unir le montant de la ran\u00e7on\u00a0? Gageons qu\u2019il s\u2019en trouverait m\u00eame pour vous dire Monsieur le Vice-Pr\u00e9sident, prenez m\u2019en deux\u00a0! Et nous sommes pr\u00eats \u00e0 parier notre derni\u00e8re chemise qu\u2019il y aurait aussi \u00e0 l\u2019\u00e9tranger quelques admirateurs du grand artiste que fut le testataire pour se joindre \u00e0 eux. [Tout le monde veut sauver Venise\u00a0! C\u2019est vrai que c\u2019est bien, mais il n\u2019y a pas qu\u2019elle qui soit en danger.] Pour notre part, nous n\u2019arrivons pas \u00e0 croire que l\u2019autre grand artiste qu\u2019est M. Jean-Luc Godard ait jadis fait choix de cette maison pour y tourner son <em>M\u00e9pris<\/em>, sans nourrir la moindre arri\u00e8re-pens\u00e9e. L\u2019Italie officielle s\u2019est-elle un tout petit peu reconnue dans le personnage de Michel Piccoli\u00a0? Et pas que l\u2019Italie, bien s\u00fbr\u00a0! M. Godard, admirateur de l\u2019\u0153uvre du pr\u00e9sident Mao, n\u2019est jamais, contrairement \u00e0 tant d\u2019autres, devenu un des piliers du n\u00e9o-lib\u00e9ralisme, et si vous\u00a0lui offriez la pr\u00e9sidence d\u2019honneur d\u2019une association litt\u00e9raire italo-chinoise, il en serait s\u00fbrement tr\u00e8s fier. Apr\u00e8s tout, les Suisses sont un peu europ\u00e9ens aussi. Imaginez (on r\u00eave) Mme Rita Monaldi et M\u00a0. Francesco Sorti revenant d\u2019exil pour pr\u00e9sider aux destin\u00e9es d\u2019une telle entreprise avec M. Yan Lianke\u00a0! [Les Chinois ont leur Cervant\u00e8s et il est vivant. Quelles raisons pourriez-vous avoir de nous en priver\u00a0?].<\/span><\/p>\n<p style=\"text-align: justify;\"><span style=\"font-family: comic sans ms, sans-serif;\">Et il n\u2019y a pas que les lettres, il y a les chiens\u2026 Vous n\u2019ignorez pas l\u2019\u00ab\u00a0affection maladive\u00a0\u00bb que M. Malaparte avouait nourrir pour ces bestioles. Ne pourriez-vous\u00a0 imaginer de r\u00e9server un petit coin de son navire aux chiens sans abri de l\u2019\u00eele\u00a0? Apr\u00e8s tout, il y a certainement plus de milliardaires \u00e0 Capri que de chiens abandonn\u00e9s. Et, telle qu\u2019on croit la conna\u00eetre, Melle Brigitte Bardot, qui a si durablement marqu\u00e9 le lieu de sa pr\u00e9sence, se sentirait tr\u00e8s honor\u00e9e elle aussi d\u2019\u00eatre leur marraine, d\u2019autant qu\u2019elle souffre du m\u00eame faible \u00e0 un degr\u00e9 superlatif.<\/span><\/p>\n<p style=\"text-align: justify;\"><span style=\"font-family: comic sans ms, sans-serif;\">Il peut para\u00eetre abusif que des gens qui habitent un minuscule pays artificiel enkyst\u00e9 des Euronouilles et du quartier g\u00e9n\u00e9ral de l\u2019Organisation Terroriste que vous savez, se m\u00ealent de vous r\u00e9clamer des choses au lieu de balayer devant leur seuil. C\u2019est que quand on se trouve devant des obstacles trop insurmontables, il ne doit pas \u00eatre interdit de s\u2019attaquer \u00e0 un qui le paraisse moins.<\/span><\/p>\n<p style=\"text-align: justify;\"><span style=\"font-family: comic sans ms, sans-serif;\">Bref, Monsieur le Vice-Pr\u00e9sident, vous vous \u00eates mis dans le cas et vous \u00eates en mesure d\u2019aider \u00e0 fermer l\u2019abominable parenth\u00e8se ouverte en Thermidor par ce que M. Buonarroti (Philippe) appelait \u00ab\u00a0le parti de l\u2019\u00e9go\u00efsme\u00a0\u00bb. Vous pouvez le faire en donnant ce petit coup de pouce aux destin\u00e9es de l\u2019Europe. Soyez assur\u00e9 que, m\u00eame si elle ne vous le dit pas, elle vous en saura gr\u00e9. Elle ou sa descendance.<\/span><\/p>\n<p><span style=\"font-family: comic sans ms, sans-serif;\">Avec espoir.<\/span><\/p>\n<p><span style=\"font-family: comic sans ms, sans-serif; font-size: 14pt;\">pp. Les Grosses Orchades<\/span><\/p>\n<p><span style=\"font-family: comic sans ms, sans-serif;\"><em>Th\u00e9roigne,<\/em><\/span><\/p>\n<p><span style=\"font-family: comic sans ms, sans-serif;\"><em>Calamity Jane <\/em><\/span><\/p>\n<p><span style=\"font-family: comic sans ms, sans-serif;\"><em>ed altri<\/em><em>.<\/em><\/span><\/p>\n<p>&nbsp;<\/p>\n<p>&nbsp;<\/p>\n<p style=\"text-align: center;\"><img loading=\"lazy\" class=\"alignnone wp-image-3444\" src=\"http:\/\/blog.lesgrossesorchadeslesamplesthalameges.fr\/wp-content\/uploads\/2019\/03\/ballons-\u00e0-haikou-\u00eele-de-Hainan-Chine-300x187.jpg\" alt=\"\" width=\"600\" height=\"375\" srcset=\"https:\/\/blog.lesgrossesorchadeslesamplesthalameges.fr\/wp-content\/uploads\/2019\/03\/ballons-\u00e0-haikou-\u00eele-de-Hainan-Chine-300x187.jpg 300w, https:\/\/blog.lesgrossesorchadeslesamplesthalameges.fr\/wp-content\/uploads\/2019\/03\/ballons-\u00e0-haikou-\u00eele-de-Hainan-Chine-768x480.jpg 768w, https:\/\/blog.lesgrossesorchadeslesamplesthalameges.fr\/wp-content\/uploads\/2019\/03\/ballons-\u00e0-haikou-\u00eele-de-Hainan-Chine.jpg 858w\" sizes=\"(max-width: 600px) 100vw, 600px\" \/><\/p>\n<p style=\"text-align: center;\"><span style=\"font-family: times new roman, times, serif;\"><strong><em>Ballons pr\u00eats \u00e0 s\u2019envoler \u00e0 Haikou (\u00eele de Hainan, Chine)<\/em><\/strong><\/span><\/p>\n<p style=\"text-align: center;\"><span style=\"font-family: times new roman, times, serif;\"><strong><em>\u00a0<\/em><\/strong><\/span><\/p>\n<p>&nbsp;<\/p>\n<p>&nbsp;<\/p>\n<p style=\"text-align: center;\"><img loading=\"lazy\" class=\"alignnone wp-image-3445\" src=\"http:\/\/blog.lesgrossesorchadeslesamplesthalameges.fr\/wp-content\/uploads\/2019\/03\/Casa-mal-2-300x200.jpg\" alt=\"\" width=\"600\" height=\"400\" srcset=\"https:\/\/blog.lesgrossesorchadeslesamplesthalameges.fr\/wp-content\/uploads\/2019\/03\/Casa-mal-2-300x200.jpg 300w, https:\/\/blog.lesgrossesorchadeslesamplesthalameges.fr\/wp-content\/uploads\/2019\/03\/Casa-mal-2-768x512.jpg 768w, https:\/\/blog.lesgrossesorchadeslesamplesthalameges.fr\/wp-content\/uploads\/2019\/03\/Casa-mal-2.jpg 1024w\" sizes=\"(max-width: 600px) 100vw, 600px\" \/><\/p>\n<p style=\"text-align: center;\"><span style=\"font-family: times new roman, times, serif;\"><strong><em>Casa Malaparte au cap Massullo (\u00eele de Capri, Italie)<\/em><\/strong><\/span><\/p>\n<p>&nbsp;<\/p>\n<p>&nbsp;<\/p>\n<p style=\"text-align: center;\"><img loading=\"lazy\" class=\"alignnone size-full wp-image-3403\" src=\"http:\/\/blog.lesgrossesorchadeslesamplesthalameges.fr\/wp-content\/uploads\/2019\/03\/000.-russep-x-1.gif\" alt=\"\" width=\"50\" height=\"50\" \/><\/p>\n<p>&nbsp;<\/p>\n<p>&nbsp;<\/p>\n<p style=\"text-align: right;\">23 mars 2019<\/p>\n<p>&nbsp;<\/p>\n<p>&nbsp;<\/p>\n","protected":false},"excerpt":{"rendered":"<p>&nbsp; &nbsp; &nbsp; &nbsp; &nbsp; &nbsp; Billet ouvert des Grosses Orchades &nbsp; \u00e0 M. Luigi Di Maio, Vice-Pr\u00e9sident du Conseil des ministres de la R\u00e9publique italienne \u00a0 &nbsp; Monsieur le Vice-Pr\u00e9sident, &nbsp; Permettez-nous d\u2019\u00e9voquer un fait d\u2019histoire italienne que vous auriez toutes les excuses du monde d\u2019ignorer. Quelque quatorze ans avant votre naissance, M. Pier&#8230;<\/p>\n","protected":false},"author":1,"featured_media":0,"parent":0,"menu_order":0,"comment_status":"open","ping_status":"open","template":"","meta":[],"_links":{"self":[{"href":"https:\/\/blog.lesgrossesorchadeslesamplesthalameges.fr\/index.php\/wp-json\/wp\/v2\/pages\/3442"}],"collection":[{"href":"https:\/\/blog.lesgrossesorchadeslesamplesthalameges.fr\/index.php\/wp-json\/wp\/v2\/pages"}],"about":[{"href":"https:\/\/blog.lesgrossesorchadeslesamplesthalameges.fr\/index.php\/wp-json\/wp\/v2\/types\/page"}],"author":[{"embeddable":true,"href":"https:\/\/blog.lesgrossesorchadeslesamplesthalameges.fr\/index.php\/wp-json\/wp\/v2\/users\/1"}],"replies":[{"embeddable":true,"href":"https:\/\/blog.lesgrossesorchadeslesamplesthalameges.fr\/index.php\/wp-json\/wp\/v2\/comments?post=3442"}],"version-history":[{"count":0,"href":"https:\/\/blog.lesgrossesorchadeslesamplesthalameges.fr\/index.php\/wp-json\/wp\/v2\/pages\/3442\/revisions"}],"wp:attachment":[{"href":"https:\/\/blog.lesgrossesorchadeslesamplesthalameges.fr\/index.php\/wp-json\/wp\/v2\/media?parent=3442"}],"curies":[{"name":"wp","href":"https:\/\/api.w.org\/{rel}","templated":true}]}}