{"id":3505,"date":"2019-03-23T20:29:11","date_gmt":"2019-03-23T19:29:11","guid":{"rendered":"http:\/\/blog.lesgrossesorchadeslesamplesthalameges.fr\/?page_id=3505"},"modified":"2019-03-23T20:29:11","modified_gmt":"2019-03-23T19:29:11","slug":"que-faisait-le-fbi-en-algerie-ces-derniers-jours","status":"publish","type":"page","link":"https:\/\/blog.lesgrossesorchadeslesamplesthalameges.fr\/index.php\/que-faisait-le-fbi-en-algerie-ces-derniers-jours\/","title":{"rendered":"Que faisait le FBI en Alg\u00e9rie ces derniers jours ?"},"content":{"rendered":"<p>&nbsp;<\/p>\n<p>&nbsp;<\/p>\n<p>&nbsp;<\/p>\n<p>&nbsp;<\/p>\n<p>&nbsp;<\/p>\n<p style=\"text-align: center;\"><span style=\"font-size: 36pt; font-family: times new roman, times, serif;\"><strong>Que faisait le FBI en Alg\u00e9rie ces derniers jours? Les explications de l\u2019ambassadeur US<\/strong><\/span><\/p>\n<p style=\"text-align: justify;\"><span style=\"font-size: 14pt; font-family: times new roman, times, serif;\">\u00a0\u00a0\u00a0\u00a0\u00a0\u00a0\u00a0\u00a0\u00a0\u00a0\u00a0\u00a0\u00a0\u00a0\u00a0\u00a0\u00a0\u00a0\u00a0\u00a0\u00a0\u00a0\u00a0\u00a0\u00a0\u00a0\u00a0\u00a0\u00a0\u00a0\u00a0\u00a0\u00a0\u00a0\u00a0\u00a0\u00a0\u00a0\u00a0\u00a0\u00a0\u00a0\u00a0\u00a0\u00a0\u00a0\u00a0\u00a0\u00a0\u00a0\u00a0\u00a0\u00a0\u00a0\u00a0\u00a0\u00a0\u00a0\u00a0\u00a0\u00a0\u00a0\u00a0\u00a0\u00a0\u00a0\u00a0\u00a0\u00a0\u00a0\u00a0\u00a0\u00a0\u00a0\u00a0\u00a0\u00a0\u00a0\u00a0\u00a0\u00a0\u00a0\u00a0\u00a0\u00a0\u00a0\u00a0<\/span><\/p>\n<p style=\"text-align: center;\"><span style=\"font-size: 18pt; font-family: times new roman, times, serif;\"><strong>Gilles Munier \u2013 <em>F.I.A.<\/em> \u2013 22.3.2019<\/strong><\/span><\/p>\n<p style=\"text-align: justify;\"><span style=\"font-size: 14pt; font-family: times new roman, times, serif;\"><strong>\u00a0<\/strong><\/span><\/p>\n<p>&nbsp;<\/p>\n<p style=\"text-align: center;\"><span style=\"font-size: 14pt; font-family: times new roman, times, serif;\"><strong>\u00a0<img loading=\"lazy\" class=\"alignnone wp-image-3475\" src=\"http:\/\/blog.lesgrossesorchadeslesamplesthalameges.fr\/wp-content\/uploads\/2019\/03\/FBI-300x171.jpg\" alt=\"\" width=\"600\" height=\"343\" srcset=\"https:\/\/blog.lesgrossesorchadeslesamplesthalameges.fr\/wp-content\/uploads\/2019\/03\/FBI-300x171.jpg 300w, https:\/\/blog.lesgrossesorchadeslesamplesthalameges.fr\/wp-content\/uploads\/2019\/03\/FBI.jpg 698w\" sizes=\"(max-width: 600px) 100vw, 600px\" \/><\/strong><\/span><\/p>\n<p>&nbsp;<\/p>\n<p>&nbsp;<\/p>\n<p style=\"text-align: justify;\"><span style=\"font-size: 14pt; font-family: times new roman, times, serif;\">La pr\u00e9sence d\u2019experts du FBI du 18 au 20 mars \u00e0 Alger n\u2019est pas pass\u00e9e inaper\u00e7ue. En pleine pol\u00e9mique sur la n\u00e9cessit\u00e9 de se prot\u00e9ger d\u2019une ing\u00e9rence \u00e9trang\u00e8re dans la crise politique qui secoue le pays, et en l\u2019absence de communication officielle sur cette visite, l\u2019ambassade US a publi\u00e9 un communiqu\u00e9 pour expliquer la nature de cette mission.<\/span><\/p>\n<p style=\"text-align: justify;\"><span style=\"font-size: 14pt; font-family: times new roman, times, serif;\">Sur fond de manifestations populaires en Alg\u00e9rie demandant le d\u00e9part du Pr\u00e9sident <a href=\"https:\/\/fr.sputniknews.com\/tags\/person_Abdelaziz_Bouteflika\/\">Abdelaziz Bouteflika<\/a> et les vives r\u00e9actions des Alg\u00e9riens contre toute tentative d&rsquo;ing\u00e9rence \u00e9trang\u00e8re, la pr\u00e9sence en d\u00e9but de semaine \u00e0 Alger <a href=\"https:\/\/fr.sputniknews.com\/tags\/keyword_agent_etranger\/\">d&rsquo;agents<\/a> du <em>Bureau f\u00e9d\u00e9ral d&rsquo;investigation (FBI)<\/em> am\u00e9ricain a suscit\u00e9 une pol\u00e9mique. En effet, aucune d\u00e9claration officielle n&rsquo;a \u00e9t\u00e9 faite pour expliquer l&rsquo;objet de cette pr\u00e9sence. Ainsi, <a href=\"https:\/\/dz.usembassy.gov\/fr\/cultural_heritage_and_fight_cultural_property_crimes_fr\/\">l&rsquo;ambassade des \u00c9tats-Unis \u00e0 Alger a publi\u00e9 un communiqu\u00e9<\/a> pour tenter de lever les doutes qui planent autour de la mission de ces agents du FBI.<\/span><\/p>\n<p style=\"text-align: justify;\"><span style=\"font-size: 14pt; font-family: times new roman, times, serif;\"><em>\u00abDes experts du Bureau F\u00e9d\u00e9ral d&rsquo;investigation (FBI) des \u00c9tats-Unis ont anim\u00e9 \u00e0 Alger un atelier de trois jours, du 18 au 20 mars, sur les enqu\u00eates et les poursuites relatives au vol et \u00e0 la vente illicite d&rsquo;antiquit\u00e9s, notamment la vente de biens culturels pour financer des activit\u00e9s terroristes\u00bb<\/em>, indique le texte du communiqu\u00e9. <em>\u00abIl s&rsquo;agit d&rsquo;un \u00e9change d&rsquo;expertise et de connaissances entre des experts am\u00e9ricains et des enqu\u00eateurs, des procureurs et des juges des minist\u00e8res alg\u00e9riens de la Justice et de la Culture\u00bb<\/em>, pr\u00e9cise le texte.<\/span><\/p>\n<p style=\"text-align: justify;\"><span style=\"font-size: 14pt; font-family: times new roman, times, serif;\">Tout en indiquant que l&rsquo;atelier visait essentiellement \u00e0 soutenir les efforts de l&rsquo;Alg\u00e9rie dans la protection de son patrimoine culturel, l&rsquo;ambassade US a soulign\u00e9 que les th\u00e8mes abord\u00e9s \u00e9taient <em>\u00ab\u00a0les cadres juridiques internationaux, les techniques d&rsquo;enqu\u00eate, les \u00e9tudes de cas, la poursuite des auteurs de crimes contre les biens culturels, les trait\u00e9s d&rsquo;entraide judiciaire, les strat\u00e9gies de pr\u00e9vention des crimes contre les biens culturels et les possibilit\u00e9s de coop\u00e9ration r\u00e9gionale et internationale\u00a0\u00bb.<\/em><\/span><\/p>\n<p style=\"text-align: justify;\"><span style=\"font-size: 14pt; font-family: times new roman, times, serif;\">Source\u00a0: <a href=\"https:\/\/fr.sputniknews.com\/international\/201903211040441432-algerie-fbi-ambassade-us\/\">Sputnik<\/a><\/span><\/p>\n<p style=\"text-align: left;\"><span style=\"font-size: 14pt;\"><span style=\"font-family: times new roman, times, serif;\">Via\u00a0: <\/span><a href=\"http:\/\/www.france-irak-actualite.com\/2019\/03\/que-faisait-le-fbi-en-algerie-ces-derniers-jours-les-explications-de-l-ambassadeur-us.html\"><span style=\"font-family: times new roman, times, serif;\">http:\/\/www.france-irak-actualite.com\/2019\/03\/que-faisait-le-fbi-en-algerie-ces-derniers-jours-les-explications-de-l-ambassadeur-us.html<\/span><\/a><\/span><\/p>\n<p>&nbsp;<\/p>\n<p>&nbsp;<\/p>\n<p>&nbsp;<\/p>\n<p style=\"text-align: center;\"><img loading=\"lazy\" class=\"alignnone size-full wp-image-3465\" src=\"http:\/\/blog.lesgrossesorchadeslesamplesthalameges.fr\/wp-content\/uploads\/2019\/03\/Petit-gilet.gif\" alt=\"\" width=\"75\" height=\"75\" \/><\/p>\n<p>&nbsp;<\/p>\n<p>&nbsp;<\/p>\n<p style=\"text-align: right;\"><span style=\"font-family: comic sans ms, sans-serif; font-size: 14pt;\">23 mars 2019<\/span><\/p>\n<p>&nbsp;<\/p>\n<p>&nbsp;<\/p>\n","protected":false},"excerpt":{"rendered":"<p>&nbsp; &nbsp; &nbsp; &nbsp; &nbsp; Que faisait le FBI en Alg\u00e9rie ces derniers jours? Les explications de l\u2019ambassadeur US \u00a0\u00a0\u00a0\u00a0\u00a0\u00a0\u00a0\u00a0\u00a0\u00a0\u00a0\u00a0\u00a0\u00a0\u00a0\u00a0\u00a0\u00a0\u00a0\u00a0\u00a0\u00a0\u00a0\u00a0\u00a0\u00a0\u00a0\u00a0\u00a0\u00a0\u00a0\u00a0\u00a0\u00a0\u00a0\u00a0\u00a0\u00a0\u00a0\u00a0\u00a0\u00a0\u00a0\u00a0\u00a0\u00a0\u00a0\u00a0\u00a0\u00a0\u00a0\u00a0\u00a0\u00a0\u00a0\u00a0\u00a0\u00a0\u00a0\u00a0\u00a0\u00a0\u00a0\u00a0\u00a0\u00a0\u00a0\u00a0\u00a0\u00a0\u00a0\u00a0\u00a0\u00a0\u00a0\u00a0\u00a0\u00a0\u00a0\u00a0\u00a0\u00a0\u00a0\u00a0\u00a0\u00a0\u00a0 Gilles Munier \u2013 F.I.A. \u2013 22.3.2019 \u00a0 &nbsp; \u00a0 &nbsp; &nbsp; La pr\u00e9sence d\u2019experts du FBI du 18 au 20 mars \u00e0 Alger n\u2019est pas pass\u00e9e inaper\u00e7ue. En pleine pol\u00e9mique sur la n\u00e9cessit\u00e9 de se&#8230;<\/p>\n","protected":false},"author":1,"featured_media":0,"parent":0,"menu_order":0,"comment_status":"open","ping_status":"open","template":"","meta":[],"_links":{"self":[{"href":"https:\/\/blog.lesgrossesorchadeslesamplesthalameges.fr\/index.php\/wp-json\/wp\/v2\/pages\/3505"}],"collection":[{"href":"https:\/\/blog.lesgrossesorchadeslesamplesthalameges.fr\/index.php\/wp-json\/wp\/v2\/pages"}],"about":[{"href":"https:\/\/blog.lesgrossesorchadeslesamplesthalameges.fr\/index.php\/wp-json\/wp\/v2\/types\/page"}],"author":[{"embeddable":true,"href":"https:\/\/blog.lesgrossesorchadeslesamplesthalameges.fr\/index.php\/wp-json\/wp\/v2\/users\/1"}],"replies":[{"embeddable":true,"href":"https:\/\/blog.lesgrossesorchadeslesamplesthalameges.fr\/index.php\/wp-json\/wp\/v2\/comments?post=3505"}],"version-history":[{"count":0,"href":"https:\/\/blog.lesgrossesorchadeslesamplesthalameges.fr\/index.php\/wp-json\/wp\/v2\/pages\/3505\/revisions"}],"wp:attachment":[{"href":"https:\/\/blog.lesgrossesorchadeslesamplesthalameges.fr\/index.php\/wp-json\/wp\/v2\/media?parent=3505"}],"curies":[{"name":"wp","href":"https:\/\/api.w.org\/{rel}","templated":true}]}}