{"id":3508,"date":"2019-03-23T20:31:05","date_gmt":"2019-03-23T19:31:05","guid":{"rendered":"http:\/\/blog.lesgrossesorchadeslesamplesthalameges.fr\/?page_id=3508"},"modified":"2019-03-23T20:31:05","modified_gmt":"2019-03-23T19:31:05","slug":"lattentat-de-christchurch-revisite","status":"publish","type":"page","link":"https:\/\/blog.lesgrossesorchadeslesamplesthalameges.fr\/index.php\/lattentat-de-christchurch-revisite\/","title":{"rendered":"L&rsquo;attentat de Christchurch revisit\u00e9"},"content":{"rendered":"<p>&nbsp;<\/p>\n<p>&nbsp;<\/p>\n<p>&nbsp;<\/p>\n<p>&nbsp;<\/p>\n<p>&nbsp;<\/p>\n<p style=\"text-align: center;\"><span style=\"font-family: times new roman, times, serif; font-size: 36pt;\"><strong>L&rsquo;attentat de Christchurch revisit\u00e9<\/strong><\/span><\/p>\n<p>&nbsp;<\/p>\n<p style=\"text-align: center;\"><span style=\"font-family: times new roman, times, serif; font-size: 18pt;\"><strong>Isra\u00ebl Shamir \u2013 <em>Entre la plume et l\u2019enclume<\/em> \u2013 21.3.2019<\/strong><\/span><\/p>\n<p style=\"text-align: center;\"><span style=\"font-family: times new roman, times, serif; font-size: 18pt;\">Traduction\u00a0<strong>: Maria Poumier<\/strong><\/span><\/p>\n<p style=\"text-align: justify;\"><span style=\"font-family: times new roman, times, serif; font-size: 14pt;\"><strong>\u00a0<\/strong><\/span><\/p>\n<p style=\"text-align: justify;\"><span style=\"font-family: times new roman, times, serif; font-size: 14pt;\"><strong>\u00a0<\/strong><\/span><\/p>\n<p style=\"text-align: center;\"><img loading=\"lazy\" class=\"alignnone wp-image-3476\" src=\"http:\/\/blog.lesgrossesorchadeslesamplesthalameges.fr\/wp-content\/uploads\/2019\/03\/brenton-tarrant-christchurch-300x169.jpg\" alt=\"\" width=\"600\" height=\"338\" srcset=\"https:\/\/blog.lesgrossesorchadeslesamplesthalameges.fr\/wp-content\/uploads\/2019\/03\/brenton-tarrant-christchurch-300x169.jpg 300w, https:\/\/blog.lesgrossesorchadeslesamplesthalameges.fr\/wp-content\/uploads\/2019\/03\/brenton-tarrant-christchurch.jpg 768w\" sizes=\"(max-width: 600px) 100vw, 600px\" \/><\/p>\n<p>&nbsp;<\/p>\n<p>&nbsp;<\/p>\n<p style=\"text-align: justify;\"><span style=\"font-family: times new roman, times, serif; font-size: 14pt;\">Pas la peine d&rsquo;\u00eatre un nationaliste blanc pour commettre un meurtre de masse dans un lieu de culte comme \u00e0 Christchurch, quoique, si vous ne lisez que les m\u00e9dias officiels, vous\u00a0 soyez probablement tent\u00e9 de les associer, les nationalistes blancs, avec ce genre de d\u00e9pravation. Je n&rsquo;ai aucune intention de chercher des excuses pour ce crime, et tout en rejetant les th\u00e9ories conspirationnistes, je voudrais contextualiser l&rsquo;\u00e9v\u00e8nement, enqu\u00eater sur les forces politiques \u00e0 qui profitent la chose, et sur l&rsquo;assignation de la culpabilit\u00e9 que les lib\u00e9raux ont mis en \u0153uvre.<\/span><\/p>\n<p style=\"text-align: justify;\"><span style=\"font-family: times new roman, times, serif; font-size: 14pt;\">Les nationalistes blancs ne sont pas des gens \u00e0 part. Un musulman aurait pu en faire autant. En Egypte, des extr\u00e9mistes musulmans ont massacr\u00e9, en avril 2017, 45 chr\u00e9tiens dans deux \u00e9glises coptes. Il y a une longue liste d&rsquo;attaques contre des \u00e9glises en Egypte, en Syrie et en Irak, par des extr\u00e9mistes islamiques. Ils tuent \u00e9galement des musulmans pas\u00a0 assez d\u00e9vots \u00e0 leur go\u00fbt: 300 fid\u00e8les musulmans furent massacr\u00e9s par des extr\u00e9mistes musulmans (voir <a href=\"https:\/\/fr.wikipedia.org\/wiki\/Attentat_de_la_mosqu%C3%A9e_de_Bir_al-Abed\">wikipedia<\/a>) dans une mosqu\u00e9e du Sina\u00ef en novembre 2017. Les atrocit\u00e9s de Daech se situent \u00e0 un autre niveau (pire) dans l&rsquo;ensemble, m\u00eame si les m\u00e9dias les sous-\u00e9valuent parce qu&rsquo;ils pr\u00e9f\u00e8rent diaboliser Assad avec ses alli\u00e9s russes et iraniens. Il y a beaucoup d&rsquo;attaques musulmanes contre des chr\u00e9tiens qui ne sont pas diffus\u00e9es, parce que les m\u00e9dias ob\u00e9issent \u00e0 la r\u00e8gle visant \u00e0 maintenir les nationalistes locaux de souche sous pression, et que des reportages complets leur feraient rater leur cible. En septembre 2018, un individu a r\u00e9pandu du p\u00e9trole et tent\u00e9 de mettre le feu \u00e0 une rame de m\u00e9tro \u00e0 Stockholm. Il en a \u00e9t\u00e9 emp\u00each\u00e9 par des passagers, arr\u00eat\u00e9, et condamn\u00e9 \u00e0 quatre ans de prison. Mais on n&rsquo;en a pas vu trace dans les m\u00e9dias, \u00e0 une exception pr\u00e8s, et on n&rsquo;a pas communiqu\u00e9 son nom pour une bonne raison: c&rsquo;est un nom musulman. En m\u00eame temps, les crimes dits de haine sont tr\u00e8s abondamment comment\u00e9s.<\/span><\/p>\n<p style=\"text-align: justify;\"><span style=\"font-family: times new roman, times, serif; font-size: 14pt;\">Et dans le cas d&rsquo;un juif, \u00e7a peut aller encore plus loin. Le dr. Benjamin Goldstein (ah, ces benjamins, vous savez&#8230;) avait envoy\u00e9 <em>ad patres<\/em> d&rsquo;une seule main environ 50 fid\u00e8les \u00e0 la mosqu\u00e9e d&rsquo;Halil\/H\u00e9bron, en Palestine, \u00e0 la veille de Pourim en 1994. Il avait aussi caus\u00e9 des blessures \u00e0 environ 150 fid\u00e8les de plus, \u00e0 cette r\u00e9serve pr\u00e8s que des soldats isra\u00e9liens pr\u00e9sents sur les lieux lui auraient pr\u00eat\u00e9 main forte. Ils avaient peut-\u00eatre pens\u00e9 que la chasse \u00e9tait ouverte pour tous.<\/span><\/p>\n<p style=\"text-align: justify;\"><span style=\"font-family: times new roman, times, serif; font-size: 14pt;\">Ce Benajmin (dit Baruch) Goldstein est consid\u00e9r\u00e9 comme un h\u00e9ros sanctifi\u00e9 par le martyre dans sa communaut\u00e9, celle des chauvinistes juifs f\u00e9roces de H\u00e9bron. Il vont sur sa tombe et lui demandent d&rsquo;interc\u00e9der pour eux apr\u00e8s du Tout-puissant. Les jeunes filles s&rsquo;adressent \u00e0 lui pour trouver un pr\u00e9tendant. On allume des bougies constamment renouvel\u00e9es \u00e0 sa m\u00e9moire. Un livre a \u00e9t\u00e9 publi\u00e9 en son honneur, et son nom est fr\u00e9quemment mentionn\u00e9 par les colons. Ils pr\u00e9tendent (sans la moindre preuve ni\u00a0 base factuelle) que ce carnage a sauv\u00e9 les juifs d&rsquo;un massacre par des musulmans.<\/span><\/p>\n<p style=\"text-align: justify;\"><span style=\"font-family: times new roman, times, serif; font-size: 14pt;\">Tandis que les vid\u00e9os des nationalistes blancs ont \u00e9t\u00e9 retir\u00e9es des plateformes, Youtube ne voit rien \u00e0 redire \u00e0 celle qui disculpe et glorifie le massacreur juif. Le premier ministre Netanyahou (encore un Benjamin!) a d\u00e9cid\u00e9 de faire rentrer dans sa coalition gouvernementale le parti des fans de Goldstein, Otzma Yehudit, ce qui n&rsquo;a en rien interf\u00e9r\u00e9 dans ses d\u00e9marches triomphales en vue de la conf\u00e9rence de l&rsquo;AIPAC devant se tenir le 24 mars, juste apr\u00e8s Pourim.<\/span><\/p>\n<p style=\"text-align: justify;\"><span style=\"font-family: times new roman, times, serif; font-size: 14pt;\">Goldstein avait eu des pr\u00e9d\u00e9cesseurs. Le 26 juillet 1983, un groupe terroriste juif s&rsquo;en \u00e9tait pris \u00e0 un coll\u00e8ge islamique avec des grenades et des mitraillettes; trois \u00e9l\u00e8ves avaient \u00e9t\u00e9 tu\u00e9s et trente autres bless\u00e9s. Les assaillants furent appr\u00e9hend\u00e9s par hasard, jug\u00e9s et rapidement pardonn\u00e9s par le pr\u00e9sident isra\u00e9lien apr\u00e8s une grande campagne publique: plus de 70% des juifs isra\u00e9liens avaient demand\u00e9 leur gr\u00e2ce.<\/span><\/p>\n<p style=\"text-align: justify;\"><span style=\"font-family: times new roman, times, serif; font-size: 14pt;\">A l&rsquo;approche de Pourim, l&rsquo;activit\u00e9 autour de la tombe de Goldstein atteint des sommets. Un mystique pourrait penser que le tonton flingueur n\u00e9o-z\u00e9landais \u00e9tait pass\u00e9 \u00e0 l&rsquo;acte dans le cadre de l&rsquo;effervescence que suscite la f\u00eate de Pourim. En m\u00eame temps, on \u00e9vite toujours de mentionner le nom du Benjamin tueur juif dans les m\u00e9dias occidentaux, et les officiels juifs am\u00e9ricains, tout en exprimant leur horreur (justifi\u00e9e) et leur indignation \u00e0 l&rsquo;\u00e9gard des tueurs de Christchurch, ne font jamais allusion \u00e0 leurs coreligionnaires qui ont pr\u00e9c\u00e9d\u00e9 et inspir\u00e9 Brenton Tarrant. Certains vont jusqu&rsquo;\u00e0 affirmer que rien de semblabe au carnage de Christchurch n&rsquo;avait jamais eu lieu.<\/span><\/p>\n<p style=\"text-align: justify;\"><span style=\"font-family: times new roman, times, serif; font-size: 14pt;\">Or donc, les nationalistes blancs ne sont pas des exceptions. Ce qui est peu banal, dans le cas de Tarrant, c&rsquo;est que la composante haineuse \u00e9tait faible, dans son crime; c&rsquo;\u00e9tait essentiellement un crime de gamer. Apparemment, on \u00e9prouve des envies, \u00e0 partir des \u00a0jeux vid\u00e9o, de faire pleuvoir les balles sur \u00ab\u00a0la vermine\u00a0\u00bb. Si vous \u00eates amateur de jeux vid\u00e9o, vous voyez ce que je veux dire. Une sorte de FPS (ces jeux \u00e0 qui tirera le premier First Person Shooter Games) o\u00f9 vous remplacez un zombie par votre ennemi pr\u00e9f\u00e9r\u00e9.<\/span><\/p>\n<p style=\"text-align: justify;\"><span style=\"font-family: times new roman, times, serif; font-size: 14pt;\">Et maintenant, passons \u00e0 l&rsquo;\u00e9tape suivante, consid\u00e9rons les gens bien r\u00e9els comme des zombies. aucun besoin de haine pour cela, et Tarrant ne ha\u00efssait pas ses victimes, d&rsquo;apr\u00e8s ce qu&rsquo;il avait \u00e9crit. Il avait m\u00eame \u00e9crit sur les grands amis qu&rsquo;il s&rsquo;\u00e9tait faits en Turquie.<\/span><\/p>\n<p style=\"text-align: justify;\"><span style=\"font-family: times new roman, times, serif; font-size: 14pt;\">La fronti\u00e8re entre le jeu vid\u00e9o et la r\u00e9alit\u00e9 est devenue floue, avec les techniques de guerre modernes. La vid\u00e9o <a href=\"https:\/\/www.youtube.com\/watch?v=5rXPrfnU3G0\"><strong>Collateral Murder<\/strong><\/a>, premi\u00e8re r\u00e9v\u00e9lation sensationnelle de Julian Assange et Wikileaks, nous donne le FPS d&rsquo;un pilote am\u00e9ricain qui tue des innocents et des gens sans armes dans les rues de Bagdad. Les filles soldates isra\u00e9liennes actionnent un syst\u00e8me de tuage par t\u00e9l\u00e9commande, par-desus les barbel\u00e9s de Gaza. Cela s&rsquo;appelle le syst\u00e8me <a href=\"https:\/\/www.thenational.ae\/world\/mena\/israel-paves-the-way-for-killing-by-remote-control-1.554627\"><strong>Spot and Shoot<\/strong><\/a>. Elles font exactement ce qu&rsquo;a fait Tarrant, c&rsquo;est leur boulot de tous les jours. De m\u00eame pour les op\u00e9rateurs de drones, riv\u00e9s \u00e0 leurs fauteuils, qui tuent de tr\u00e8s loin des enfants: pour rendre la chose plus\u00a0 facile, ils appellent leurs victimes des \u00ab\u00a0terroristes rigolos\u00a0\u00bb (\u00ab\u00a0Fun size terrorists\u00a0\u00bb).<\/span><\/p>\n<p style=\"text-align: justify;\"><span style=\"font-family: times new roman, times, serif; font-size: 14pt;\">Les jeux vid\u00e9o qui vous entra\u00eenent \u00e0 tirer sans ressentir de haine sont un substitut de ce genre de tueries. J&rsquo;ai particip\u00e9 \u00e0 des guerres, j&rsquo;ai vu et j&rsquo;ai \u00e9prouv\u00e9 ces choses-l\u00e0 en vrai. Pas besoin de ha\u00efr pour tuer l&rsquo;ennemi. Si vous savez qui est votre ennemi, vous pouvez le descendre sans haine, et c&rsquo;est ce que font la plupart des soldats la plupart du temps.<\/span><\/p>\n<p style=\"text-align: justify;\"><span style=\"font-family: times new roman, times, serif; font-size: 14pt;\">Pas de quoi \u00eatre horrifi\u00e9. Il nous faut reconna\u00eetre l&rsquo;agressivit\u00e9 comme un \u00e9l\u00e9ment n\u00e9cessaire, dans notre mental. Ce n&rsquo;est ni bien ni mal, c&rsquo;est ce que nous sommes, selon l&rsquo;expression favorite de Mrs. Pelosi. Nous avons un sens inn\u00e9 de la chasse et de la guerre, et c&rsquo;est ce qui pousse un petit gar\u00e7on \u00e0 faire \u00ab\u00a0pan! pan!\u00a0\u00bb avant m\u00eame de savoir parler.<\/span><\/p>\n<p style=\"text-align: justify;\"><span style=\"font-family: times new roman, times, serif; font-size: 14pt;\">Nous sommes c\u00e2bl\u00e9s. Les gens aiment en flinguer de&rsquo;autres; s&rsquo;ils n&rsquo;ont pas le droit de le faire dans la vraie vie, il le font dans les jeux. Mais ils r\u00eavent de le faire pour de vrai, de se battre, de tuer, et peut-\u00eatre d&rsquo;y rester. Cette pulsion, comme d&rsquo;autres tendances destructrices, se voit normalement canalis\u00e9e, voire sublim\u00e9e. L&rsquo;instinct de chasse et de guerre d&rsquo;un gar\u00e7on se voit transform\u00e9 en actions h\u00e9ro\u00efques, en d\u00e9fense de son foyer ou de sa patrie, ou en exploits hercul\u00e9ens. Sans cela, nous en serions encore \u00e0 partager des bananes dans la jugle africaine.<\/span><\/p>\n<p style=\"text-align: justify;\"><span style=\"font-family: times new roman, times, serif; font-size: 14pt;\">Seulement voil\u00e0, nous vivons dans une soci\u00e9t\u00e9 f\u00e9minis\u00e9e o\u00f9 les exploits sont hors la loi. Ce ne sont pas seulement les v\u00eatements et les toilettes qui sont devenus unisexes, mais aussi l&rsquo;endoctrinement. La propagande sur la fluidit\u00e9 de genre vise \u00e0 \u00e9radiquer la masculinit\u00e9 \u00e0 la racine. Un jeune homme de la classe ouvri\u00e8re a tr\u00e8s peu d&rsquo;options dans sa vie. Il peut tout au plus trouver un job temporaire mal pay\u00e9 et sans assurance pour le lendemain. Et il peut d\u00e9verser son indignation et tout ce qui le d\u00e9mange dans une salle de jeux vid\u00e9o ou dans des fight clubs. Ou bien consommer encore plus de drogues et d&rsquo;alcool.<\/span><\/p>\n<p style=\"text-align: justify;\"><span style=\"font-family: times new roman, times, serif; font-size: 14pt;\">Les jeux, et les jeux de guerre en particulier, sont tr\u00e8s populaires parce qu&rsquo;ils servent \u00e0 satisfaire des besoins de base, tout comme la pornographie. Ils sont tellement populaires que le gamer su\u00e9dois mentionn\u00e9 par Tarrant a 90 millions de followers: infiniment plus que ne peut r\u00eaver d&rsquo;en toucher \u00a0un journaliste pour un article. Il y a donc beaucoup d&rsquo;hommes frustr\u00e9s et insatisfaits. Les jeux suffiront-ils \u00e0 \u00e9vacuer ces tensions exacerb\u00e9es et refoul\u00e9es? Peut-\u00eatre; le porno a certainement\u00a0 pes\u00e9 sur les relations sexuelles, au point que bien des hommes sont moins int\u00e9ress\u00e9s par la pratique en situation r\u00e9elle.<\/span><\/p>\n<p style=\"text-align: justify;\"><span style=\"font-family: times new roman, times, serif; font-size: 14pt;\">\u00a0Ce n&rsquo;est pas dans l&rsquo;int\u00e9r\u00eat de l&rsquo;humanit\u00e9, tout \u00e7a. Pour le genre humain, il vaut mieux que les hommes soient int\u00e9ress\u00e9s par les femmes et fassent preuve de bravoure au service de l&rsquo;humanit\u00e9 pour gagner l&rsquo;amour de celles-ci. Mais pour les gens qui se consid\u00e8rent comme nos ma\u00eetres, il y a d&rsquo;autres priorit\u00e9s. Ils veulent avoir des troupeaux calmes, de vaches et de boeufs, car les taureaux sont des fauteurs de troubles. Cette comparaison est cependant biais\u00e9e, parce que nous les humains ne sommes pas des herbivores, nous sommes plus rebelles, plus intelligents, et nous avons de la suite dans les id\u00e9es.<\/span><\/p>\n<p style=\"text-align: justify;\"><span style=\"font-family: times new roman, times, serif; font-size: 14pt;\">Pour \u00e9touffer notre esprit d&rsquo;insoumission, nos aspirants \u00e0 la domination inventent des pi\u00e8ges et des d\u00e9rivatifs frelat\u00e9s. <a href=\"http:\/\/www.palestine-solidarite.org\/analyses.israel_shamir.070219.htm\">Greta Thunberg<\/a> et ses rassemblements contre le r\u00e9chauffement climatique fournissent ainsi des exutoires bidon pour la r\u00e9volte. Les <a href=\"https:\/\/www.egaliteetreconciliation.fr\/Gilets-Jaunes-la-fin-de-la-dystopie-53235.html\">Gilets jaunes<\/a> en France eux sont en train de fomenter une r\u00e9bellion r\u00e9elle, et c&rsquo;est la raison pour laquelle les m\u00e9dias les diabolisent.<\/span><\/p>\n<p style=\"text-align: justify;\"><span style=\"font-family: times new roman, times, serif; font-size: 14pt;\">Notre soci\u00e9t\u00e9 devrait \u00eatre r\u00e9organis\u00e9e de fa\u00e7on \u00e0 ce que les hommes jeunes puissent r\u00e9aliser des exploits bien r\u00e9els. Ils veulent sauver le monde, et tout ce qu&rsquo;on leur offre, c&rsquo;est des hamburgers \u00e0 faire sauter ou des manettes pour jouer.<\/span><\/p>\n<p style=\"text-align: justify;\"><span style=\"font-family: times new roman, times, serif; font-size: 14pt;\">Ce d\u00e9sir de sauver le monde est \u00e9vident, dans le Manifeste de Tarrant. il d\u00e9crit le monde dans lequel avec d&rsquo;autres jeunes travailleurs ils se retrouvent \u00e9cart\u00e9s, et m\u00eame si la solution qu&rsquo;il propose (le terrorisme) n&rsquo;est pas la bonne, le probl\u00e8me, lui, est bien r\u00e9el. Il voit les gens se faire remplacer par les immigrants, et il cherche quoi faire avec. Le remplacement est bien r\u00e9el, mais les coupables ne sont pas les immigrants qu&rsquo;on lui substitue \u00e0 son poste. Ce sont les gens qui organisent le remplacement, qui bombardent les pays musulmans de fa\u00e7on \u00e0 rendre la vie impossible aux habitants du Moyen Orient et de l&rsquo;Afrique du nord, r\u00e9gions jadis prop\u00e8res, ceux qui am\u00e8nent les r\u00e9fugi\u00e9s en Europe (et dans l&rsquo;extr\u00eame Europe que sont l&rsquo;Australie et la Nouvelle-Z\u00e9lande), ceux qui vous endocctrinent sur le th\u00e8me de la x\u00e9nophobie au lieu de d\u00e9noncer le moteur que constitue la rapacit\u00e9.<\/span><\/p>\n<p style=\"text-align: justify;\"><span style=\"font-family: times new roman, times, serif; font-size: 14pt;\">De fait, Tarrant en est bien conscient. Il avait \u00e9crit dans son Manifeste <\/span><span style=\"font-family: times new roman, times, serif; font-size: 14pt;\">:<\/span><\/p>\n<p>&nbsp;<\/p>\n<p style=\"text-align: justify; padding-left: 90px;\"><span style=\"font-family: times new roman, times, serif; font-size: 14pt;\"><em>\u00ab Le plus gros facteur pour l&rsquo;importation de non Europ\u00e9ens en Europe est cet appel d&rsquo;air et cette volont\u00e9 d&rsquo;acqu\u00e9rir de la force de travail bon march\u00e9.\u00a0Rien n&rsquo;attire plus l&rsquo;invasion et rien n&rsquo;est plus urgent \u00e0 bloquer que cette rapacit\u00e9 qui exige des travailleurs bon march\u00e9&#8230; Au final, la rapacit\u00e9 humaine et le besoin d&rsquo;augmenter leurs marges de profit chez les tenants du capital, c&rsquo;est ce qu&rsquo;il faut combattre et briser. \u00bb<\/em><\/span><\/p>\n<p>&nbsp;<\/p>\n<p style=\"text-align: justify;\"><span style=\"font-family: times new roman, times, serif; font-size: 14pt;\">Il a parfaitement raison sur ce coup-l\u00e0. L&rsquo;avarice du capital, toujours avide, devrait \u00eatre r\u00e9duite \u00e0 n\u00e9ant afin de sauver l&rsquo;humanit\u00e9, mais tuer des musulmans n&rsquo;est certes pas le bon moyen pour y parvenir.<\/span><\/p>\n<p style=\"text-align: justify;\"><span style=\"font-family: times new roman, times, serif; font-size: 14pt;\">On peut tr\u00e8s bien comprendre que Tarrant se fasse du souci \u00e0 propos de la faible natalit\u00e9 des Europ\u00e9ens, mais cela pour une seule raison: il consid\u00e8re incontournable la demande de main d&rsquo;\u0153uvre bon march\u00e9, et la course au chiffre d&rsquo;affaires. Or cela ne constitue nullement des n\u00e9cessit\u00e9s devant absolument \u00eatre satisfaites. Si la rapacit\u00e9 est fermement contr\u00f4l\u00e9e et vaincue, et que l&rsquo;immigration est bloqu\u00e9e, la population peut d\u00e9cliner doucement jusqu&rsquo;\u00e0 ce qu&rsquo;un nouvel \u00e9quilibre durable soit trouv\u00e9. Pendant un certain temps, la population va vieillir, c&rsquo;est vrai; mais c&rsquo;est l\u00e0 un effet temporaire. Nous ne sommes pas condamn\u00e9s \u00e0 avoir une population en croissance constante, ni des profits et des chiffres d&rsquo;affaires toujours en augmentation, ni des actions toujours \u00e0 la hausse, ni une expansion sans fin. Tout cela peut \u00eatre modifi\u00e9.<\/span><\/p>\n<p style=\"text-align: justify;\"><span style=\"font-family: times new roman, times, serif; font-size: 14pt;\">Et nous devrions nous y atteler, parce qu&rsquo;autrement, nos suppos\u00e9s \u00ab\u00a0ma\u00eetres\u00a0\u00bb vont organiser une effusion de sang g\u00e9ante, une nouvelle grande guerre afin de faire de millions de jeunes gens subissant des privations autant de Tarrant \u00e0 leur service, comme ils l&rsquo;ont fait en 1914 et en 1930.<\/span><\/p>\n<p style=\"text-align: justify;\"><span style=\"font-family: times new roman, times, serif; font-size: 14pt;\">L&rsquo;humanit\u00e9 va devoir tordre le cou \u00e0 l&rsquo;avarice et mettre en chantier un avenir meilleur, sans quoi elle se retournera contre elle-m\u00eame: elle est l\u00e0, la principale le\u00e7on \u00e0 tirer du massacre de Christchurch.<\/span><\/p>\n<p>&nbsp;<\/p>\n<p style=\"text-align: justify;\"><span style=\"font-family: times new roman, times, serif; font-size: 14pt;\"><em>Joindre Israel Shamir : <\/em><a href=\"mailto:adam@israelshamir.net\"><strong><em>adam@israelshamir.net<\/em><\/strong><\/a><\/span><\/p>\n<p style=\"text-align: justify;\"><span style=\"font-family: times new roman, times, serif; font-size: 14pt;\">Source\u00a0: <a href=\"http:\/\/plumenclume.org\/blog\/443-l-attentat-de-christchurch-revisite\">http:\/\/plumenclume.org\/blog\/443-l-attentat-de-christchurch-revisite<\/a><\/span><\/p>\n<p style=\"text-align: justify;\"><span style=\"font-family: times new roman, times, serif; font-size: 14pt;\">Source d\u2019oirigine : <a href=\"http:\/\/www.unz.com\/ishamir\/christchurch-revisited\/\"><strong><em>The Unz Review<\/em><\/strong><\/a><\/span><\/p>\n<p style=\"text-align: justify;\"><span style=\"font-family: times new roman, times, serif; font-size: 14pt;\"><strong><em><u>\u00a0<\/u><\/em><\/strong><\/span><\/p>\n<p>&nbsp;<\/p>\n<p style=\"text-align: center;\"><img loading=\"lazy\" class=\"alignnone size-full wp-image-3465\" src=\"http:\/\/blog.lesgrossesorchadeslesamplesthalameges.fr\/wp-content\/uploads\/2019\/03\/Petit-gilet.gif\" alt=\"\" width=\"75\" height=\"75\" \/><\/p>\n<p>&nbsp;<\/p>\n<p>&nbsp;<\/p>\n<p style=\"text-align: right;\"><span style=\"font-family: comic sans ms, sans-serif;\">23 mars 2019<\/span><\/p>\n<p>&nbsp;<\/p>\n","protected":false},"excerpt":{"rendered":"<p>&nbsp; &nbsp; &nbsp; &nbsp; &nbsp; L&rsquo;attentat de Christchurch revisit\u00e9 &nbsp; Isra\u00ebl Shamir \u2013 Entre la plume et l\u2019enclume \u2013 21.3.2019 Traduction\u00a0: Maria Poumier \u00a0 \u00a0 &nbsp; &nbsp; Pas la peine d&rsquo;\u00eatre un nationaliste blanc pour commettre un meurtre de masse dans un lieu de culte comme \u00e0 Christchurch, quoique, si vous ne lisez que les&#8230;<\/p>\n","protected":false},"author":1,"featured_media":0,"parent":0,"menu_order":0,"comment_status":"open","ping_status":"open","template":"","meta":[],"_links":{"self":[{"href":"https:\/\/blog.lesgrossesorchadeslesamplesthalameges.fr\/index.php\/wp-json\/wp\/v2\/pages\/3508"}],"collection":[{"href":"https:\/\/blog.lesgrossesorchadeslesamplesthalameges.fr\/index.php\/wp-json\/wp\/v2\/pages"}],"about":[{"href":"https:\/\/blog.lesgrossesorchadeslesamplesthalameges.fr\/index.php\/wp-json\/wp\/v2\/types\/page"}],"author":[{"embeddable":true,"href":"https:\/\/blog.lesgrossesorchadeslesamplesthalameges.fr\/index.php\/wp-json\/wp\/v2\/users\/1"}],"replies":[{"embeddable":true,"href":"https:\/\/blog.lesgrossesorchadeslesamplesthalameges.fr\/index.php\/wp-json\/wp\/v2\/comments?post=3508"}],"version-history":[{"count":0,"href":"https:\/\/blog.lesgrossesorchadeslesamplesthalameges.fr\/index.php\/wp-json\/wp\/v2\/pages\/3508\/revisions"}],"wp:attachment":[{"href":"https:\/\/blog.lesgrossesorchadeslesamplesthalameges.fr\/index.php\/wp-json\/wp\/v2\/media?parent=3508"}],"curies":[{"name":"wp","href":"https:\/\/api.w.org\/{rel}","templated":true}]}}