{"id":3562,"date":"2019-03-29T23:51:16","date_gmt":"2019-03-29T22:51:16","guid":{"rendered":"http:\/\/blog.lesgrossesorchadeslesamplesthalameges.fr\/?page_id=3562"},"modified":"2019-03-30T01:51:52","modified_gmt":"2019-03-30T00:51:52","slug":"loctroi-par-trump-du-golan-a-israel-un-acte-de-brigandage","status":"publish","type":"page","link":"https:\/\/blog.lesgrossesorchadeslesamplesthalameges.fr\/index.php\/loctroi-par-trump-du-golan-a-israel-un-acte-de-brigandage\/","title":{"rendered":"L&rsquo;octroi par Trump du Golan \u00e0 Isra\u00ebl : un acte de brigandage"},"content":{"rendered":"<p>&nbsp;<\/p>\n<p>&nbsp;<\/p>\n<p>&nbsp;<\/p>\n<p>&nbsp;<\/p>\n<p>&nbsp;<\/p>\n<p style=\"text-align: center;\"><span style=\"font-family: times new roman, times, serif; font-size: 36pt;\"><strong>L\u2019Octroi par Trump, des hauteurs du Golan \u00e0 Isra\u00ebl\u00a0: \u00ab\u00a0un acte de brigandage\u00a0\u00bb<\/strong><\/span><\/p>\n<p>&nbsp;<\/p>\n<p style=\"text-align: center;\"><span style=\"font-family: times new roman, times, serif; font-size: 18pt;\"><strong>George Galloway \u2013 <em>RT World News<\/em> \u2013 25.3.2019<\/strong><\/span><\/p>\n<p style=\"text-align: center;\"><span style=\"font-family: times new roman, times, serif; font-size: 18pt;\"><strong>\u00a0<\/strong><\/span><\/p>\n<p>&nbsp;<\/p>\n<p><img loading=\"lazy\" class=\"aligncenter wp-image-3740\" src=\"http:\/\/blog.lesgrossesorchadeslesamplesthalameges.fr\/wp-content\/uploads\/2019\/03\/Golan-1-1-300x169.jpg\" alt=\"\" width=\"600\" height=\"337\" srcset=\"https:\/\/blog.lesgrossesorchadeslesamplesthalameges.fr\/wp-content\/uploads\/2019\/03\/Golan-1-1-300x169.jpg 300w, https:\/\/blog.lesgrossesorchadeslesamplesthalameges.fr\/wp-content\/uploads\/2019\/03\/Golan-1-1-768x432.jpg 768w, https:\/\/blog.lesgrossesorchadeslesamplesthalameges.fr\/wp-content\/uploads\/2019\/03\/Golan-1-1.jpg 980w\" sizes=\"(max-width: 600px) 100vw, 600px\" \/><\/p>\n<p>&nbsp;<\/p>\n<p style=\"text-align: justify;\"><strong>\u00a0<\/strong><\/p>\n<p style=\"text-align: justify;\"><span style=\"font-size: 14pt; font-family: tahoma, arial, helvetica, sans-serif;\"><strong>L\u2019octroi, par Trump des hauteurs du Golan \u00e0 Isra\u00ebl est \u00ab\u00a0un acte de brigandage\u00a0\u00bb a d\u00e9clar\u00e9 \u00e0 RT l\u2019ancien d\u00e9put\u00e9 du Parti Travailliste, George Galloway. La d\u00e9claration de Trump a \u00e9t\u00e9 condamn\u00e9e dans le monde arabe.<\/strong><\/span><\/p>\n<p style=\"text-align: justify;\"><strong>\u00a0<\/strong><\/p>\n<p style=\"text-align: justify;\">Lundi, Trump a sign\u00e9 une d\u00e9claration reconnaissant la souverainet\u00e9 d\u2019Isra\u00ebl sur le plateau syrien du Golan, envahi lors de la Guerre des Six Jours de 1967. Cette d\u00e9cision a \u00e9t\u00e9 qualifi\u00e9e, par le Premier ministre isra\u00e9lien Benjamin Netanyahou, de <em>\u00ab\u00a0justice historique\u00a0\u00bb<\/em> et de <em>\u00ab\u00a0victoire diplomatique\u00a0\u00bb<\/em>. Et ce, en d\u00e9pit du fait que l\u2019ONU ait d\u00e9clar\u00e9 l\u2019occupation des hauteurs du Golan par Isra\u00ebl <em>\u00ab\u00a0nulle et non avenue\u00a0\u00bb<\/em> et la Ligue Arabe <em>\u00ab\u00a0en violation compl\u00e8te du droit international\u00a0\u00bb.<\/em><\/p>\n<p style=\"text-align: justify;\">Galloway voit dans la d\u00e9claration de Trump<em> \u00ab\u00a0un acte de brigandage, qui envoie au monde entier le message clair que les USA se fichent du droit international et des trait\u00e9s, et ne consid\u00e8rent que la force\u00a0\u00bb<\/em><\/p>\n<p style=\"text-align: justify;\">Il est significatif que, pour Isra\u00ebl, les hauteurs du Golan sont l\u2019une des trois seules sources d\u2019eau douce qui alimentent l\u2019aride \u00e9tat juif. Plus significatif encore, peut-\u00eatre, pour les int\u00e9r\u00eats d\u2019Isra\u00ebl et des \u00c9tats-Unis, la r\u00e9gion abrite \u00e9galement d\u2019importantes r\u00e9serves de p\u00e9trole, d\u00e9couvertes en 2015. La compagnie p\u00e9troli\u00e8re am\u00e9ricaine Genie, par le biais de sa filiale isra\u00e9lienne, a re\u00e7u les droits d\u2019exploration exclusifs qui lui permettront de forer dans la zone occup\u00e9e, chose dont elle avait \u00e9t\u00e9 emp\u00each\u00e9e jusqu\u2019\u00e0 pr\u00e9sent par un seul petit d\u00e9tail\u00a0: l\u2019occupation du territoire est ill\u00e9gale en droit international.<\/p>\n<p style=\"text-align: justify;\"><em>\u00ab\u00a0Les USA endosseront n\u2019importe quel crime isra\u00e9lien tant que leurs int\u00e9r\u00eats imp\u00e9rialistes dans le monde arabe y seront d\u00e9fendus\u00a0\u00bb<\/em> a dit Galloway \u00e0 RT. <em>\u00ab\u00a0Les r\u00e9serves p\u00e9troli\u00e8res du Golan sont d\u00e9j\u00e0 en train d\u2019\u00eatre pill\u00e9es en violation du droit international, pour l\u2019enrichissement exponentiel d\u2019hommes d\u2019affaires occidentaux.\u00a0\u00bb<\/em><\/p>\n<p style=\"text-align: justify;\">Mais les hauteurs du Golan sont la terre natale de quelque 27.000 Syriens, qui sont peu susceptibles de se plier aux diktats de l\u2019administration Trump. <em>\u00ab\u00a0Le Golan sera toujours syrien, et aucun caprice de pr\u00e9sident US \u2013 l\u00e0 aujourd\u2019hui, plus l\u00e0 demain \u2013 ne peut changer cela.\u00a0\u00bb <\/em>a encore dit Galloway.<\/p>\n<p style=\"text-align: justify;\">Le ministre syrien des Affaires \u00e9trang\u00e8res, quant \u00e0 lui, a qualifi\u00e9 la d\u00e9marche de Trump d\u2019<em>attaque flagrante <\/em>contre la souverainet\u00e9 syrienne, de <em>gifle <\/em>\u00e0 la communaut\u00e9 internationale, et d\u2019un pas de plus dans la <em>conspiration <\/em>pour <em>liquider la question palestinienne<\/em>.<\/p>\n<p>&nbsp;<\/p>\n<p>Source\u00a0: <a href=\"https:\/\/www.rt.com\/news\/454734-trump-golan-heights-george-galloway\/\">https:\/\/www.rt.com\/news\/454734-trump-golan-heights-george-galloway\/<\/a><\/p>\n<p style=\"text-align: left;\"><strong>URL de cet article\u00a0:<\/strong> <a href=\"http:\/\/blog.lesgrossesorchadeslesamplesthalameges.fr\/index.php\/loctroi-par-trump-du-golan-a-israel-un-acte-de-brigandage\/\">http:\/\/blog.lesgrossesorchadeslesamplesthalameges.fr\/index.php\/loctroi-par-trump-du-golan-a-israel-un-acte-de-brigandage\/<\/a> <strong><br \/>\n<\/strong><\/p>\n<p><strong>\u00a0<\/strong><\/p>\n<p style=\"text-align: right;\">Traduction\u00a0: c.l. pour Les Grosses Orchades<\/p>\n<p>&nbsp;<\/p>\n<p>&nbsp;<\/p>\n<p style=\"text-align: center;\"><img loading=\"lazy\" class=\"alignnone size-full wp-image-3646\" src=\"http:\/\/blog.lesgrossesorchadeslesamplesthalameges.fr\/wp-content\/uploads\/2019\/03\/1.-Aigle-au-chapeau-1.gif\" alt=\"\" width=\"51\" height=\"75\" \/><\/p>\n<p>&nbsp;<\/p>\n<p>&nbsp;<\/p>\n<p style=\"text-align: right;\"><span style=\"font-size: 14pt; font-family: comic sans ms, sans-serif;\">28 mars 2019<\/span><\/p>\n<p>&nbsp;<\/p>\n<p>&nbsp;<\/p>\n","protected":false},"excerpt":{"rendered":"<p>&nbsp; &nbsp; &nbsp; &nbsp; &nbsp; L\u2019Octroi par Trump, des hauteurs du Golan \u00e0 Isra\u00ebl\u00a0: \u00ab\u00a0un acte de brigandage\u00a0\u00bb &nbsp; George Galloway \u2013 RT World News \u2013 25.3.2019 \u00a0 &nbsp; &nbsp; \u00a0 L\u2019octroi, par Trump des hauteurs du Golan \u00e0 Isra\u00ebl est \u00ab\u00a0un acte de brigandage\u00a0\u00bb a d\u00e9clar\u00e9 \u00e0 RT l\u2019ancien d\u00e9put\u00e9 du Parti Travailliste, George&#8230;<\/p>\n","protected":false},"author":1,"featured_media":0,"parent":0,"menu_order":0,"comment_status":"open","ping_status":"open","template":"","meta":[],"_links":{"self":[{"href":"https:\/\/blog.lesgrossesorchadeslesamplesthalameges.fr\/index.php\/wp-json\/wp\/v2\/pages\/3562"}],"collection":[{"href":"https:\/\/blog.lesgrossesorchadeslesamplesthalameges.fr\/index.php\/wp-json\/wp\/v2\/pages"}],"about":[{"href":"https:\/\/blog.lesgrossesorchadeslesamplesthalameges.fr\/index.php\/wp-json\/wp\/v2\/types\/page"}],"author":[{"embeddable":true,"href":"https:\/\/blog.lesgrossesorchadeslesamplesthalameges.fr\/index.php\/wp-json\/wp\/v2\/users\/1"}],"replies":[{"embeddable":true,"href":"https:\/\/blog.lesgrossesorchadeslesamplesthalameges.fr\/index.php\/wp-json\/wp\/v2\/comments?post=3562"}],"version-history":[{"count":0,"href":"https:\/\/blog.lesgrossesorchadeslesamplesthalameges.fr\/index.php\/wp-json\/wp\/v2\/pages\/3562\/revisions"}],"wp:attachment":[{"href":"https:\/\/blog.lesgrossesorchadeslesamplesthalameges.fr\/index.php\/wp-json\/wp\/v2\/media?parent=3562"}],"curies":[{"name":"wp","href":"https:\/\/api.w.org\/{rel}","templated":true}]}}