{"id":3900,"date":"2019-04-13T23:36:19","date_gmt":"2019-04-13T21:36:19","guid":{"rendered":"http:\/\/blog.lesgrossesorchadeslesamplesthalameges.fr\/?page_id=3900"},"modified":"2019-04-14T16:58:34","modified_gmt":"2019-04-14T14:58:34","slug":"la-geste-des-gilets-petit-chapitre-musical","status":"publish","type":"page","link":"https:\/\/blog.lesgrossesorchadeslesamplesthalameges.fr\/index.php\/la-geste-des-gilets-petit-chapitre-musical\/","title":{"rendered":"La geste des Gilets &#8211; Petit chapitre musical"},"content":{"rendered":"<p>&nbsp;<\/p>\n<p>&nbsp;<\/p>\n<p>&nbsp;<\/p>\n<p>&nbsp;<\/p>\n<p>&nbsp;<\/p>\n<p style=\"text-align: center;\"><span style=\"font-family: times new roman, times, serif; font-size: 54pt; color: #c00000;\">La geste des Gilets<\/span><\/p>\n<p>&nbsp;<\/p>\n<p style=\"text-align: center;\"><strong><img loading=\"lazy\" class=\"alignnone wp-image-3867\" src=\"http:\/\/blog.lesgrossesorchadeslesamplesthalameges.fr\/wp-content\/uploads\/2019\/04\/GILET-1.gif\" alt=\"\" width=\"100\" height=\"100\" \/><\/strong><\/p>\n<p>&nbsp;<\/p>\n<p style=\"text-align: center;\"><span style=\"font-family: times new roman, times, serif; font-size: 36pt;\"><strong>Petit chapitre musical<\/strong><\/span><\/p>\n<p>&nbsp;<\/p>\n<p><span style=\"font-family: times new roman, times, serif; font-size: 14pt;\"><strong>\u00a0<\/strong><\/span><\/p>\n<p style=\"text-align: center;\"><span style=\"font-family: times new roman, times, serif; font-size: 18pt;\"><strong>On l\u00e2che rien\u00a0!<\/strong><\/span><\/p>\n<p style=\"text-align: center;\"><span style=\"font-family: times new roman, times, serif; font-size: 14pt;\"><strong>\u00a0<\/strong><\/span><\/p>\n<p style=\"text-align: center;\"><span style=\"font-family: times new roman, times, serif; font-size: 14pt;\"><iframe loading=\"lazy\" src=\"\/\/www.youtube.com\/embed\/d7mK0n_048E\" width=\"560\" height=\"315\" frameborder=\"0\" allowfullscreen=\"allowfullscreen\"><\/iframe><\/span><\/p>\n<p style=\"text-align: center;\"><span style=\"font-family: times new roman, times, serif; font-size: 14pt;\"><a href=\"https:\/\/www.youtube.com\/watch?v=d7mK0n_048E\">https:\/\/www.youtube.com\/watch?v=d7mK0n_048E<\/a><\/span><\/p>\n<p>&nbsp;<\/p>\n<p>&nbsp;<\/p>\n<p style=\"text-align: center;\"><span style=\"font-family: times new roman, times, serif; font-size: 18pt;\"><strong>Mon vieux Macron<\/strong><\/span><\/p>\n<p style=\"text-align: center;\"><span style=\"font-family: times new roman, times, serif; font-size: 14pt;\"><strong>\u00a0<\/strong><\/span><\/p>\n<p style=\"text-align: center;\"><span style=\"font-family: times new roman, times, serif; font-size: 14pt;\"><iframe loading=\"lazy\" src=\"\/\/www.youtube.com\/embed\/d2kNF1LiTvg\" width=\"560\" height=\"315\" frameborder=\"0\" allowfullscreen=\"allowfullscreen\"><\/iframe><\/span><\/p>\n<p style=\"text-align: center;\"><span style=\"font-family: times new roman, times, serif; font-size: 14pt;\"><a href=\"https:\/\/www.youtube.com\/watch?v=d2kNF1LiTvg\">https:\/\/www.youtube.com\/watch?v=d2kNF1LiTvg<\/a><\/span><\/p>\n<p>&nbsp;<\/p>\n<p>&nbsp;<\/p>\n<p style=\"text-align: center;\"><span style=\"font-family: times new roman, times, serif; font-size: 18pt;\"><strong>Les gilets du c\u0153ur<\/strong><\/span><\/p>\n<p>&nbsp;<\/p>\n<p style=\"text-align: center;\"><span style=\"font-family: times new roman, times, serif; font-size: 14pt;\"><iframe loading=\"lazy\" src=\"\/\/www.youtube.com\/embed\/N6WpkiIGdOc\" width=\"560\" height=\"315\" frameborder=\"0\" allowfullscreen=\"allowfullscreen\"><\/iframe><\/span><\/p>\n<p style=\"text-align: center;\"><span style=\"font-family: times new roman, times, serif; font-size: 14pt;\"><a href=\"https:\/\/www.youtube.com\/watch?v=N6WpkiIGdOc\">https:\/\/www.youtube.com\/watch?v=N6WpkiIGdOc<\/a><\/span><\/p>\n<p style=\"text-align: center;\"><span style=\"font-family: times new roman, times, serif; font-size: 14pt;\"><strong>\u00a0<\/strong><\/span><\/p>\n<p style=\"text-align: center;\"><span style=\"font-family: times new roman, times, serif; font-size: 14pt;\"><strong>\u00a0<\/strong><\/span><\/p>\n<p style=\"text-align: center;\"><span style=\"font-family: times new roman, times, serif; font-size: 18pt;\"><strong>Pauvre petit c\u2026<\/strong><\/span><\/p>\n<p style=\"text-align: center;\"><span style=\"font-family: times new roman, times, serif; font-size: 14pt;\">(52 ans et pas une ride\u00a0! Par Jean Ferrat lui-m\u00eame. Extrait de l\u2019album <em>Cuba s<\/em><em>\u00ed<\/em>, 1967)<\/span><\/p>\n<p>&nbsp;<\/p>\n<p style=\"text-align: center;\"><span style=\"font-family: times new roman, times, serif; font-size: 14pt;\"><iframe loading=\"lazy\" src=\"\/\/www.youtube.com\/embed\/OxTKbI48XTw\" width=\"560\" height=\"315\" frameborder=\"0\" allowfullscreen=\"allowfullscreen\"><\/iframe><\/span><\/p>\n<p style=\"text-align: center;\"><span style=\"font-family: times new roman, times, serif; font-size: 14pt;\"><a href=\"https:\/\/www.youtube.com\/watch?v=OxTKbI48XTw\">https:\/\/www.youtube.com\/watch?v=OxTKbI48XTw<\/a><\/span><\/p>\n<p>&nbsp;<\/p>\n<p style=\"text-align: left;\"><span style=\"font-family: times new roman, times, serif; font-size: 14pt;\"><strong><span style=\"color: #c00000; font-size: 24pt;\"><em>Et au diable l&rsquo;avarice ! <\/em><\/span><br \/>\n<\/strong><\/span><\/p>\n<p>&nbsp;<\/p>\n<p style=\"padding-left: 60px;\"><span style=\"font-family: times new roman, times, serif; font-size: 18pt;\"><strong>Les paroles\u00a0:<\/strong><\/span><\/p>\n<p style=\"padding-left: 90px;\"><span style=\"font-family: times new roman, times, serif; font-size: 14pt;\"><strong>On parle de vous sans cesse<br \/>\nDe vos opinions<br \/>\nVos voitures vos ma\u00eetresses<br \/>\nVos clubs en renom<br \/>\nVous avez pour vous la presse<br \/>\nLa t\u00e9l\u00e9vision<br \/>\nVous vous dites la jeunesse<br \/>\nPauvres petits c&#8230;<br \/>\nVous vous dites la jeunesse<br \/>\nPauvres petits cons<br \/>\n<\/strong><\/span><\/p>\n<p style=\"padding-left: 90px;\"><span style=\"font-family: times new roman, times, serif; font-size: 14pt;\"><strong>Fils de bourgeois ordinaires<br \/>\nFils de Dieu sait qui<br \/>\nVous mettez les pieds sur terre<br \/>\nTout vous est acquis<br \/>\nSurtout le droit de vous taire<br \/>\nPour parler au nom<br \/>\nDe la jeunesse ouvri\u00e8re<br \/>\nPauvres petits c&#8230;<br \/>\nDe la jeunesse ouvri\u00e8re<br \/>\nPauvres petits cons<br \/>\n<\/strong><\/span><\/p>\n<p style=\"padding-left: 90px;\"><span style=\"font-family: times new roman, times, serif; font-size: 14pt;\"><strong>Vos guitares vos idoles<br \/>\nEt vos James Bond<br \/>\nJe m&rsquo;en contre-foutrais comme<br \/>\nDe colin-tampon<br \/>\nSi celui-ci que l&rsquo;on berne<br \/>\nN&rsquo;prenait pour de bon<br \/>\nVos vessies pour des lanternes<br \/>\nPauvres petits c&#8230;<br \/>\nVos vessies pour des lanternes<br \/>\nPauvres petits cons<br \/>\n<\/strong><\/span><\/p>\n<p style=\"padding-left: 90px;\"><span style=\"font-family: times new roman, times, serif; font-size: 14pt;\"><strong>Quand le temps de vos col\u00e8res<br \/>\nQuand vos contorsions<br \/>\nNe seront plus qu&rsquo;\u00e9ph\u00e9m\u00e8res<br \/>\nEt vieilles illusions<br \/>\nFils de bourgeois ordinaires<br \/>\nPour qui nous savons<br \/>\nVous voterez comme vos p\u00e8res<br \/>\nPauvres petits c&#8230;<br \/>\nVous voterez comme vos p\u00e8res<br \/>\nPauvres petits cons<br \/>\n<\/strong><\/span><\/p>\n<p style=\"padding-left: 90px;\"><span style=\"font-family: times new roman, times, serif; font-size: 14pt;\"><strong>Je n&rsquo;partirai pas en guerre<br \/>\nContre vos moulins<br \/>\nSi \u00e0 la prochaine guerre<br \/>\nLe fait est certain<br \/>\nQui se fera casser la gueule<br \/>\nPour vos opinions<br \/>\nC&rsquo;est encore nous ma parole<br \/>\nPauvres petits c&#8230;<br \/>\nC&rsquo;est encore nous ma parole<br \/>\nPauvres petits cons<br \/>\n<\/strong><\/span><\/p>\n<p style=\"padding-left: 90px;\"><span style=\"font-family: times new roman, times, serif; font-size: 14pt;\"><strong>Si votre papa fait mine<br \/>\nDe couper les fonds<br \/>\nSi vos petites combines<br \/>\nNe tournent plus rond<br \/>\nSi votre moi vous chagrine<br \/>\nPlus que de raison<br \/>\nIl y a des places en usine<br \/>\nPauvres petits c&#8230;<br \/>\nIl y a des places en usine<br \/>\nPauvres petits cons<\/strong><\/span><\/p>\n<p><span style=\"font-family: times new roman, times, serif; font-size: 14pt;\"><strong>\u00a0<\/strong><\/span><\/p>\n<p style=\"text-align: center;\"><span style=\"font-family: times new roman, times, serif; font-size: 14pt;\"><strong>\u00a0<img loading=\"lazy\" class=\"alignnone wp-image-3867\" src=\"http:\/\/blog.lesgrossesorchadeslesamplesthalameges.fr\/wp-content\/uploads\/2019\/04\/GILET-1.gif\" alt=\"\" width=\"100\" height=\"100\" \/><\/strong><\/span><\/p>\n<p><span style=\"font-family: times new roman, times, serif; font-size: 14pt;\"><strong>\u00a0<\/strong><\/span><\/p>\n<p style=\"text-align: right;\"><span style=\"font-family: comic sans ms, sans-serif; font-size: 14pt;\">13 avril 2019<\/span><\/p>\n","protected":false},"excerpt":{"rendered":"<p>&nbsp; &nbsp; &nbsp; &nbsp; &nbsp; La geste des Gilets &nbsp; &nbsp; Petit chapitre musical &nbsp; \u00a0 On l\u00e2che rien\u00a0! \u00a0 https:\/\/www.youtube.com\/watch?v=d7mK0n_048E &nbsp; &nbsp; Mon vieux Macron \u00a0 https:\/\/www.youtube.com\/watch?v=d2kNF1LiTvg &nbsp; &nbsp; Les gilets du c\u0153ur &nbsp; https:\/\/www.youtube.com\/watch?v=N6WpkiIGdOc \u00a0 \u00a0 Pauvre petit c\u2026 (52 ans et pas une ride\u00a0! Par Jean Ferrat lui-m\u00eame. Extrait de l\u2019album Cuba&#8230;<\/p>\n","protected":false},"author":1,"featured_media":0,"parent":0,"menu_order":0,"comment_status":"open","ping_status":"open","template":"","meta":[],"_links":{"self":[{"href":"https:\/\/blog.lesgrossesorchadeslesamplesthalameges.fr\/index.php\/wp-json\/wp\/v2\/pages\/3900"}],"collection":[{"href":"https:\/\/blog.lesgrossesorchadeslesamplesthalameges.fr\/index.php\/wp-json\/wp\/v2\/pages"}],"about":[{"href":"https:\/\/blog.lesgrossesorchadeslesamplesthalameges.fr\/index.php\/wp-json\/wp\/v2\/types\/page"}],"author":[{"embeddable":true,"href":"https:\/\/blog.lesgrossesorchadeslesamplesthalameges.fr\/index.php\/wp-json\/wp\/v2\/users\/1"}],"replies":[{"embeddable":true,"href":"https:\/\/blog.lesgrossesorchadeslesamplesthalameges.fr\/index.php\/wp-json\/wp\/v2\/comments?post=3900"}],"version-history":[{"count":0,"href":"https:\/\/blog.lesgrossesorchadeslesamplesthalameges.fr\/index.php\/wp-json\/wp\/v2\/pages\/3900\/revisions"}],"wp:attachment":[{"href":"https:\/\/blog.lesgrossesorchadeslesamplesthalameges.fr\/index.php\/wp-json\/wp\/v2\/media?parent=3900"}],"curies":[{"name":"wp","href":"https:\/\/api.w.org\/{rel}","templated":true}]}}