{"id":415,"date":"2018-11-04T17:31:05","date_gmt":"2018-11-04T16:31:05","guid":{"rendered":"http:\/\/blog.lesgrossesorchadeslesamplesthalameges.fr\/?page_id=415"},"modified":"2018-11-04T17:43:27","modified_gmt":"2018-11-04T16:43:27","slug":"la-belgique-a-t-elle-finance-des-milices","status":"publish","type":"page","link":"https:\/\/blog.lesgrossesorchadeslesamplesthalameges.fr\/index.php\/la-belgique-a-t-elle-finance-des-milices\/","title":{"rendered":"La Belgique a-t-elle financ\u00e9 des milices ?"},"content":{"rendered":"<p>&nbsp;<\/p>\n<p>&nbsp;<\/p>\n<p>&nbsp;<\/p>\n<p>&nbsp;<\/p>\n<p><span style=\"font-family: times new roman, times, serif; font-size: 18pt; color: #800080;\"><strong><em>On adore cette nouvelle mani\u00e8re de r\u00e9pondre aux questions en les posant\u2026<\/em><\/strong><\/span><\/p>\n<p>&nbsp;<\/p>\n<p style=\"text-align: center;\"><span style=\"font-family: times new roman, times, serif; font-size: 36pt;\"><strong>Libye : la Belgique a-t-elle financ\u00e9 des milices faisant du trafic d&rsquo;\u00eatres humains ?<\/strong><\/span><\/p>\n<p style=\"text-align: center;\"><span style=\"font-family: times new roman, times, serif;\"><strong><span style=\"font-size: 18pt;\"><em>RT France<\/em> \u2013<\/span><\/strong> <span style=\"font-size: 18pt;\">29.10.2018<\/span><\/span><\/p>\n<p>&nbsp;<\/p>\n<p>&nbsp;<\/p>\n<p style=\"text-align: center;\"><img loading=\"lazy\" class=\"alignnone wp-image-416\" src=\"http:\/\/blog.lesgrossesorchadeslesamplesthalameges.fr\/wp-content\/uploads\/2018\/11\/Trafic-belge-1-300x169.jpg\" alt=\"\" width=\"600\" height=\"337\" srcset=\"https:\/\/blog.lesgrossesorchadeslesamplesthalameges.fr\/wp-content\/uploads\/2018\/11\/Trafic-belge-1-300x169.jpg 300w, https:\/\/blog.lesgrossesorchadeslesamplesthalameges.fr\/wp-content\/uploads\/2018\/11\/Trafic-belge-1-768x432.jpg 768w, https:\/\/blog.lesgrossesorchadeslesamplesthalameges.fr\/wp-content\/uploads\/2018\/11\/Trafic-belge-1.jpg 790w\" sizes=\"(max-width: 600px) 100vw, 600px\" \/><\/p>\n<p style=\"text-align: center;\"><span style=\"font-family: times new roman, times, serif; font-size: 14pt;\"><strong><em>Des combattants alli\u00e9s au gouvernement libyen internationalement reconnu se battant contre un groupe arm\u00e9 \u00e0 Tripoli, le 22 septembre 2018<\/em><\/strong><\/span><\/p>\n<p>&nbsp;<\/p>\n<p style=\"text-align: justify;\"><span style=\"font-family: times new roman, times, serif; font-size: 14pt;\"><strong><em>\u00a0<\/em><\/strong><\/span><\/p>\n<p style=\"text-align: justify;\"><span style=\"font-family: times new roman, times, serif; font-size: 14pt;\">La Belgique est encore \u00e9clabouss\u00e9e dans l&rsquo;affaire des fonds gel\u00e9s de la Libye. Selon des informations publi\u00e9es par la RTBF, le royaume aurait contribu\u00e9 au financement de milices libyennes responsables de trafic d&rsquo;\u00eatres humains.<\/span><\/p>\n<p style=\"text-align: justify;\"><span style=\"font-family: times new roman, times, serif; font-size: 14pt;\">La r\u00e9daction de la Radio-T\u00e9l\u00e9vision belge francophone (RTBF) a <a href=\"https:\/\/www.rtbf.be\/info\/belgique\/detail_gel-des-avoirs-libyens-nouveau-scandale-d-etat?id=10056295\">men\u00e9 l&rsquo;enqu\u00eate<\/a> dans l&rsquo;affaire des fonds gel\u00e9s de feu\u00a0Mouammar Kadhafi\u00a0et rapporte que\u00a0l&rsquo;Etat belge aurait jou\u00e9 un r\u00f4le dans le financement de milices libyennes\u00a0coupables de trafic d&rsquo;\u00eatres humains.\u00a0<\/span><\/p>\n<p>&nbsp;<\/p>\n<p style=\"text-align: center;\"><img loading=\"lazy\" class=\"alignnone wp-image-417\" src=\"http:\/\/blog.lesgrossesorchadeslesamplesthalameges.fr\/wp-content\/uploads\/2018\/11\/Trafic-belge-2-1-300x168.jpg\" alt=\"\" width=\"500\" height=\"280\" srcset=\"https:\/\/blog.lesgrossesorchadeslesamplesthalameges.fr\/wp-content\/uploads\/2018\/11\/Trafic-belge-2-1-300x168.jpg 300w, https:\/\/blog.lesgrossesorchadeslesamplesthalameges.fr\/wp-content\/uploads\/2018\/11\/Trafic-belge-2-1.jpg 460w\" sizes=\"(max-width: 500px) 100vw, 500px\" \/><\/p>\n<p style=\"text-align: center;\"><span style=\"font-family: times new roman, times, serif; font-size: 14pt;\"><a href=\"https:\/\/francais.rt.com\/international\/53810-libye-pour-tromper-migrants-passeurs-se-deguiseraient-travailleurs-humanitaires\"><strong><em>Libye : pour tromper les migrants, des passeurs se d\u00e9guiseraient en travailleurs humanitaires<\/em><\/strong><\/a><\/span><\/p>\n<p>&nbsp;<\/p>\n<p style=\"text-align: justify;\"><span style=\"font-family: times new roman, times, serif; font-size: 14pt;\">Selon les informations recueillies par\u00a0le m\u00e9dia public belge aupr\u00e8s d&rsquo;une source \u00abproche du milieu des agents secrets\u00bb sous couvert d&rsquo;anonymat, les milices qui op\u00e8rent en Libye depuis la chute de Kadhafi en 2011 n&rsquo;ont gu\u00e8re eu de difficult\u00e9s \u00e0 s&rsquo;approvisionner en armements. \u00abCertains pays les ont ouvertement arm\u00e9s mais ils ont trouv\u00e9 l\u2019armement par d\u2019autres voies\u00bb, d\u00e9clare-t-elle.<em>\u00a0<\/em>Elle \u00e9voque \u00e9galement \u00abun ou deux scandales li\u00e9s \u00e0 des avions stopp\u00e9s sur l\u2019a\u00e9roport d\u2019Ostende [Bruges, Belgique] avec des armes \u00e0 l\u2019int\u00e9rieur\u00bb.<\/span><\/p>\n<p>&nbsp;<\/p>\n<p style=\"text-align: justify;\"><span style=\"font-family: times new roman, times, serif; font-size: 18pt;\"><strong>Trafics d&rsquo;\u00eatres humains<\/strong><\/span><\/p>\n<p style=\"text-align: justify;\"><span style=\"font-family: times new roman, times, serif; font-size: 14pt;\">Pour rappel, apr\u00e8s la mort du dirigeant libyen Mouammar Kadhafi en 2011, le Conseil de s\u00e9curit\u00e9 des Nations unies a impos\u00e9 le\u00a0gel des actions et obligations libyennes.<\/span><\/p>\n<p style=\"text-align: justify;\"><span style=\"font-family: times new roman, times, serif; font-size: 14pt;\">En Belgique, les avoirs libyens devaient \u00eatre\u00a0gel\u00e9s dans quatre banques : <strong>BNP Paribas-Fortis (43 millions), ING (376 millions), KBC (869 millions) et surtout Euroclear Bank (12,8 milliards).<\/strong> Pourtant, quelques ann\u00e9es plus tard,\u00a0selon la RTBF, il est apparu que les int\u00e9r\u00eats et dividendes n&rsquo;avaient pas \u00e9t\u00e9 gel\u00e9s et que d\u00e8s 2012, entre trois et cinq milliards d&rsquo;euros d&rsquo;int\u00e9r\u00eats et de dividendes avaient quitt\u00e9 des comptes belges, sans que l&rsquo;on sache exactement ce qu&rsquo;il est advenu de cet argent.<\/span><\/p>\n<p style=\"text-align: justify;\"><span style=\"font-family: times new roman, times, serif; font-size: 14pt;\">Il y a tout un march\u00e9 qui vise \u00e0 faire venir des migrants et \u00e0 engager des Nig\u00e9rianes dans des r\u00e9seaux de prostitution.<\/span><\/p>\n<p style=\"text-align: justify;\"><span style=\"font-family: times new roman, times, serif; font-size: 14pt;\"><a href=\"https:\/\/www.rtbf.be\/info\/belgique\/detail_gel-des-avoirs-libyens-la-belgique-a-viole-ses-obligations-selon-un-rapport-de-l-onu?id=10017171\">D\u00e9j\u00e0 d\u00e9but septembre, un rapport de l&rsquo;ONU<\/a> faisait \u00e9tat\u00a0de faits g\u00eanants pour l\u2019Etat belge. Le journal belge\u00a0<em>Le Vif<\/em>\u00a0r\u00e9v\u00e9lait qu&rsquo;en\u00a02012 et 2013,\u00a0des millions d&rsquo;euros d&rsquo;int\u00e9r\u00eats avaient quitt\u00e9 les comptes belges d&rsquo;Euroclear pour probablement atterrir aupr\u00e8s du fonds souverain Lybian Investment Authority (LIA). Or, selon le rapport onusien, cela \u00ab\u00a0va \u00e0 l\u2019encontre du r\u00e9gime des sanctions\u00a0\u00bb.<\/span><\/p>\n<p style=\"text-align: justify;\"><span style=\"font-family: times new roman, times, serif; font-size: 14pt;\">\u00ab\u00a0Dans ce rapport, on s\u2019aper\u00e7oit qu\u2019il y a un probl\u00e8me de trafic d\u2019armes pour alimenter des factions arm\u00e9es. Il y a tout un march\u00e9 qui vise \u00e0 faire venir des migrants et \u00e0 engager des Nig\u00e9rianes dans des r\u00e9seaux de prostitution. C\u2019est une entreprise mafieuse mais qui s\u2019appuie sur toutes les milices en question. Elles re\u00e7oivent des fonds ext\u00e9rieurs\u00a0\u00bb, commente pour la RTBF Robert Wtterwulghe, professeur \u00e9m\u00e9rite \u00e0 l&rsquo;Univesrit\u00e9 catholique de Louvain.<\/span><\/p>\n<p>&nbsp;<\/p>\n<p style=\"text-align: justify;\"><span style=\"font-family: times new roman, times, serif; font-size: 18pt;\"><strong>Financement de la guerre civile libyenne ?<\/strong><\/span><\/p>\n<p style=\"text-align: justify;\"><span style=\"font-family: times new roman, times, serif; font-size: 14pt;\">Des parlementaires belges ont interpell\u00e9 \u00e0 plusieurs reprises leur gouvernement sur cette question et un certain nombre d&rsquo;entre eux ont d\u00e9nonc\u00e9 le manque de r\u00e9ponse des autorit\u00e9s, parlant d&rsquo;\u00abune loi d&rsquo;omerta\u00bb et d&rsquo;\u00ab\u00a0un manque de transparence\u00a0\u00bb dans une affaire qui \u00ab\u00a0entache\u00bb la r\u00e9putation du royaume. Avec cette nouvelle r\u00e9v\u00e9lation, une explication du gouvernement belge\u00a0se fera d&rsquo;autant\u00a0plus attendre. En effet, selon la source anonyme de la RTBF, \u00ab\u00a0il s\u2019agit d\u2019un financement potentiel d\u2019une guerre civile depuis sept ans. Guerre civile qui a entra\u00een\u00e9 une crise migratoire majeure\u00a0\u00bb.<\/span><\/p>\n<p style=\"text-align: justify;\"><span style=\"font-family: times new roman, times, serif; font-size: 14pt;\">Le juge d&rsquo;instruction Michel Claise a \u00e9t\u00e9 saisi de l&rsquo;affaire. Une instruction est donc en cours mais, pour l&rsquo;heure, peu\u00a0d&rsquo;\u00e9l\u00e9ments filtrent \u00e0 ce sujet. Les\u00a0parlementaires\u00a0envisagent d&rsquo;entendre l\u00e0-dessus les experts du rapport de l&rsquo;ONU.\u00a0<\/span><\/p>\n<p style=\"text-align: left;\"><span style=\"font-family: times new roman, times, serif; font-size: 14pt;\">Source\u00a0: <\/span><a href=\"https:\/\/francais.rt.com\/international\/54972-libye-belgique-a-t-elle-finance-milices-trafic-etres-humains\"><span style=\"font-family: times new roman, times, serif; font-size: 14pt;\">https:\/\/francais.rt.com\/international\/54972-libye-belgique-a-t-elle-finance-milices-trafic-etres-humains<\/span><\/a><\/p>\n<p>&nbsp;<\/p>\n<p>&nbsp;<\/p>\n<p style=\"text-align: center;\"><img loading=\"lazy\" class=\"alignnone size-full wp-image-362\" src=\"http:\/\/blog.lesgrossesorchadeslesamplesthalameges.fr\/wp-content\/uploads\/2018\/11\/kleio-X-3.gif\" alt=\"\" width=\"75\" height=\"83\" \/><\/p>\n<p>&nbsp;<\/p>\n<p>&nbsp;<\/p>\n<p style=\"text-align: right;\"><span style=\"font-family: comic sans ms, sans-serif;\">Novembre 2018<\/span><\/p>\n<p>&nbsp;<\/p>\n<p>&nbsp;<\/p>\n<p>&nbsp;<\/p>\n","protected":false},"excerpt":{"rendered":"<p>&nbsp; &nbsp; &nbsp; &nbsp; On adore cette nouvelle mani\u00e8re de r\u00e9pondre aux questions en les posant\u2026 &nbsp; Libye : la Belgique a-t-elle financ\u00e9 des milices faisant du trafic d&rsquo;\u00eatres humains ? RT France \u2013 29.10.2018 &nbsp; &nbsp; Des combattants alli\u00e9s au gouvernement libyen internationalement reconnu se battant contre un groupe arm\u00e9 \u00e0 Tripoli, le 22&#8230;<\/p>\n","protected":false},"author":1,"featured_media":0,"parent":0,"menu_order":0,"comment_status":"closed","ping_status":"closed","template":"","meta":[],"_links":{"self":[{"href":"https:\/\/blog.lesgrossesorchadeslesamplesthalameges.fr\/index.php\/wp-json\/wp\/v2\/pages\/415"}],"collection":[{"href":"https:\/\/blog.lesgrossesorchadeslesamplesthalameges.fr\/index.php\/wp-json\/wp\/v2\/pages"}],"about":[{"href":"https:\/\/blog.lesgrossesorchadeslesamplesthalameges.fr\/index.php\/wp-json\/wp\/v2\/types\/page"}],"author":[{"embeddable":true,"href":"https:\/\/blog.lesgrossesorchadeslesamplesthalameges.fr\/index.php\/wp-json\/wp\/v2\/users\/1"}],"replies":[{"embeddable":true,"href":"https:\/\/blog.lesgrossesorchadeslesamplesthalameges.fr\/index.php\/wp-json\/wp\/v2\/comments?post=415"}],"version-history":[{"count":0,"href":"https:\/\/blog.lesgrossesorchadeslesamplesthalameges.fr\/index.php\/wp-json\/wp\/v2\/pages\/415\/revisions"}],"wp:attachment":[{"href":"https:\/\/blog.lesgrossesorchadeslesamplesthalameges.fr\/index.php\/wp-json\/wp\/v2\/media?parent=415"}],"curies":[{"name":"wp","href":"https:\/\/api.w.org\/{rel}","templated":true}]}}