{"id":4236,"date":"2019-04-22T22:35:41","date_gmt":"2019-04-22T20:35:41","guid":{"rendered":"http:\/\/blog.lesgrossesorchadeslesamplesthalameges.fr\/?page_id=4236"},"modified":"2019-04-22T22:35:41","modified_gmt":"2019-04-22T20:35:41","slug":"assange-enchaine","status":"publish","type":"page","link":"https:\/\/blog.lesgrossesorchadeslesamplesthalameges.fr\/index.php\/assange-enchaine\/","title":{"rendered":"Assange encha\u00een\u00e9"},"content":{"rendered":"<p>&nbsp;<\/p>\n<p>&nbsp;<\/p>\n<p>&nbsp;<\/p>\n<p>&nbsp;<\/p>\n<p>&nbsp;<\/p>\n<p>&nbsp;<\/p>\n<p style=\"text-align: center;\"><span style=\"font-family: times new roman, times, serif; font-size: 36pt;\"><strong>Assange encha\u00een\u00e9<\/strong><\/span><\/p>\n<p>&nbsp;<\/p>\n<p style=\"text-align: center;\"><span style=\"font-family: times new roman, times, serif; font-size: 18pt;\"><strong>Isra\u00ebl Shamir \u2013 <em>Entre la Plume et l\u2019enclume<\/em> \u2013 20.4.2019<\/strong><\/span><\/p>\n<p style=\"text-align: center;\"><span style=\"font-family: times new roman, times, serif; font-size: 18pt;\">Traduction<strong>\u00a0: c.l. et Maria Poumier<\/strong><\/span><\/p>\n<p>&nbsp;<\/p>\n<p>&nbsp;<\/p>\n<p style=\"text-align: center;\"><span style=\"font-family: times new roman, times, serif; font-size: 14pt;\"><strong><img loading=\"lazy\" class=\"alignnone wp-image-4177\" src=\"http:\/\/blog.lesgrossesorchadeslesamplesthalameges.fr\/wp-content\/uploads\/2019\/04\/Atlas_Typhoeus_Prometheus-300x300.png\" alt=\"\" width=\"500\" height=\"500\" srcset=\"https:\/\/blog.lesgrossesorchadeslesamplesthalameges.fr\/wp-content\/uploads\/2019\/04\/Atlas_Typhoeus_Prometheus-300x300.png 300w, https:\/\/blog.lesgrossesorchadeslesamplesthalameges.fr\/wp-content\/uploads\/2019\/04\/Atlas_Typhoeus_Prometheus-150x150.png 150w, https:\/\/blog.lesgrossesorchadeslesamplesthalameges.fr\/wp-content\/uploads\/2019\/04\/Atlas_Typhoeus_Prometheus.png 500w\" sizes=\"(max-width: 500px) 100vw, 500px\" \/>\u00a0<\/strong><\/span><\/p>\n<p style=\"text-align: justify;\"><span style=\"font-family: times new roman, times, serif; font-size: 14pt;\"><strong>\u00a0<\/strong><\/span><\/p>\n<p style=\"text-align: justify;\"><span style=\"font-family: times new roman, times, serif; font-size: 14pt;\"><strong>\u00a0<\/strong><\/span><\/p>\n<p style=\"text-align: justify;\"><span style=\"font-family: times new roman, times, serif; font-size: 14pt;\">Comme Prom\u00e9th\u00e9e, auquel il a \u00e9t\u00e9 compar\u00e9, Julian Assange n\u2019a pas \u00e9chapp\u00e9 \u00e0 la col\u00e8re des dieux autoproclam\u00e9s du \u00ab\u00a0<em>Deep State<\/em>\u00a0\u00bb. Apr\u00e8s sept ans de captivit\u00e9 entre les murs de l\u2019ambassade \u00e9quatorienne, l\u2019homme qui nous a mis en \u00e9tat de comprendre la politique internationale a \u00e9t\u00e9\u00a0 transf\u00e9r\u00e9 dans une autre et pire prison, le \u00ab\u00a0Guantanamo anglais\u00a0\u00bb, Belmarsh, en attendant son extradition vers une prison encore pire que celle-l\u00e0, dans l\u2019archipel des culs-de-basse-fosse de la CIA.<\/span><\/p>\n<p>&nbsp;<\/p>\n<p style=\"text-align: justify; padding-left: 120px;\"><span style=\"font-family: times new roman, times, serif; font-size: 14pt;\">\u00ab\u00a0Il n\u2019a pas \u00e9t\u00e9 arr\u00eat\u00e9 pour le bien de deux femmes en Su\u00e8de ni pour r\u00e9primer une infraction mineure suppos\u00e9e dans le cadre d&rsquo;une mise en libert\u00e9 sous caution. Il n\u2019a jamais \u00e9t\u00e9 question de la Su\u00e8de dans cette affaire ni de libert\u00e9 sous caution, ni m\u00eame de la fable discr\u00e9dit\u00e9e du Russiagate, comme n\u2019importe qui d\u2019un peu attentif a pu s\u2019en rendre compte. Il s\u2019agit du <em>Deep State<\/em> en action pour \u00e9craser Wikileaks et faire de son fondateur un exemple retentissant. Aujourd\u2019hui, tous les faux-semblants ont saut\u00e9 \u00bb, a \u00e9crit <a href=\"http:\/\/www.unz.com\/article\/after-7-years-of-deceptions-about-assange-the-us-readies-for-its-first-media-rendition\/\">Jonathan Cook<\/a>.<\/span><\/p>\n<p>&nbsp;<\/p>\n<p style=\"text-align: justify;\"><span style=\"font-family: times new roman, times, serif; font-size: 14pt;\">Le pr\u00e9sident Trump peut encore le sauver, ne f\u00fbt-ce que parce qu\u2019il devrait \u00e9prouver une \u00e9norme gratitude envers l\u2019homme qui l\u2019a port\u00e9 \u00e0 la Maison Blanche. Sans la publication, par Julian, des documents de la Convention \u00a0nationale d\u00e9mocrate, le public am\u00e9ricain n\u2019aurait pas su que la candidature Clinton n\u2019avait pu \u00eatre pouss\u00e9e que par tricherie, en an\u00e9antissant la candidature beaucoup plus d\u00e9fendable du s\u00e9nateur Bernie Sanders. Mais \u00a0jusqu\u2019\u00e0 pr\u00e9sent, Trump n\u2019est pas venu en aide \u00e0 un seul des hommes qui ont eu des ennuis pour l\u2019avoir aid\u00e9. N\u00e9anmoins, le Pr\u00e9sident US devrait savoir ce qui est bon pour lui.<\/span><\/p>\n<p style=\"text-align: justify;\"><span style=\"font-family: times new roman, times, serif; font-size: 14pt;\">Le transfert d\u2019Assange, de l\u2019ambassade \u00e0 la vraie prison, s\u2019est produit tout de suite apr\u00e8s que le Rapport Mueller se soit av\u00e9r\u00e9 un \u00e9chec. D\u00e8s que le <em>Deep State<\/em> a eu compris que le rapport Mueller \u00e9tait \u00e0 bout de souffle, il est pass\u00e9 \u00e0 l\u2019\u00e9tape suivante. Maintenant,\u00a0\u00ab\u00a0ils\u00a0\u00bb vont essayer de faire admettre \u00e0 Julian qu\u2019il a collabor\u00e9 avec la Russie, pour pouvoir r\u00e9-allumer la m\u00e8che du RussiaGate et destituer Trump au bout du compte.<\/span><\/p>\n<p style=\"text-align: justify;\"><span style=\"font-family: times new roman, times, serif; font-size: 14pt;\">Le premier signe annonciateur de cette nouvelle phase est venu avec l\u2019arrestation de Manning. Cet homme brave est pass\u00e9 en jugement, a \u00e9t\u00e9 condamn\u00e9, emprisonn\u00e9 et il a souffert des ann\u00e9es de terrible incarc\u00e9ration. Il n&rsquo;a pu sortir qu&rsquo;en acceptant de renoncer \u00e0 sa virilit\u00e9. Malgr\u00e9 cela, cette personne mentalement tortur\u00e9e a \u00e9t\u00e9 r\u00e9-arr\u00eat\u00e9e et renvoy\u00e9e en prison, cette fois pour une dur\u00e9e illimit\u00e9e, jusqu\u2019\u00e0 ce qu\u2019elle accepte de t\u00e9moigner contre Assange. Cette m\u00e9thode, h\u00e9rit\u00e9e de l\u2019arsenal de l\u2019Inquisition, a pu \u00eatre utilis\u00e9e sans d\u00e9clencher le moindre \u00a0toll\u00e9 public. Ses \u00ab\u00a0s\u0153urs\u00a0\u00bb r\u00e9centes, qui insistent si fort pour appeler Manning \u00ab\u00a0elle\u00a0\u00bb, n\u2019ont pas lev\u00e9 le petit doigt pour le sauver. Apr\u00e8s l\u2019arrestation de Manning, l\u2019arrestation d\u2019Assange \u00e9tait pr\u00e9visible. Trump devrait y faire attention, mieux\u00a0: il devrait sauver Assange et ainsi se sauver lui-m\u00eame.<\/span><\/p>\n<p style=\"text-align: justify;\"><span style=\"font-family: times new roman, times, serif; font-size: 14pt;\">Voir l\u2019arrestation de Julian m\u2019a rappel\u00e9 l\u2019arrestation de Saddam. Non qu\u2019il y ait beaucoup de similitudes entre le pr\u00e9sident irakien d\u00e9pos\u00e9 et le superbe fl\u00e9au de l\u2019Empire, mais c\u2019\u00e9tait la m\u00eame image des cheveux blancs \u00e9bouriff\u00e9s, de la barbe en broussaille, de l\u2019humiliante vuln\u00e9rabilit\u00e9 d\u2019un homme fort aux mains de ses ennemis, le m\u00eame regard d\u00e9sorient\u00e9. Il avait l\u2019air d\u2019un ermite arrach\u00e9 \u00e0 son ermitage, si diff\u00e9rent du jeune homme mince, \u00e9lanc\u00e9, net et plein de dynamisme qu\u2019il \u00e9tait il y a \u00e0 peine quelques ann\u00e9es, lorsqu\u2019il a accept\u00e9 l\u2019offre du Pr\u00e9sident de l\u2019\u00c9quateur. La prison est une exp\u00e9rience \u00e9pouvantable, m\u00eame si c\u2019est dans une jolie pi\u00e8ce d\u2019un h\u00f4tel particulier de Knightsbrige<\/span><\/p>\n<p style=\"text-align: justify;\"><span style=\"font-family: times new roman, times, serif; font-size: 14pt;\">Pourquoi s\u2019est-il pr\u00e9cipit\u00e9 dans cette impasse\u00a0? Ses amis ont essay\u00e9 de le persuader de se livrer \u00e0 la Su\u00e8de, estimant qu\u2019au pire, il sortirait au bout de six mois, mais lui, il disait que la Su\u00e8de ne le rel\u00e2cherait pas et l\u2019extraderait vers les USA. En fait, nous avons fini par d\u00e9couvrir que les Su\u00e9dois voulaient laisser tomber l\u2019affaire depuis longtemps, alors que les Britanniques, tortueux et perfides comme toujours, les poussaient \u00e0 persister tout en pr\u00e9tendant soutenir les int\u00e9r\u00eats de la Su\u00e8de. Maintenant, on voit qu\u2019il avait raison et que ceux qui le disaient parano\u00efaque avaient tort.<\/span><\/p>\n<p style=\"text-align: justify;\"><span style=\"font-family: times new roman, times, serif; font-size: 14pt;\">Les \u00ab\u00a0autorit\u00e9s\u00a0\u00bb ont une m\u00e9chante tactique : ils commencent par quelque chose de peu important, juste pour pouvoir s\u2019emparer de leur victime, apr\u00e8s quoi, ils d\u00e9roulent quelque chose de plus s\u00e9rieux. La police britannique a saisi Julian pour une broutille relevant de la libert\u00e9 sur parole; maintenant, ils vont pr\u00e9tendre l\u2019extrader pour une histoire de piratage\u00a0; une fois qu&rsquo;il sera aux \u00c9tats-Unis, il sera accus\u00e9 de trahison, d\u2019espionnage ou de quelque chose de ce genre.<\/span><\/p>\n<p style=\"text-align: justify;\"><span style=\"font-family: times new roman, times, serif; font-size: 14pt;\">Nous devons nous battre pour qu\u2019il soit rel\u00e2ch\u00e9. Il ne s\u2019agit pas seulement de sauver le h\u00e9ros du peuple, il s\u2019agit aussi d\u2019emp\u00eacher qu\u2019un nouveau <em>round<\/em> de Russiagate nous rapproche d\u2019une apocalypse nucl\u00e9aire. Comme mon nom a \u00e9t\u00e9 mentionn\u00e9 \u00e0 ce sujet, je le d\u00e9clare \u00e0 nouveau\u00a0: Julian n\u2019a eu aucun lien avec les Russes, il n\u2019a pas eu l\u2019intention d\u2019aller en Russie, la Russie n\u2019a pas eu besoin et n\u2019a pas eu l\u2019occasion de lui refuser l\u2019asile, et on peut lire <a href=\"http:\/\/plumenclume.org\/blog\/plumenclume.org\/blog\/361-la-longue-captivite-d-assange\">mon explication compl\u00e8te ici<\/a>.<\/span><\/p>\n<p style=\"text-align: justify;\"><span style=\"font-family: times new roman, times, serif; font-size: 14pt;\">Le <em>Deep State<\/em> veut \u00e9masculer Julian, comme il a \u00e9mascul\u00e9 Manning, comme il veut nous \u00e9masculer tous. La campagne contre Assange fait partie int\u00e9grante d\u2019une entreprise d\u2019\u00e9masculation de l\u2019humanit\u00e9. L\u2019Empire hait Poutine, pas seulement parce qu\u2019il ne l\u2019a pas laiss\u00e9 s\u2019emparer des richesses de son pays, il le hait aussi pour sa franche masculinit\u00e9. Eric Walberg, dans son <a href=\"https:\/\/www.amazon.com\/Postmodern-Imperialism-Geopolitics-Great-Games\/dp\/098335393X\"><em>Great Games<\/em><\/a><em>,<\/em> parle d\u2019une strat\u00e9gie plus profonde derri\u00e8re les r\u00e9volutions color\u00e9es\u00a0: leurs organisateurs \u00ab\u00a0ch\u00e2trent les \u00c9tats modernes\u00a0\u00bb, dans le but de les transformer en minus faiblards postmodernes. Cette castration est un plan important des \u00ab\u00a0ma\u00eetres du monde\u00a0\u00bb, bien plus profond que les empoignades \u00e9ph\u00e9m\u00e8res sur des gazoducs et des ressources. La d\u00e9faite de Julian Assange est une d\u00e9faite pour tous les hommes et une d\u00e9faite pour l\u2019humanit\u00e9, grosse d\u2019un avenir sinistre pour nous tous, \u00e0 moins que nous nous d\u00e9cidions \u00e0 y faire quelque chose. Ce n\u2019est pas seulement notre libert\u00e9 qui est en jeu, mais notre virilit\u00e9, notre \u00eatre.<\/span><\/p>\n<p style=\"text-align: justify;\"><span style=\"font-family: times new roman, times, serif; font-size: 14pt;\">Les meilleurs des Britanniques sont de notre c\u00f4t\u00e9. Jeremy Corbyn s\u2019est exprim\u00e9 fortement contre l\u2019extradition d\u2019Assange. Si le gouvernement de Mrs May tombe, comme cela se pourrait bien, Corbyn aura une chance de peser sur les d\u00e9cisions des autorit\u00e9s britanniques, parce que les ennemis d\u2019Assange sont ses ennemis aussi.<\/span><\/p>\n<p style=\"text-align: justify;\"><span style=\"font-family: times new roman, times, serif; font-size: 14pt;\">Les pires des Britanniques sont contre Julian. <a href=\"https:\/\/www.mondialisation.ca\/lintegrity-initiative-britannique-fortement-impliquee-dans-laffaire-skripal\/5629937\"><em>Integrity Initiative<\/em><\/a>, l&rsquo;entit\u00e9 grise qui est derri\u00e8re les m\u00e9dias, complote contre lui. Le <em>Guardian<\/em>, qui fut jadis un merveilleux journal, est devenu l\u2019outil privil\u00e9gi\u00e9 pour combattre Corbyn, Assange et la Russie.<\/span><\/p>\n<p style=\"text-align: justify;\"><span style=\"font-family: times new roman, times, serif; font-size: 14pt;\">Les meilleurs, aux \u00c9tats-Unis, parlent eux aussi en faveur de Julian, comme l\u2019a fait Ron Paul et comme le font d\u2019autres auteurs qui \u00e9crivent sur Unz.com.<\/span><\/p>\n<p style=\"text-align: justify;\"><span style=\"font-family: times new roman, times, serif; font-size: 14pt;\">Julian m\u2019a dit un jour que les \u00ab\u00a0\u00e9lites\u00a0\u00bb complotent et conspirent toujours\u00a0; notre devoir est de faire la lumi\u00e8re sur leurs obscures men\u00e9es. Tous les journalistes et tous les \u00e9diteurs devraient se tenir aux c\u00f4t\u00e9s d\u2019Assange, parce que c\u2019est notre int\u00e9r\u00eat professionnel \u00e0 tous. Nous devrions \u00eatre libres d\u2019\u00e9crire et de publier, sans crainte d\u2019\u00eatre jet\u00e9s dans la Tour, \u00e0 la Bastille ou \u00e0 Guantanamo. Sinon, les gens au pouvoir nous enl\u00e8veront en toute impudence ce qui reste de notre libert\u00e9 et de notre dignit\u00e9.<\/span><\/p>\n<p style=\"text-align: justify;\"><span style=\"font-family: times new roman, times, serif; font-size: 14pt;\">Joindre l&rsquo;auteur: <a href=\"mailto:adam@israelshamir.net\"><em>adam@israelshamir.net<\/em><\/a><\/span><\/p>\n<p style=\"text-align: justify;\"><span style=\"font-family: times new roman, times, serif; font-size: 14pt;\">Source\u00a0: <a href=\"http:\/\/plumenclume.org\/blog\/449-assange-enchaine\">http:\/\/plumenclume.org\/blog\/449-assange-enchaine<\/a><\/span><\/p>\n<p>&nbsp;<\/p>\n<p>&nbsp;<\/p>\n<p style=\"text-align: center;\"><img loading=\"lazy\" class=\"alignnone size-full wp-image-4192\" src=\"http:\/\/blog.lesgrossesorchadeslesamplesthalameges.fr\/wp-content\/uploads\/2019\/04\/2.-DangerousTimes-x-1.gif\" alt=\"\" width=\"70\" height=\"63\" \/><\/p>\n<p>&nbsp;<\/p>\n<p>&nbsp;<\/p>\n<p style=\"text-align: justify;\"><span style=\"font-family: comic sans ms, sans-serif; font-size: 14pt;\">C\u2019\u00e9tait en octobre 2013\u2026<\/span><\/p>\n<p style=\"text-align: justify;\"><span style=\"font-family: comic sans ms, sans-serif; font-size: 14pt;\">Nous avons publi\u00e9\u00a0:<\/span><\/p>\n<p>&nbsp;<\/p>\n<p style=\"text-align: center;\"><span style=\"font-family: times new roman, times, serif; font-size: 24pt;\"><strong>MEDIASTAN \u2013 Wikileaks trace sa route \u00e0 l\u2019est<\/strong><\/span><\/p>\n<p style=\"text-align: center;\"><img loading=\"lazy\" class=\"alignnone size-full wp-image-4237\" src=\"http:\/\/blog.lesgrossesorchadeslesamplesthalameges.fr\/wp-content\/uploads\/2019\/04\/0.-freccia-nera-piccola-xx-1.gif\" alt=\"\" width=\"46\" height=\"46\" \/><\/p>\n<p style=\"text-align: center;\"><span style=\"font-family: times new roman, times, serif; font-size: 14pt;\"><a href=\"http:\/\/www.lesgrossesorchadeslesamplesthalameges.fr\/notreblogskynet\/wikileaks-trace-sa-route-a-l-est-7968071.html\"><span style=\"font-size: 18pt;\">http:\/\/www.lesgrossesorchadeslesamplesthalameges.fr\/notreblogskynet\/wikileaks-trace-sa-route-a-l-est-7968071.html<\/span><\/a><\/span><\/p>\n<p>&nbsp;<\/p>\n<p>&nbsp;<\/p>\n<p style=\"text-align: justify;\"><span style=\"font-family: comic sans ms, sans-serif; font-size: 14pt;\">On savait d\u00e9j\u00e0, alors, le r\u00f4le du <em>Guardian<\/em> et tout \u00e7a\u2026<\/span><\/p>\n<p>&nbsp;<\/p>\n<p>&nbsp;<\/p>\n<p style=\"text-align: center;\"><span style=\"font-family: times new roman, times, serif; font-size: 14pt;\"> <iframe loading=\"lazy\" src=\"\/\/www.youtube.com\/embed\/9n0Yu7bYF9E\" width=\"560\" height=\"315\" frameborder=\"0\" allowfullscreen=\"allowfullscreen\"><\/iframe><\/span><\/p>\n<p>&nbsp;<\/p>\n<p>&nbsp;<\/p>\n<p style=\"text-align: justify; padding-left: 120px;\"><span style=\"font-family: times new roman, times, serif; font-size: 14pt;\">\u00ab MEDIASTAN : A Wikileaks Road Movie: Due to the extraordinary circumstances surrounding the arrests of Julian Assange and Chelsea Manning, <em>Sixteen Films<\/em> and <em>Journeyman Pictures<\/em> are providing a time-limited free access to the Wikileaks road movie Mediastan. Mediastan is a documentary film directed by Johannes Wahlstr\u00f6m and co-produced by Julian Assange, detailing the publication of the very documents for which both Assange and Manning have been incarcerated.<\/span><\/p>\n<p style=\"text-align: justify; padding-left: 120px;\"><span style=\"font-family: times new roman, times, serif; font-size: 14pt;\">To support courageous truth-tellers please consider making a contribution to The Courage Foundation <a href=\"https:\/\/www.youtube.com\/redirect?q=https%3A%2F%2Fwww.couragefound.org%2Fdonate&amp;event=video_description&amp;v=9n0Yu7bYF9E&amp;redir_token=NEIQTVEqagXeCxxODFhDAjG6jM98MTU1NjAwMjU1MEAxNTU1OTE2MTUw\">https:\/\/www.couragefound.org\/donate<\/a>.<\/span><\/p>\n<p style=\"text-align: justify; padding-left: 120px;\"><span style=\"font-family: times new roman, times, serif; font-size: 14pt;\">Subscribe to Journeyman here: <a href=\"http:\/\/www.youtube.com\/subscription_center?add_user=journeymanpictures\">http:\/\/www.youtube.com\/subscription_c&#8230;<\/a><\/span><\/p>\n<p style=\"text-align: justify; padding-left: 120px;\"><span style=\"font-family: times new roman, times, serif; font-size: 14pt;\">For more information, visit <a href=\"https:\/\/www.youtube.com\/redirect?q=https%3A%2F%2Fwww.journeyman.tv%2Ffilm%2F5949&amp;event=video_description&amp;v=9n0Yu7bYF9E&amp;redir_token=NEIQTVEqagXeCxxODFhDAjG6jM98MTU1NjAwMjU1MEAxNTU1OTE2MTUw\">https:\/\/www.journeyman.tv\/film\/5949<\/a>\u00a0\u00bb<\/span><\/p>\n<p>&nbsp;<\/p>\n<p>&nbsp;<\/p>\n<p style=\"text-align: justify;\"><span style=\"font-family: times new roman, times, serif; font-size: 14pt;\"><span style=\"font-family: comic sans ms, sans-serif;\">D\u2019o\u00f9 il ressort qu\u2019en raison des circonstances entourant les arrestations de Julian Assange et de Bradley Manning, ce film, r\u00e9alis\u00e9 par le fils d\u2019Isra\u00ebl Shamir, est mis \u2013 par <em>Sixteen Films<\/em> et <em>Journeyman Pictures<\/em>, ses distributeurs \u2013 <u>en libre acc\u00e8s pour une p\u00e9riode limit\u00e9e<\/u><\/span>.<\/span><\/p>\n<p style=\"text-align: justify;\"><span style=\"font-family: times new roman, times, serif; font-size: 14pt;\"><strong>\u00a0<\/strong><\/span><\/p>\n<p style=\"text-align: left;\"><span style=\"font-family: times new roman, times, serif; font-size: 24pt; color: #c00000;\"><strong><em>D\u00e9sol\u00e9s, mais\u2026 il ne s\u2019est encore trouv\u00e9 personne pour le sous-titrer en fran\u00e7ais\u00a0!<\/em><\/strong><\/span><\/p>\n<p>&nbsp;<\/p>\n<p style=\"text-align: center;\"><span style=\"font-family: times new roman, times, serif; font-size: 24pt;\"><strong>Version sous-titr\u00e9e en russe<\/strong><\/span><\/p>\n<p style=\"text-align: center;\"><img loading=\"lazy\" class=\"alignnone size-full wp-image-4237\" src=\"http:\/\/blog.lesgrossesorchadeslesamplesthalameges.fr\/wp-content\/uploads\/2019\/04\/0.-freccia-nera-piccola-xx-1.gif\" alt=\"\" width=\"46\" height=\"46\" \/><\/p>\n<p style=\"text-align: center;\"><span style=\"font-family: times new roman, times, serif; font-size: 14pt;\"><a href=\"https:\/\/www.youtube.com\/watch?v=SRpEsdIjQvE\"><strong><span style=\"font-size: 18pt;\">https:\/\/www.youtube.com\/watch?v=SRpEsdIjQvE<\/span><\/strong><\/a><\/span><\/p>\n<p>&nbsp;<\/p>\n<p>&nbsp;<\/p>\n<p style=\"text-align: center;\"><img loading=\"lazy\" class=\"alignnone size-full wp-image-4192\" src=\"http:\/\/blog.lesgrossesorchadeslesamplesthalameges.fr\/wp-content\/uploads\/2019\/04\/2.-DangerousTimes-x-1.gif\" alt=\"\" width=\"70\" height=\"63\" \/><\/p>\n<p style=\"text-align: justify;\"><span style=\"font-family: times new roman, times, serif; font-size: 14pt;\"><strong>\u00a0<\/strong><\/span><\/p>\n<p style=\"text-align: justify;\"><span style=\"font-family: times new roman, times, serif; font-size: 14pt;\"><strong>\u00a0<\/strong><\/span><\/p>\n<p style=\"text-align: right;\"><span style=\"font-family: comic sans ms, sans-serif;\">22 avril 2019<\/span><\/p>\n<p>&nbsp;<\/p>\n<p>&nbsp;<\/p>\n","protected":false},"excerpt":{"rendered":"<p>&nbsp; &nbsp; &nbsp; &nbsp; &nbsp; &nbsp; Assange encha\u00een\u00e9 &nbsp; Isra\u00ebl Shamir \u2013 Entre la Plume et l\u2019enclume \u2013 20.4.2019 Traduction\u00a0: c.l. et Maria Poumier &nbsp; &nbsp; \u00a0 \u00a0 \u00a0 Comme Prom\u00e9th\u00e9e, auquel il a \u00e9t\u00e9 compar\u00e9, Julian Assange n\u2019a pas \u00e9chapp\u00e9 \u00e0 la col\u00e8re des dieux autoproclam\u00e9s du \u00ab\u00a0Deep State\u00a0\u00bb. Apr\u00e8s sept ans de captivit\u00e9&#8230;<\/p>\n","protected":false},"author":1,"featured_media":0,"parent":0,"menu_order":0,"comment_status":"open","ping_status":"open","template":"","meta":[],"_links":{"self":[{"href":"https:\/\/blog.lesgrossesorchadeslesamplesthalameges.fr\/index.php\/wp-json\/wp\/v2\/pages\/4236"}],"collection":[{"href":"https:\/\/blog.lesgrossesorchadeslesamplesthalameges.fr\/index.php\/wp-json\/wp\/v2\/pages"}],"about":[{"href":"https:\/\/blog.lesgrossesorchadeslesamplesthalameges.fr\/index.php\/wp-json\/wp\/v2\/types\/page"}],"author":[{"embeddable":true,"href":"https:\/\/blog.lesgrossesorchadeslesamplesthalameges.fr\/index.php\/wp-json\/wp\/v2\/users\/1"}],"replies":[{"embeddable":true,"href":"https:\/\/blog.lesgrossesorchadeslesamplesthalameges.fr\/index.php\/wp-json\/wp\/v2\/comments?post=4236"}],"version-history":[{"count":0,"href":"https:\/\/blog.lesgrossesorchadeslesamplesthalameges.fr\/index.php\/wp-json\/wp\/v2\/pages\/4236\/revisions"}],"wp:attachment":[{"href":"https:\/\/blog.lesgrossesorchadeslesamplesthalameges.fr\/index.php\/wp-json\/wp\/v2\/media?parent=4236"}],"curies":[{"name":"wp","href":"https:\/\/api.w.org\/{rel}","templated":true}]}}