{"id":4323,"date":"2019-04-23T00:27:29","date_gmt":"2019-04-22T22:27:29","guid":{"rendered":"http:\/\/blog.lesgrossesorchadeslesamplesthalameges.fr\/?page_id=4323"},"modified":"2019-04-23T00:27:29","modified_gmt":"2019-04-22T22:27:29","slug":"acte-xxiii","status":"publish","type":"page","link":"https:\/\/blog.lesgrossesorchadeslesamplesthalameges.fr\/index.php\/acte-xxiii\/","title":{"rendered":"ACTE XXIII"},"content":{"rendered":"<p>&nbsp;<\/p>\n<p>&nbsp;<\/p>\n<p>&nbsp;<\/p>\n<p>&nbsp;<\/p>\n<p>&nbsp;<\/p>\n<p style=\"text-align: center;\"><span style=\"font-family: times new roman, times, serif; font-size: 36pt;\"><strong>Acte XXIII<\/strong><\/span><\/p>\n<p style=\"text-align: center;\"><span style=\"font-family: times new roman, times, serif; font-size: 36pt;\"><strong>Des manifestants chargent les forces de police\u2026 les m\u00e9dias minimisent les faits<\/strong><\/span><\/p>\n<p>&nbsp;<\/p>\n<p style=\"text-align: center;\"><span style=\"font-family: times new roman, times, serif; font-size: 14pt;\"><a href=\"https:\/\/strategika51.org\/archives\/author\/strategika51\"><strong><em><span style=\"font-size: 18pt;\">Strategika51<\/span><\/em><\/strong><\/a><span style=\"font-size: 18pt;\"> <a href=\"https:\/\/strategika51.org\/archives\/62590#comments\">\u2013<\/a> 20.4.2019<\/span><\/span><\/p>\n<p>&nbsp;<\/p>\n<p>&nbsp;<\/p>\n<p style=\"text-align: center;\"><img loading=\"lazy\" class=\"alignnone wp-image-4191\" src=\"http:\/\/blog.lesgrossesorchadeslesamplesthalameges.fr\/wp-content\/uploads\/2019\/04\/acte-23-300x200.jpg\" alt=\"\" width=\"600\" height=\"400\" srcset=\"https:\/\/blog.lesgrossesorchadeslesamplesthalameges.fr\/wp-content\/uploads\/2019\/04\/acte-23-300x200.jpg 300w, https:\/\/blog.lesgrossesorchadeslesamplesthalameges.fr\/wp-content\/uploads\/2019\/04\/acte-23.jpg 768w\" sizes=\"(max-width: 600px) 100vw, 600px\" \/><\/p>\n<p>&nbsp;<\/p>\n<p>&nbsp;<\/p>\n<p style=\"text-align: justify;\"><span style=\"font-family: times new roman, times, serif; font-size: 14pt;\">L\u2019acte XXIII du mouvement de protestation des Gilets Jaunes s\u2019est illustr\u00e9 par un \u00e9volution assez inqui\u00e9tante que les m\u00e9dias ont minimis\u00e9 : des manifestants ont charg\u00e9 en ordre serr\u00e9 les forces de maintien de l\u2019ordre \u00e0 Paris. C\u2019est nouveau et cela annonce un peu plus qu\u2019une radicalisation du mouvement.<\/span><\/p>\n<p style=\"text-align: justify;\"><span style=\"font-family: times new roman, times, serif; font-size: 14pt;\">Les m\u00e9dias ont beau revoir les statistiques \u00e0 la baisse, le mouvement est reparti, galvanis\u00e9 par le d\u00e9sastreux cirque m\u00e9diatique et les d\u00e9rives des \u00e9lites financi\u00e8res autour de l\u2019incendie de la cath\u00e9drale de Notre Dame.<\/span><\/p>\n<p style=\"text-align: justify;\"><span style=\"font-family: times new roman, times, serif; font-size: 14pt;\">L\u2019un des plus grands quotidiens de France a \u00e9valu\u00e9 \u00e0 10 000 le nombre de manifestant ce samedi \u00e0 Paris, oubliant un peu que c\u2019est avec 10 000 hommes que Xenophon avait r\u00e9ussi \u00e0 d\u00e9voiler la faiblesse intrins\u00e8que de l\u2019Empire Perse dont il \u00e9tait l\u2019un des \u00ab\u00a0condottieri\u00a0\u00bb. C\u2019\u00e9tait il y a 24 si\u00e8cles.<\/span><\/p>\n<p>Source\u00a0: <a href=\"https:\/\/strategika51.org\/archives\/62590\">https:\/\/strategika51.org\/archives\/62590<\/a><\/p>\n<p>&nbsp;<\/p>\n<p>&nbsp;<\/p>\n<p>&nbsp;<\/p>\n<p style=\"text-align: center;\"><img loading=\"lazy\" class=\"alignnone size-full wp-image-4192\" src=\"http:\/\/blog.lesgrossesorchadeslesamplesthalameges.fr\/wp-content\/uploads\/2019\/04\/2.-DangerousTimes-x-1.gif\" alt=\"\" width=\"70\" height=\"63\" \/><\/p>\n<p>&nbsp;<\/p>\n<p style=\"text-align: right;\"><span style=\"font-family: comic sans ms, sans-serif; font-size: 14pt;\">22 avril 2019.<\/span><\/p>\n<p>&nbsp;<\/p>\n<p>&nbsp;<\/p>\n<p>&nbsp;<\/p>\n","protected":false},"excerpt":{"rendered":"<p>&nbsp; &nbsp; &nbsp; &nbsp; &nbsp; Acte XXIII Des manifestants chargent les forces de police\u2026 les m\u00e9dias minimisent les faits &nbsp; Strategika51 \u2013 20.4.2019 &nbsp; &nbsp; &nbsp; &nbsp; L\u2019acte XXIII du mouvement de protestation des Gilets Jaunes s\u2019est illustr\u00e9 par un \u00e9volution assez inqui\u00e9tante que les m\u00e9dias ont minimis\u00e9 : des manifestants ont charg\u00e9 en ordre&#8230;<\/p>\n","protected":false},"author":1,"featured_media":0,"parent":0,"menu_order":0,"comment_status":"open","ping_status":"open","template":"","meta":[],"_links":{"self":[{"href":"https:\/\/blog.lesgrossesorchadeslesamplesthalameges.fr\/index.php\/wp-json\/wp\/v2\/pages\/4323"}],"collection":[{"href":"https:\/\/blog.lesgrossesorchadeslesamplesthalameges.fr\/index.php\/wp-json\/wp\/v2\/pages"}],"about":[{"href":"https:\/\/blog.lesgrossesorchadeslesamplesthalameges.fr\/index.php\/wp-json\/wp\/v2\/types\/page"}],"author":[{"embeddable":true,"href":"https:\/\/blog.lesgrossesorchadeslesamplesthalameges.fr\/index.php\/wp-json\/wp\/v2\/users\/1"}],"replies":[{"embeddable":true,"href":"https:\/\/blog.lesgrossesorchadeslesamplesthalameges.fr\/index.php\/wp-json\/wp\/v2\/comments?post=4323"}],"version-history":[{"count":0,"href":"https:\/\/blog.lesgrossesorchadeslesamplesthalameges.fr\/index.php\/wp-json\/wp\/v2\/pages\/4323\/revisions"}],"wp:attachment":[{"href":"https:\/\/blog.lesgrossesorchadeslesamplesthalameges.fr\/index.php\/wp-json\/wp\/v2\/media?parent=4323"}],"curies":[{"name":"wp","href":"https:\/\/api.w.org\/{rel}","templated":true}]}}