{"id":4846,"date":"2019-05-19T20:09:11","date_gmt":"2019-05-19T18:09:11","guid":{"rendered":"http:\/\/blog.lesgrossesorchadeslesamplesthalameges.fr\/?page_id=4846"},"modified":"2019-05-19T20:09:11","modified_gmt":"2019-05-19T18:09:11","slug":"assommons-les-pauvres","status":"publish","type":"page","link":"https:\/\/blog.lesgrossesorchadeslesamplesthalameges.fr\/index.php\/assommons-les-pauvres\/","title":{"rendered":"Assommons les pauvres"},"content":{"rendered":"<p>&nbsp;<\/p>\n<p>&nbsp;<\/p>\n<p>&nbsp;<\/p>\n<p>&nbsp;<\/p>\n<p>&nbsp;<\/p>\n<p style=\"text-align: center;\"><span style=\"font-family: times new roman, times, serif; font-size: 36pt;\"><strong>Assommons les pauvres<\/strong><\/span><\/p>\n<p>&nbsp;<\/p>\n<p style=\"text-align: center;\"><span style=\"font-family: times new roman, times, serif; font-size: 18pt;\"><strong>Charles Baudelaire\u00a0 &#8211;\u00a0 Plus ou moins 1848<br \/>\n<\/strong><\/span><\/p>\n<p>&nbsp;<\/p>\n<p>&nbsp;<\/p>\n<p><img loading=\"lazy\" class=\"wp-image-4847 aligncenter\" src=\"http:\/\/blog.lesgrossesorchadeslesamplesthalameges.fr\/wp-content\/uploads\/2019\/05\/baudelaire-assommons-les-pauvres-350x212-300x182.jpg\" alt=\"\" width=\"600\" height=\"363\" srcset=\"https:\/\/blog.lesgrossesorchadeslesamplesthalameges.fr\/wp-content\/uploads\/2019\/05\/baudelaire-assommons-les-pauvres-350x212-300x182.jpg 300w, https:\/\/blog.lesgrossesorchadeslesamplesthalameges.fr\/wp-content\/uploads\/2019\/05\/baudelaire-assommons-les-pauvres-350x212.jpg 350w\" sizes=\"(max-width: 600px) 100vw, 600px\" \/><\/p>\n<p>&nbsp;<\/p>\n<p style=\"text-align: center;\"><span style=\"font-family: times new roman, times, serif; font-size: 14pt;\"><strong>\u00a0<\/strong><\/span><\/p>\n<p style=\"text-align: justify;\"><span style=\"font-family: times new roman, times, serif; font-size: 14pt;\">Pendant quinze jours je m\u2019\u00e9tais confin\u00e9 dans ma chambre, et je m\u2019\u00e9tais entour\u00e9 des livres \u00e0 la mode dans ce temps-l\u00e0 (il y a seize ou dix-sept ans)\u00a0; je veux parler des livres o\u00f9 il est trait\u00e9 de l\u2019art de rendre les peuples heureux, sages et riches, en vingt-quatre heures. J\u2019avais donc dig\u00e9r\u00e9, \u2014 aval\u00e9, veux-je dire, \u2014 toutes les \u00e9lucubrations de tous ces entrepreneurs de bonheur public, \u2014 de ceux qui conseillent \u00e0 tous les pauvres de se faire esclaves, et de ceux qui leur persuadent qu\u2019ils sont tous des rois d\u00e9tr\u00f4n\u00e9s. \u2014 On ne trouvera pas surprenant que je fusse alors dans un \u00e9tat d\u2019esprit avoisinant le vertige ou la stupidit\u00e9.<\/span><\/p>\n<p style=\"text-align: justify;\"><span style=\"font-family: times new roman, times, serif; font-size: 14pt;\">Il m\u2019avait sembl\u00e9 seulement que je sentais, confin\u00e9 au fond de mon intellect, le germe obscur d\u2019une id\u00e9e sup\u00e9rieure \u00e0 toutes les formules de bonne femme dont j\u2019avais r\u00e9cemment parcouru le dictionnaire. Mais ce n\u2019\u00e9tait que l\u2019id\u00e9e d\u2019une id\u00e9e, quelque chose d\u2019infiniment vague.<\/span><\/p>\n<p style=\"text-align: justify;\"><span style=\"font-family: times new roman, times, serif; font-size: 14pt;\">Et je sortis avec une grande soif. Car le go\u00fbt passionn\u00e9 des mauvaises lectures engendre un besoin proportionnel du grand air et des rafra\u00eechissants.<\/span><\/p>\n<p style=\"text-align: justify;\"><span style=\"font-family: times new roman, times, serif; font-size: 14pt;\">Comme j\u2019allais entrer dans un cabaret, un mendiant me tendit son chapeau, avec un de ces regards inoubliables qui culbuteraient les tr\u00f4nes, si l\u2019esprit remuait la mati\u00e8re, et si l\u2019\u0153il d\u2019un magn\u00e9tiseur faisait m\u00fbrir les raisins.<\/span><\/p>\n<p style=\"text-align: justify;\"><span style=\"font-family: times new roman, times, serif; font-size: 14pt;\">En m\u00eame temps, j\u2019entendis une voix qui chuchotait \u00e0 mon oreille, une voix que je reconnus bien\u00a0; c\u2019\u00e9tait celle d\u2019un bon Ange, ou d\u2019un bon D\u00e9mon, qui m\u2019accompagne partout. Puisque Socrate avait son bon D\u00e9mon, pourquoi n\u2019aurais-je pas mon bon Ange, et pourquoi n\u2019aurais-je pas l\u2019honneur, comme Socrate, d\u2019obtenir mon brevet de folie, sign\u00e9 du subtil L\u00e9lut et du bien-avis\u00e9 Baillarger\u00a0?<\/span><\/p>\n<p style=\"text-align: justify;\"><span style=\"font-family: times new roman, times, serif; font-size: 14pt;\">Il existe cette diff\u00e9rence entre le D\u00e9mon de Socrate et le mien, que celui de Socrate ne se manifestait \u00e0 lui que pour d\u00e9fendre, avertir, emp\u00eacher, et que le mien daigne conseiller, sugg\u00e9rer, persuader. Ce pauvre Socrate n\u2019avait qu\u2019un D\u00e9mon prohibiteur\u00a0; le mien est un grand affirmateur, le mien est un D\u00e9mon d\u2019action, ou D\u00e9mon de combat.<\/span><\/p>\n<p style=\"text-align: justify;\"><span style=\"font-family: times new roman, times, serif; font-size: 14pt;\">Or, sa voix me chuchotait ceci\u00a0: \u00ab\u00a0Celui-l\u00e0 seul est l\u2019\u00e9gal d\u2019un autre, qui le prouve, et celui-l\u00e0 seul est digne de la libert\u00e9, qui sait la conqu\u00e9rir.\u00a0\u00bb<\/span><\/p>\n<p style=\"text-align: justify;\"><span style=\"font-family: times new roman, times, serif; font-size: 14pt;\">Imm\u00e9diatement, je sautai sur mon mendiant. D\u2019un seul coup de poing, je lui bouchai un \u0153il, qui devint, en une seconde, gros comme une balle. Je cassai un de mes ongles \u00e0 lui briser deux dents, et comme je ne me sentais pas assez fort, \u00e9tant n\u00e9 d\u00e9licat et m\u2019\u00e9tant peu exerc\u00e9 \u00e0 la boxe, pour assommer rapidement ce vieillard, je le saisis d\u2019une main par le collet de son habit, de l\u2019autre, je l\u2019empoignai \u00e0 la gorge, et je me mis \u00e0 lui secouer vigoureusement la t\u00eate contre un mur. Je dois avouer que j\u2019avais pr\u00e9alablement inspect\u00e9 les environs d\u2019un coup d\u2019\u0153il, et que j\u2019avais v\u00e9rifi\u00e9 que dans cette banlieue d\u00e9serte je me trouvais, pour un assez long temps, hors de la port\u00e9e de tout agent de police.<\/span><\/p>\n<p style=\"text-align: justify;\"><span style=\"font-family: times new roman, times, serif; font-size: 14pt;\">Ayant ensuite, par un coup de pied lanc\u00e9 dans le dos, assez \u00e9nergique pour briser les omoplates, terrass\u00e9 ce sexag\u00e9naire affaibli, je me saisis d\u2019une grosse branche d\u2019arbre qui tra\u00eenait \u00e0 terre, et je le battis avec l\u2019\u00e9nergie obstin\u00e9e des cuisiniers qui veulent attendrir un beefsteak.<\/span><\/p>\n<p style=\"text-align: justify;\"><span style=\"font-family: times new roman, times, serif; font-size: 14pt;\">Tout \u00e0 coup, \u2014 \u00f4 miracle\u00a0! \u00f4 jouissance du philosophe qui v\u00e9rifie l\u2019excellence de sa th\u00e9orie\u00a0! \u2014 je vis cette antique carcasse se retourner, se redresser avec une \u00e9nergie que je n\u2019aurais jamais soup\u00e7onn\u00e9e dans une machine si singuli\u00e8rement d\u00e9traqu\u00e9e, et, avec un regard de haine qui me parut de <em>bon augure,<\/em> le malandrin d\u00e9cr\u00e9pit se jeta sur moi, me pocha les deux yeux, me cassa quatre dents, et avec la m\u00eame branche d\u2019arbre me battit dru comme pl\u00e2tre. \u2014 Par mon \u00e9nergique m\u00e9dication, je lui avais donc rendu l\u2019orgueil et la vie.<\/span><\/p>\n<p style=\"text-align: justify;\"><span style=\"font-family: times new roman, times, serif; font-size: 14pt;\">Alors, je lui fis force signes pour lui faire comprendre que je consid\u00e9rais la discussion comme finie, et me relevant avec la satisfaction d\u2019un sophiste du Portique, je lui dis\u00a0: \u00ab\u00a0Monsieur, <em>vous \u00eates mon \u00e9gal\u00a0!<\/em> veuillez me faire l\u2019honneur de partager avec moi ma bourse\u00a0; et souvenez-vous, si vous \u00eates r\u00e9ellement philanthrope, qu\u2019il faut appliquer \u00e0 tous vos confr\u00e8res, quand ils vous demanderont l\u2019aum\u00f4ne, la th\u00e9orie que j\u2019ai eu la <em>douleur<\/em> d\u2019essayer sur votre dos.\u00a0\u00bb<\/span><\/p>\n<p style=\"text-align: justify;\"><span style=\"font-family: times new roman, times, serif; font-size: 14pt;\">Il m\u2019a bien jur\u00e9 qu\u2019il avait compris ma th\u00e9orie, et qu\u2019il ob\u00e9irait \u00e0 mes conseils.<\/span><\/p>\n<p style=\"text-align: justify;\"><span style=\"font-family: times new roman, times, serif; font-size: 14pt;\">Qu&rsquo;en dis-tu, citoyen Proudhon\u00a0?<\/span><\/p>\n<p>&nbsp;<\/p>\n<p style=\"text-align: justify;\"><span style=\"font-family: times new roman, times, serif; font-size: 14pt;\">P.S.\u00a0: La derni\u00e8re ligne a \u00e9t\u00e9 omise de la version publi\u00e9e parce que Proudhon venait alors de mourir.<\/span><\/p>\n<p>&nbsp;<\/p>\n<p style=\"text-align: right;\"><span style=\"font-family: comic sans ms, sans-serif; font-size: 14pt;\">Le 19 mai 2019<\/span><\/p>\n<p>&nbsp;<\/p>\n<p>&nbsp;<\/p>\n","protected":false},"excerpt":{"rendered":"<p>&nbsp; &nbsp; &nbsp; &nbsp; &nbsp; Assommons les pauvres &nbsp; Charles Baudelaire\u00a0 &#8211;\u00a0 Plus ou moins 1848 &nbsp; &nbsp; &nbsp; \u00a0 Pendant quinze jours je m\u2019\u00e9tais confin\u00e9 dans ma chambre, et je m\u2019\u00e9tais entour\u00e9 des livres \u00e0 la mode dans ce temps-l\u00e0 (il y a seize ou dix-sept ans)\u00a0; je veux parler des livres o\u00f9 il&#8230;<\/p>\n","protected":false},"author":1,"featured_media":0,"parent":0,"menu_order":0,"comment_status":"open","ping_status":"open","template":"","meta":[],"_links":{"self":[{"href":"https:\/\/blog.lesgrossesorchadeslesamplesthalameges.fr\/index.php\/wp-json\/wp\/v2\/pages\/4846"}],"collection":[{"href":"https:\/\/blog.lesgrossesorchadeslesamplesthalameges.fr\/index.php\/wp-json\/wp\/v2\/pages"}],"about":[{"href":"https:\/\/blog.lesgrossesorchadeslesamplesthalameges.fr\/index.php\/wp-json\/wp\/v2\/types\/page"}],"author":[{"embeddable":true,"href":"https:\/\/blog.lesgrossesorchadeslesamplesthalameges.fr\/index.php\/wp-json\/wp\/v2\/users\/1"}],"replies":[{"embeddable":true,"href":"https:\/\/blog.lesgrossesorchadeslesamplesthalameges.fr\/index.php\/wp-json\/wp\/v2\/comments?post=4846"}],"version-history":[{"count":0,"href":"https:\/\/blog.lesgrossesorchadeslesamplesthalameges.fr\/index.php\/wp-json\/wp\/v2\/pages\/4846\/revisions"}],"wp:attachment":[{"href":"https:\/\/blog.lesgrossesorchadeslesamplesthalameges.fr\/index.php\/wp-json\/wp\/v2\/media?parent=4846"}],"curies":[{"name":"wp","href":"https:\/\/api.w.org\/{rel}","templated":true}]}}