{"id":5679,"date":"2019-07-23T23:35:30","date_gmt":"2019-07-23T21:35:30","guid":{"rendered":"http:\/\/blog.lesgrossesorchadeslesamplesthalameges.fr\/?page_id=5679"},"modified":"2019-07-23T23:35:30","modified_gmt":"2019-07-23T21:35:30","slug":"victor-hugo-sur-la-revolution-et-93","status":"publish","type":"page","link":"https:\/\/blog.lesgrossesorchadeslesamplesthalameges.fr\/index.php\/victor-hugo-sur-la-revolution-et-93\/","title":{"rendered":"Victor Hugo sur la R\u00e9volution et 93"},"content":{"rendered":"<p>&nbsp;<\/p>\n<p>&nbsp;<\/p>\n<p>&nbsp;<\/p>\n<p>&nbsp;<\/p>\n<p>&nbsp;<\/p>\n<p>&nbsp;<\/p>\n<p>&nbsp;<\/p>\n<p style=\"text-align: center;\"><span style=\"color: #c00000; font-size: 36pt;\"><strong><span style=\"font-family: comic sans ms, sans-serif;\">Sur la R\u00e9volution et 93<\/span><\/strong><\/span><\/p>\n<p>&nbsp;<\/p>\n<p>&nbsp;<\/p>\n<p style=\"text-align: center;\"><a href=\"http:\/\/blog.lesgrossesorchadeslesamplesthalameges.fr\/wp-content\/uploads\/2019\/07\/foudre3.jpg\"><img loading=\"lazy\" class=\"alignnone wp-image-5681\" src=\"http:\/\/blog.lesgrossesorchadeslesamplesthalameges.fr\/wp-content\/uploads\/2019\/07\/foudre3-219x300.jpg\" alt=\"\" width=\"750\" height=\"1027\" srcset=\"https:\/\/blog.lesgrossesorchadeslesamplesthalameges.fr\/wp-content\/uploads\/2019\/07\/foudre3-219x300.jpg 219w, https:\/\/blog.lesgrossesorchadeslesamplesthalameges.fr\/wp-content\/uploads\/2019\/07\/foudre3.jpg 252w\" sizes=\"(max-width: 750px) 100vw, 750px\" \/><\/a><\/p>\n<p>&nbsp;<\/p>\n<p>&nbsp;<\/p>\n<p style=\"text-align: justify;\"><span style=\"font-family: times new roman, times, serif; font-size: 14pt;\">La R\u00e9volution, tournant climat\u00e9rique de l&rsquo;humanit\u00e9, se compose de plusieurs ann\u00e9es. Chacune de ces ann\u00e9es exprime une p\u00e9riode, repr\u00e9sente un aspect ou r\u00e9alise un organe du ph\u00e9nom\u00e8ne. 93, tragique, est une de ces ann\u00e9es colossales. Il faut quelquefois aux bonnes nouvelles une bouche de bronze. 93 est cette bouche.<\/span><\/p>\n<p style=\"text-align: justify;\"><span style=\"font-family: times new roman, times, serif; font-size: 14pt;\">Ecoutez-en sortir l&rsquo;annonce \u00e9norme. Inclinez-vous et restez effar\u00e9, et soyez attendri. Dieu la premi\u00e8re fois a dit lui-m\u00eame <em>fiat lux<\/em>, la seconde fois il l&rsquo;a fait dire.<\/span><\/p>\n<p style=\"text-align: justify;\"><span style=\"font-family: times new roman, times, serif; font-size: 14pt;\">Par qui ?<\/span><\/p>\n<p style=\"text-align: justify;\"><span style=\"font-family: times new roman, times, serif; font-size: 14pt;\">Par 93.<\/span><\/p>\n<p style=\"text-align: justify;\"><span style=\"font-family: times new roman, times, serif; font-size: 14pt;\">Donc, nous hommes du dix-neuvi\u00e8me si\u00e8cle, tenons \u00e0 honneur cette injure : Vous \u00eates 93.<\/span><\/p>\n<p style=\"text-align: justify;\"><span style=\"font-family: times new roman, times, serif; font-size: 14pt;\">Mais qu&rsquo;on ne s&rsquo;arr\u00eate pas l\u00e0. Nous sommes 89 aussi bien que 93. La R\u00e9volution, toute la R\u00e9volution, voil\u00e0 la source de la litt\u00e9rature du dix-neuvi\u00e8me si\u00e8cle.<\/span><\/p>\n<p style=\"text-align: justify;\"><span style=\"font-family: times new roman, times, serif; font-size: 14pt;\">Sur ce, faites-lui son proc\u00e8s, \u00e0 cette litt\u00e9rature, ou son triomphe, ha\u00efssez-la ou aimez-la, selon la quantit\u00e9 d&rsquo;avenir que vous avez en vous, outragez-la ou saluez-la; peu lui importent les animosit\u00e9s et les fureurs ! Elle est la d\u00e9duction\u00a0 logique du grand fait chaotique et g\u00e9n\u00e9siaque que nos p\u00e8res ont vu et qui a donn\u00e9 un nouveau point de d\u00e9part au monde. Qui est contre ce fait, est contre elle; qui est pour ce fait, est pour elle. Ce que ce fait vaut, elle le vaut. Les \u00e9crivains des r\u00e9actions ne s&rsquo;y trompent pas; l\u00e0 o\u00f9 il y a de la r\u00e9volution, patente ou latente, le flair catholique et royaliste est infaillible; ces lettr\u00e9s du pass\u00e9 d\u00e9cernent \u00e0 la litt\u00e9rature contemporaine une honorable quantit\u00e9 de diatribe; leur aversion est de la convulsion; un de leurs journalistes qui est, je crois, \u00e9v\u00eaque, prononce le mot \u00ab\u00a0po\u00e8te\u00a0\u00bb avec le m\u00eame accent que le mot \u00ab\u00a0septembriseur\u00a0\u00bb; un autre, moins \u00e9v\u00eaque mais tout aussi en col\u00e8re, \u00e9crit : Je sens dans toute cette litt\u00e9rature-l\u00e0 Marat et Robespierre. <\/span><\/p>\n<p style=\"text-align: justify;\"><span style=\"font-family: times new roman, times, serif; font-size: 14pt;\">[&#8230;]<\/span><\/p>\n<p style=\"text-align: justify;\"><span style=\"font-family: times new roman, times, serif; font-size: 14pt;\">Cette affirmation nous convient, et en v\u00e9rit\u00e9, nous ne reculons pas devant elle; avouons notre gloire, nous sommes des r\u00e9volutionnaires. Les penseurs de ce temps, les \u00e9crivains, les historiens, les orateurs, les philosophes, tous, tous, tous, d\u00e9rivent de la r\u00e9volution fran\u00e7aise. Ils viennent d&rsquo;elle, et d&rsquo;elle seule. 89 a d\u00e9moli la Bastille; 93 a d\u00e9couronn\u00e9 le Louvre. De 89 est sortie la D\u00e9livrance, et de 93 la Victoire. 89 et 93; les hommes du dix-neuvi\u00e8me si\u00e8cle sortent de l\u00e0. C&rsquo;est l\u00e0 leur p\u00e8re et leur m\u00e8re. Ne leur cherchez pas d&rsquo;autre filiation, d&rsquo;autre inspiration, d&rsquo;autre origine. Ils sont les d\u00e9mocrates de l&rsquo;id\u00e9e, successeurs des d\u00e9mocrates de l&rsquo;action.\u00a0<\/span><\/p>\n<p style=\"text-align: justify;\"><span style=\"font-family: times new roman, times, serif; font-size: 14pt;\"> [&#8230;]<\/span><\/p>\n<p style=\"text-align: justify;\"><span style=\"font-family: times new roman, times, serif; font-size: 14pt;\">\u00ab\u00a0La R\u00e9volution, c\u2019est la France sublim\u00e9e. Il s\u2019est trouv\u00e9, un jour, que la France a \u00e9t\u00e9 dans la fournaise ; les fournaises \u00e0 de certaines martyres guerri\u00e8res font pousser des ailes, et de ces flammes cette g\u00e9ante est sortie archange.<\/span><\/p>\n<p style=\"text-align: justify;\"><span style=\"font-family: times new roman, times, serif; font-size: 14pt;\">Aujourd\u2019hui pour toute la terre la France s\u2019appelle R\u00e9volution ; et d\u00e9sormais ce mot, R\u00e9volution, sera le nom de la civilisation jusqu\u2019\u00e0 ce qu\u2019il soit remplac\u00e9 par le mot Harmonie. Je le r\u00e9p\u00e8te, ne cherchez pas ailleurs le point d\u2019origine et le lieu de naissance de la litt\u00e9rature du dix-neuvi\u00e8me si\u00e8cle.<\/span><\/p>\n<p style=\"text-align: justify;\"><span style=\"font-family: times new roman, times, serif; font-size: 14pt;\">Oui, tous tant que nous sommes, grands et petits, puissants et m\u00e9connus, illustres et obscurs, dans toutes nos oeuvres, bonnes ou mauvaises, quelles qu\u2019elles soient, po\u00e8mes, drames, romans, histoire, philosophie, \u00e0 la tribune des assembl\u00e9es comme devant les foules du th\u00e9\u00e2tre, comme dans le recueillement des solitudes, oui, pour tout, oui, toujours, oui, pour combattre les violences et les impostures, oui, pour r\u00e9habiliter les lapid\u00e9s et les accabl\u00e9s, oui, pour conclure logiquement et marcher droit, oui, pour consoler, oui, pour secourir, pour relever, pour encourager, pour enseigner, oui, pour panser en attendant qu\u2019on gu\u00e9risse, oui, pour transformer la charit\u00e9 en fraternit\u00e9, l\u2019aum\u00f4ne en assistance, la fain\u00e9antise en travail, l\u2019oisivet\u00e9 en utilit\u00e9, la centralisation en famille, l\u2019iniquit\u00e9 en justice, le bourgeois en citoyen, la populace en peuple, la canaille en nation, les nations en humanit\u00e9, la guerre en amour, le pr\u00e9jug\u00e9 en examen, les fronti\u00e8res en soudures, les limites en ouvertures, les orni\u00e8res en rails, les sacristies en temples, l\u2019instinct du mal en volont\u00e9 du bien, la vie en droit, les rois en hommes, oui, pour \u00f4ter des religions l\u2019enfer et des soci\u00e9t\u00e9s le bagne, oui, pour \u00eatre fr\u00e8res du mis\u00e9rable, du serf, du fellah, du prol\u00e9taire, du d\u00e9sh\u00e9rit\u00e9, de l\u2019exploit\u00e9, du trahi, du vaincu, du vendu, de l\u2019encha\u00een\u00e9, du sacrifi\u00e9, de la prostitu\u00e9e, du for\u00e7at, de l\u2019ignorant, du sauvage, de l\u2019esclave, du n\u00e8gre, du condamn\u00e9 et du damn\u00e9, oui, nous sommes tes fils, R\u00e9volution !\u00a0\u00bb<\/span><\/p>\n<p style=\"text-align: justify;\"><span style=\"font-family: times new roman, times, serif; font-size: 14pt;\"><strong><br \/>\nVictor HUGO<\/strong><\/span><\/p>\n<p style=\"text-align: justify;\"><span style=\"font-family: times new roman, times, serif; font-size: 14pt;\">Extraits de <em>William Shakespeare,<\/em> 1864.<\/span><\/p>\n<p>&nbsp;<\/p>\n<p>&nbsp;<\/p>\n<p>&nbsp;<\/p>\n<p style=\"text-align: center;\"><a href=\"http:\/\/blog.lesgrossesorchadeslesamplesthalameges.fr\/wp-content\/uploads\/2019\/07\/\u00e9toile-rouge-1.gif\"><img loading=\"lazy\" class=\"alignnone size-full wp-image-5636\" src=\"http:\/\/blog.lesgrossesorchadeslesamplesthalameges.fr\/wp-content\/uploads\/2019\/07\/\u00e9toile-rouge-1.gif\" alt=\"\" width=\"50\" height=\"50\" \/><\/a><\/p>\n<p>&nbsp;<\/p>\n<p>&nbsp;<\/p>\n<p style=\"text-align: right;\"><span style=\"font-family: comic sans ms, sans-serif; font-size: 14pt;\">Juillet 2019<\/span><\/p>\n<p>&nbsp;<\/p>\n<p>&nbsp;<\/p>\n","protected":false},"excerpt":{"rendered":"<p>&nbsp; &nbsp; &nbsp; &nbsp; &nbsp; &nbsp; &nbsp; Sur la R\u00e9volution et 93 &nbsp; &nbsp; &nbsp; &nbsp; La R\u00e9volution, tournant climat\u00e9rique de l&rsquo;humanit\u00e9, se compose de plusieurs ann\u00e9es. Chacune de ces ann\u00e9es exprime une p\u00e9riode, repr\u00e9sente un aspect ou r\u00e9alise un organe du ph\u00e9nom\u00e8ne. 93, tragique, est une de ces ann\u00e9es colossales. Il faut quelquefois aux&#8230;<\/p>\n","protected":false},"author":1,"featured_media":0,"parent":0,"menu_order":0,"comment_status":"open","ping_status":"open","template":"","meta":[],"_links":{"self":[{"href":"https:\/\/blog.lesgrossesorchadeslesamplesthalameges.fr\/index.php\/wp-json\/wp\/v2\/pages\/5679"}],"collection":[{"href":"https:\/\/blog.lesgrossesorchadeslesamplesthalameges.fr\/index.php\/wp-json\/wp\/v2\/pages"}],"about":[{"href":"https:\/\/blog.lesgrossesorchadeslesamplesthalameges.fr\/index.php\/wp-json\/wp\/v2\/types\/page"}],"author":[{"embeddable":true,"href":"https:\/\/blog.lesgrossesorchadeslesamplesthalameges.fr\/index.php\/wp-json\/wp\/v2\/users\/1"}],"replies":[{"embeddable":true,"href":"https:\/\/blog.lesgrossesorchadeslesamplesthalameges.fr\/index.php\/wp-json\/wp\/v2\/comments?post=5679"}],"version-history":[{"count":0,"href":"https:\/\/blog.lesgrossesorchadeslesamplesthalameges.fr\/index.php\/wp-json\/wp\/v2\/pages\/5679\/revisions"}],"wp:attachment":[{"href":"https:\/\/blog.lesgrossesorchadeslesamplesthalameges.fr\/index.php\/wp-json\/wp\/v2\/media?parent=5679"}],"curies":[{"name":"wp","href":"https:\/\/api.w.org\/{rel}","templated":true}]}}