{"id":5689,"date":"2019-07-23T23:47:13","date_gmt":"2019-07-23T21:47:13","guid":{"rendered":"http:\/\/blog.lesgrossesorchadeslesamplesthalameges.fr\/?page_id=5689"},"modified":"2019-07-23T23:47:13","modified_gmt":"2019-07-23T21:47:13","slug":"de-la-strategie-inversee","status":"publish","type":"page","link":"https:\/\/blog.lesgrossesorchadeslesamplesthalameges.fr\/index.php\/de-la-strategie-inversee\/","title":{"rendered":"De la strat\u00e9gie invers\u00e9e&#8230;"},"content":{"rendered":"<p>&nbsp;<\/p>\n<p>&nbsp;<\/p>\n<p>&nbsp;<\/p>\n<p>&nbsp;<\/p>\n<p>&nbsp;<\/p>\n<p>&nbsp;<\/p>\n<p>&nbsp;<\/p>\n<p style=\"text-align: justify;\"><strong><span style=\"font-family: arial black, sans-serif; font-size: 18pt; color: #c00000;\"><a style=\"color: #c00000;\" href=\"https:\/\/strategika51.org\/\">Strategika 51 Intelligence<\/a><\/span><\/strong><\/p>\n<p style=\"text-align: justify;\"><span style=\"font-family: times new roman, times, serif; font-size: 14pt; color: #c00000;\"><strong>An Asymmetric Bilingual Intel and Defense Perspective on the Go !<\/strong><\/span><\/p>\n<p>&nbsp;<\/p>\n<p>&nbsp;<\/p>\n<p style=\"text-align: center;\"><span style=\"font-family: times new roman, times, serif; font-size: 14pt;\"><strong><span style=\"font-size: 36pt;\">De la strat\u00e9gie invers\u00e9e ou quand des pays musulmans soutiennent la Chine sur la question du Xinjiang<\/span> <\/strong><\/span><\/p>\n<p>&nbsp;<\/p>\n<p style=\"text-align: center;\"><span style=\"font-family: times new roman, times, serif; font-size: 18pt;\"><strong>Strategika51 \u2013 14.7.2019<\/strong><\/span><\/p>\n<p>&nbsp;<\/p>\n<p>&nbsp;<\/p>\n<p style=\"text-align: center;\"><a href=\"http:\/\/blog.lesgrossesorchadeslesamplesthalameges.fr\/wp-content\/uploads\/2019\/07\/Xinjiang-Chine-720x340-1.jpg\"><img loading=\"lazy\" class=\"alignnone wp-image-5691\" src=\"http:\/\/blog.lesgrossesorchadeslesamplesthalameges.fr\/wp-content\/uploads\/2019\/07\/Xinjiang-Chine-720x340-1-300x142.jpg\" alt=\"\" width=\"650\" height=\"307\" srcset=\"https:\/\/blog.lesgrossesorchadeslesamplesthalameges.fr\/wp-content\/uploads\/2019\/07\/Xinjiang-Chine-720x340-1-300x142.jpg 300w, https:\/\/blog.lesgrossesorchadeslesamplesthalameges.fr\/wp-content\/uploads\/2019\/07\/Xinjiang-Chine-720x340-1.jpg 720w\" sizes=\"(max-width: 650px) 100vw, 650px\" \/><\/a><\/p>\n<p>&nbsp;<\/p>\n<p>&nbsp;<\/p>\n<p style=\"text-align: justify;\"><span style=\"font-family: times new roman, times, serif; font-size: 14pt;\">Le Saint-Graal des strat\u00e8ges de l\u2019Alliance Atlantique est de pouvoir instrumentaliser l\u2019Islam politique militant contre la R\u00e9publique populaire de Chine comme au bon vieux temps du grand Djihad Afghan soutenu \u00e0 tours de bras (de la CIA et du Mi6) et de missiles Sol-Air portatifs Stinger contre la d\u00e9funte Union Sovi\u00e9tique.<\/span><\/p>\n<p style=\"text-align: justify;\"><span style=\"font-family: times new roman, times, serif; font-size: 14pt;\">La Chine est en effet un grand morceau et il faut bien plus qu\u2019une seule approche pour abattre l\u2019Empire du Milieu. \u00c0 la question de Ta\u00efwan et de la Mer de Chine m\u00e9ridionale, il y a la question de la p\u00e9ninsule cor\u00e9enne et, le cas \u00e9ch\u00e9ant, les bases US au Japon. Ce n\u2019est pas suffisant et c\u2019est pour cela que la question du Tibet est toujours une th\u00e9matique \u00e0 prendre. Cela ne suffisait pas. Il fallait jouer sur un clivage religieux. La Secte Moon ne sert pas \u00e0 grand-chose, pas plus que les divergences entre P\u00e9kin et le Vatican sur l\u2019ind\u00e9pendance des \u00e9v\u00eaques. Cela ne motivait presque personne en Chine et le peu de gens qui s\u2019y int\u00e9ressent ne formait pas une force sociale capable d\u2019influer sur le cours des choses. Il fallait un tr\u00e8s puissant levier\u00a0: un clivage entre l\u2019islam et le monde chinois. Le r\u00eave du lib\u00e9ralisme triomphant des ann\u00e9es 90.<\/span><\/p>\n<p style=\"text-align: justify;\"><span style=\"font-family: times new roman, times, serif; font-size: 14pt;\">La province occidentale du Xinjiang ou Turkestan chinois, frontalier avec l\u2019Afghanistan, faisait l\u2019affaire. Ne restait plus qu\u2019\u00e0 exploiter la niche. Le financement du terrorisme est une sp\u00e9cialit\u00e9 particuli\u00e8re qui s\u2019est beaucoup perfectionn\u00e9e durant ces derni\u00e8res ann\u00e9es. La Chine a r\u00e9agi d\u00e8s le d\u00e9but des troubles s\u00e9paratistes avec beaucoup de fermet\u00e9. Il n\u2019y a pas que les Ou\u00efghours qui sont musulmans en Chine; les San le sont en majorit\u00e9 \u00e9galement dans le centre de la Chine et la premi\u00e8re mosqu\u00e9e chinoise a ouvert ses portes il y a plus de mille ans. Ce n\u2019est donc pas un probl\u00e8me religieux mais strat\u00e9gique qui oppose la Chine aux \u00c9tats-Unis. L\u2019islamisme n\u2019\u00e9tant qu\u2019un outil de l\u2019h\u00e9g\u00e9monie de l\u2019empire dont il utilise les ressources et les mercenaires pour semer le d\u00e9sordre chez ses ennemis. P\u00e9kin l\u2019a bien compris. Vint le tour de la propagande. On \u00e9voque des camps de concentration de musulmans en Chine.<\/span><\/p>\n<p>&nbsp;<\/p>\n<p>&nbsp;<\/p>\n<p style=\"text-align: center;\"><a href=\"http:\/\/blog.lesgrossesorchadeslesamplesthalameges.fr\/wp-content\/uploads\/2019\/07\/areya-road-xinjiang.jpg\"><img loading=\"lazy\" class=\"alignnone wp-image-5692\" src=\"http:\/\/blog.lesgrossesorchadeslesamplesthalameges.fr\/wp-content\/uploads\/2019\/07\/areya-road-xinjiang-300x225.jpg\" alt=\"\" width=\"650\" height=\"488\" srcset=\"https:\/\/blog.lesgrossesorchadeslesamplesthalameges.fr\/wp-content\/uploads\/2019\/07\/areya-road-xinjiang-300x225.jpg 300w, https:\/\/blog.lesgrossesorchadeslesamplesthalameges.fr\/wp-content\/uploads\/2019\/07\/areya-road-xinjiang-768x576.jpg 768w, https:\/\/blog.lesgrossesorchadeslesamplesthalameges.fr\/wp-content\/uploads\/2019\/07\/areya-road-xinjiang.jpg 1024w\" sizes=\"(max-width: 650px) 100vw, 650px\" \/><\/a><\/p>\n<p style=\"text-align: center;\"><span style=\"font-family: times new roman, times, serif; font-size: 14pt;\"><strong><em>Vous avez dit \u00ab\u00a0<\/em><\/strong><a href=\"https:\/\/classe-internationale.com\/2018\/11\/06\/la-reeducation-des-minorites-religieuses-du-xinjiang-absorption-du-terrorisme-ou-derniere-etape-deffacement-dune-culture\/\"><strong><em>Propagande<\/em><\/strong><\/a><strong><em>\u00a0\u00bb\u00a0?<\/em><\/strong><\/span><\/p>\n<p>&nbsp;<\/p>\n<p>&nbsp;<\/p>\n<p style=\"text-align: justify;\"><span style=\"font-family: times new roman, times, serif; font-size: 14pt;\">On croyait devoir encore assister \u00e0 un remake des vid\u00e9os bidonn\u00e9es du Darfour au Soudan o\u00f9 des experts en communication ont os\u00e9 utiliser la th\u00e9orie du genre pour masquer une famine et une guerre civile \u00e0 des fins strat\u00e9giques visant la partition du Soudan, ou encore l\u2019inoubliable vid\u00e9o valant trois films d\u2019action \u00e0 gros budget hollywoodiens sur l\u2019Arm\u00e9e du Seigneur en Ouganda (Y a rien \u00e0 dire, Hollywood poss\u00e8de la main dans ce genre de films depuis les ann\u00e9es 40) mais voil\u00e0 que Trente-sept pays, dont deux pays musulmans,\u00a0l\u2019Alg\u00e9rie et l\u2019Arabie, ont \u00e9crit \u00e0 l\u2019ONU pour soutenir la Chine, apr\u00e8s la lettre envoy\u00e9e par une vingtaine de pays, principalement occidentaux, pour d\u00e9noncer les internements de musulmans dans la province chinoise du Xinjiang.<\/span><\/p>\n<p style=\"text-align: justify;\"><span style=\"font-family: times new roman, times, serif; font-size: 14pt;\">Pour un non initi\u00e9 aux retournements de situations, des pays occidentaux menant une guerre sans fin contre le terrorisme \u00ab\u00a0islamiste\u00a0\u00bb dans la r\u00e9gion centrale du monde et dont les m\u00e9dias font dans la promotion de l\u2019islamophobie, d\u00e9fendant les musulmans chinois contre les m\u00e9chants chinois alors que les pays musulmans d\u00e9fendent ces m\u00eames m\u00e9chants chinois et apportent leur soutien \u00e0 P\u00e9kin dans sa lutte contre la subversion, c\u2019est la fin du monde, mais cela a le m\u00e9rite de mettre \u00e0 nu les mensonges de toute l\u2019id\u00e9ologie occidentale depuis la fin de la guerre froide.<\/span><\/p>\n<p style=\"text-align: justify;\"><span style=\"font-family: times new roman, times, serif; font-size: 14pt;\">Outre l\u2019Alg\u00e9rie qui vient juste d\u2019adh\u00e9rer officiellement \u00e0 la grande initiative \u00e9conomique chinoise et la nouvelle route de la Soie, l\u2019Arabie Saoudite (il para\u00eet que MBS serait tr\u00e8s remont\u00e9 contre les Britanniques), la Chine a re\u00e7u le soutien fort inattendu du Qatar et des Philippines et, bien \u00e9videmment, celui de la Cor\u00e9e du Nord et de la Syrie, deux autres pays cibl\u00e9s par l\u2019empire. En Afrique, le Nig\u00e9ria n\u2019a pas fait dans la demi-mesure\u00a0: non seulement il soutient la Chine mais il l\u2019appelle \u00e0 venir investir chez lui. Le Commonwealth en tremble.<\/span><\/p>\n<p>&nbsp;<\/p>\n<p style=\"text-align: left;\"><span style=\"font-family: times new roman, times, serif; font-size: 14pt;\">Source\u00a0: <\/span><a href=\"https:\/\/strategika51.org\/archives\/64643\"><span style=\"font-family: times new roman, times, serif; font-size: 14pt;\">https:\/\/strategika51.org\/archives\/64643<\/span><\/a><\/p>\n<p>&nbsp;<\/p>\n<p>&nbsp;<\/p>\n<p>&nbsp;<\/p>\n<p style=\"text-align: center;\"><a href=\"http:\/\/blog.lesgrossesorchadeslesamplesthalameges.fr\/wp-content\/uploads\/2019\/07\/\u00e9toile-rouge-1.gif\"><img loading=\"lazy\" class=\"alignnone size-full wp-image-5636\" src=\"http:\/\/blog.lesgrossesorchadeslesamplesthalameges.fr\/wp-content\/uploads\/2019\/07\/\u00e9toile-rouge-1.gif\" alt=\"\" width=\"50\" height=\"50\" \/><\/a><\/p>\n<p>&nbsp;<\/p>\n<p>&nbsp;<\/p>\n<p style=\"text-align: right;\"><span style=\"font-size: 14pt; font-family: comic sans ms, sans-serif;\">Juillet 2019<\/span><\/p>\n<p>&nbsp;<\/p>\n<p>&nbsp;<\/p>\n","protected":false},"excerpt":{"rendered":"<p>&nbsp; &nbsp; &nbsp; &nbsp; &nbsp; &nbsp; &nbsp; Strategika 51 Intelligence An Asymmetric Bilingual Intel and Defense Perspective on the Go ! &nbsp; &nbsp; De la strat\u00e9gie invers\u00e9e ou quand des pays musulmans soutiennent la Chine sur la question du Xinjiang &nbsp; Strategika51 \u2013 14.7.2019 &nbsp; &nbsp; &nbsp; &nbsp; Le Saint-Graal des strat\u00e8ges de l\u2019Alliance Atlantique&#8230;<\/p>\n","protected":false},"author":1,"featured_media":0,"parent":0,"menu_order":0,"comment_status":"open","ping_status":"open","template":"","meta":[],"_links":{"self":[{"href":"https:\/\/blog.lesgrossesorchadeslesamplesthalameges.fr\/index.php\/wp-json\/wp\/v2\/pages\/5689"}],"collection":[{"href":"https:\/\/blog.lesgrossesorchadeslesamplesthalameges.fr\/index.php\/wp-json\/wp\/v2\/pages"}],"about":[{"href":"https:\/\/blog.lesgrossesorchadeslesamplesthalameges.fr\/index.php\/wp-json\/wp\/v2\/types\/page"}],"author":[{"embeddable":true,"href":"https:\/\/blog.lesgrossesorchadeslesamplesthalameges.fr\/index.php\/wp-json\/wp\/v2\/users\/1"}],"replies":[{"embeddable":true,"href":"https:\/\/blog.lesgrossesorchadeslesamplesthalameges.fr\/index.php\/wp-json\/wp\/v2\/comments?post=5689"}],"version-history":[{"count":0,"href":"https:\/\/blog.lesgrossesorchadeslesamplesthalameges.fr\/index.php\/wp-json\/wp\/v2\/pages\/5689\/revisions"}],"wp:attachment":[{"href":"https:\/\/blog.lesgrossesorchadeslesamplesthalameges.fr\/index.php\/wp-json\/wp\/v2\/media?parent=5689"}],"curies":[{"name":"wp","href":"https:\/\/api.w.org\/{rel}","templated":true}]}}