{"id":5873,"date":"2019-08-02T13:11:14","date_gmt":"2019-08-02T11:11:14","guid":{"rendered":"http:\/\/blog.lesgrossesorchadeslesamplesthalameges.fr\/?page_id=5873"},"modified":"2019-08-02T13:11:14","modified_gmt":"2019-08-02T11:11:14","slug":"un-juge-us-jette-un-serieux-baton-dans-les-roues","status":"publish","type":"page","link":"https:\/\/blog.lesgrossesorchadeslesamplesthalameges.fr\/index.php\/un-juge-us-jette-un-serieux-baton-dans-les-roues\/","title":{"rendered":"Un juge US jette un s\u00e9rieux b\u00e2ton dans les roues"},"content":{"rendered":"<p>&nbsp;<\/p>\n<p>&nbsp;<\/p>\n<p>&nbsp;<\/p>\n<p>&nbsp;<\/p>\n<p>&nbsp;<\/p>\n<p>&nbsp;<\/p>\n<p style=\"text-align: justify;\"><span style=\"font-family: comic sans ms, sans-serif; font-size: 14pt; color: #c00000;\"><strong>Un juge US vient de jeter un s\u00e9rieux b\u00e2ton dans les roues de la proc\u00e9dure visant \u00e0 l\u2019extradition de Julian Assange. <\/strong><\/span><\/p>\n<p style=\"text-align: justify;\"><span style=\"font-family: comic sans ms, sans-serif; font-size: 14pt; color: #c00000;\"><strong>Le juge f\u00e9d\u00e9ral <\/strong><strong>John G. Koeltl vient en effet de passer un jugement selon lequel Wikileaks avait parfaitement le droit de publier les e-mails du DNC (Congr\u00e8s D\u00e9mocrate US), ce qui signifie qu\u2019aucune loi US n\u2019a \u00e9t\u00e9 enfreinte et que les poursuites contre Julian Assange ne sont pas justifi\u00e9es.<\/strong><\/span><\/p>\n<p style=\"text-align: justify;\"><span style=\"font-family: comic sans ms, sans-serif; font-size: 14pt; color: #c00000;\"><strong>En anglais\u00a0<\/strong><strong>:<\/strong><\/span><\/p>\n<p style=\"text-align: justify;\"><span style=\"font-family: times new roman, times, serif; font-size: 14pt;\"><strong>\u00a0<\/strong><\/span><\/p>\n<p>&nbsp;<\/p>\n<p style=\"text-align: center;\"><span style=\"font-family: times new roman, times, serif; font-size: 36pt;\"><strong>Judge\u2019s ruling throws huge spanner into US extradition proceedings against Assange<\/strong><\/span><\/p>\n<p>&nbsp;<\/p>\n<p style=\"text-align: center;\"><span style=\"font-family: times new roman, times, serif; font-size: 18pt;\"><strong>Tom Coburg \u2013 <em>I.C.H.<\/em> \u2013<\/strong> <strong>1.8.2019<\/strong><\/span><\/p>\n<p style=\"text-align: justify;\"><span style=\"font-family: times new roman, times, serif; font-size: 14pt;\"><strong>\u00a0<\/strong><\/span><\/p>\n<p>&nbsp;<\/p>\n<p style=\"text-align: center;\"><a href=\"http:\/\/blog.lesgrossesorchadeslesamplesthalameges.fr\/wp-content\/uploads\/2019\/08\/Assange-Wikileaks.jpg\"><img loading=\"lazy\" class=\"alignnone wp-image-5858\" src=\"http:\/\/blog.lesgrossesorchadeslesamplesthalameges.fr\/wp-content\/uploads\/2019\/08\/Assange-Wikileaks.jpg\" alt=\"\" width=\"600\" height=\"325\" \/><\/a><\/p>\n<p>&nbsp;<\/p>\n<p>&nbsp;<\/p>\n<p style=\"text-align: justify;\"><span style=\"font-family: times new roman, times, serif; font-size: 14pt;\">August 01, 2019 \u00ab\u00a0<a href=\"http:\/\/www.informationclearinghouse.info\/\">Information Clearing House<\/a>\u00a0\u00bb &#8211; \u00a0A US judge has ruled that <a href=\"https:\/\/www.thecanary.co\/topics\/wikileaks\"><em>WikiLeaks<\/em><\/a> was fully entitled to publish the Democratic National Congress (DNC) emails, which means no law was broken. The ruling is highly significant as it could impact upon the US extradition proceedings against <em>WikiLeaks<\/em> founder <a href=\"https:\/\/www.thecanary.co\/topics\/julian-assange\">Julian Assange<\/a>, as well as the ongoing imprisonment of whistleblower <a href=\"https:\/\/www.thecanary.co\/topics\/chelsea-manning\">Chelsea Manning<\/a>.<\/span><\/p>\n<p>&nbsp;<\/p>\n<p style=\"text-align: justify;\"><span style=\"font-family: times new roman, times, serif; font-size: 18pt;\"><strong>The ruling<\/strong><\/span><\/p>\n<p style=\"text-align: justify;\"><span style=\"font-family: times new roman, times, serif; font-size: 14pt;\">On 30 July, federal judge John G. Koeltl <a href=\"https:\/\/www.documentcloud.org\/documents\/6225696-DNC-Trump-7-30-19.html\">ruled<\/a> on a <a href=\"https:\/\/intpolicydigest.org\/2019\/07\/31\/publishing-stolen-material-wikileaks-the-dnc-and-freedom-of-speech\/\">case<\/a> brought against <em>WikiLeaks<\/em> and other parties in regard to the alleged hacking of DNC emails and <a href=\"https:\/\/reclaimthenet.org\/dnc-lawsuit-against-wikileaks-dismissed\/amp\/?__twitter_impression=true\">concluded<\/a> that :<\/span><\/p>\n<p style=\"text-align: justify; padding-left: 30px;\"><span style=\"font-family: times new roman, times, serif; font-size: 14pt;\">If WikiLeaks could be held liable for publishing documents concerning the DNC\u2019s political financial and voter-engagement strategies simply because the DNC labels them \u2018secret\u2019 and trade secrets, then so could any newspaper or other media outlet.<\/span><\/p>\n<p>&nbsp;<\/p>\n<p style=\"text-align: justify;\"><span style=\"font-family: times new roman, times, serif; font-size: 14pt;\">In other words, if <em>WikiLeaks<\/em> is subject to prosecution, then every media outlet in the world would be. The judge <a href=\"https:\/\/amp.dailycaller.com\/2019\/07\/30\/judge-dnc-lawsuit-trump-emails?__twitter_impression=true\">argued that\u00a0<\/a>:<\/span><\/p>\n<p style=\"text-align: justify; padding-left: 30px;\"><span style=\"font-family: times new roman, times, serif; font-size: 14pt;\">[T]he First Amendment prevents such liability in the same way it would preclude liability for press outlets that publish materials of public interest despite defects in the way the materials were obtained so long as the disseminator did not participate in any wrongdoing in obtaining the materials in the first place.<\/span><\/p>\n<p>&nbsp;<\/p>\n<p style=\"text-align: justify;\"><span style=\"font-family: times new roman, times, serif; font-size: 14pt;\">Significantly, the judge <a href=\"https:\/\/reclaimthenet.org\/dnc-lawsuit-against-wikileaks-dismissed\/amp\/?__twitter_impression=true\">added<\/a> that it\u2019s not criminal to solicit or \u201cwelcome\u201d stolen documents, and <a href=\"https:\/\/www.documentcloud.org\/documents\/6225696-DNC-Trump-7-30-19.html\">how<\/a>:<\/span><\/p>\n<p style=\"text-align: justify;\"><span style=\"font-family: times new roman, times, serif; font-size: 14pt;\">A person is entitled to publish stolen documents that the publisher requested from a source so long as the publisher did not participate in the theft.<\/span><\/p>\n<p>&nbsp;<\/p>\n<p style=\"text-align: justify;\"><span style=\"font-family: times new roman, times, serif; font-size: 18pt;\"><strong>Important win<\/strong><\/span><\/p>\n<p style=\"text-align: justify;\"><span style=\"font-family: times new roman, times, serif; font-size: 14pt;\">Jen Robinson, a member of Assange\u2019s legal team, described the judge\u2019s ruling as an \u201cimportant win for free speech\u201d:<\/span><\/p>\n<p style=\"text-align: justify; padding-left: 60px;\"><span style=\"font-family: times new roman, times, serif; font-size: 14pt;\">An important win for free speech: we have won our motion to dismiss for <a href=\"https:\/\/twitter.com\/wikileaks?ref_src=twsrc%5Etfw\">@wikileaks<\/a> in the <a href=\"https:\/\/twitter.com\/DNC?ref_src=twsrc%5Etfw\">@DNC<\/a> lawsuit against <a href=\"https:\/\/twitter.com\/hashtag\/Assange?src=hash&amp;ref_src=twsrc%5Etfw\">#Assange<\/a>, WikiLeaks et al over the 2016 US election publications on First Amendment grounds. Full judgment : <a href=\"https:\/\/t.co\/SZmyLd1Z83\">https:\/\/t.co\/SZmyLd1Z83<\/a>\u00a0 &#8211; Key passages : <a href=\"https:\/\/t.co\/Kq6dJkuSIc\">pic.twitter.com\/Kq6dJkuSIc<\/a><\/span><\/p>\n<p style=\"text-align: justify; padding-left: 60px;\"><span style=\"font-family: times new roman, times, serif; font-size: 14pt;\">\u2014 Jen Robinson (@suigenerisjen) <a href=\"https:\/\/twitter.com\/suigenerisjen\/status\/1156360653629796352?ref_src=twsrc%5Etfw\">July 31, 2019<\/a><\/span><\/p>\n<p>&nbsp;<\/p>\n<p style=\"text-align: justify;\"><span style=\"font-family: times new roman, times, serif; font-size: 14pt;\">And US <em>WikiLeaks<\/em> lawyer Joshua Dratel <a href=\"https:\/\/www.washingtonexaminer.com\/news\/judge-dismisses-dnc-hacking-lawsuit-against-trump-campaign-wikileaks-and-russia?_amp=true&amp;__twitter_impression=true\">said<\/a> he was :<\/span><\/p>\n<p style=\"text-align: justify; padding-left: 60px;\"><span style=\"font-family: times new roman, times, serif; font-size: 14pt;\">very gratified with the result, which reaffirms First Amendment principles that apply to journalists across the board, whether they work for large institutions or small independent operations.<\/span><\/p>\n<p>&nbsp;<\/p>\n<p style=\"text-align: justify;\"><span style=\"font-family: times new roman, times, serif; font-size: 18pt;\"><strong>Legal precedents<\/strong><\/span><\/p>\n<p style=\"text-align: justify;\"><span style=\"font-family: times new roman, times, serif; font-size: 14pt;\">Prior to the ruling, the American Civil Liberties Union (ACLU) was party to a <a href=\"https:\/\/www.aclu.org\/dnc-v-russian-federation-amicus-brief\">briefing<\/a> to the court.<\/span><\/p>\n<p style=\"text-align: justify;\"><span style=\"font-family: times new roman, times, serif; font-size: 14pt;\">The ACLU summarised some of the legal precedents listed in the briefing. For example, the First Amendment of the US Constitution <a href=\"https:\/\/www.aclu.org\/blog\/free-speech\/freedom-press\/press-freedom-groups-urge-court-uphold-core-first-amendment\">is a\u00a0<\/a>:<\/span><\/p>\n<p style=\"text-align: justify; padding-left: 60px;\"><span style=\"font-family: times new roman, times, serif; font-size: 14pt;\">legal principle, articulated most clearly in the 2001 Supreme Court decision <a href=\"https:\/\/www.law.cornell.edu\/supct\/html\/99-1687.ZS.html\"><em>Bartnicki v. Vopper<\/em><\/a>, [and] is a bedrock protection for the press. It is particularly important for national security reporters, who often rely on information that was illegally acquired by a source in publishing stories of considerable public concern. Indeed, this principle animated the court\u2019s famous <a href=\"https:\/\/www.nytimes.com\/2017\/12\/20\/us\/pentagon-papers-post.html\">Pentagon Papers<\/a> decision, protecting the right to publish stories based on a secret government account of official misconduct during the origins of the Vietnam War.<\/span><\/p>\n<p>&nbsp;<\/p>\n<p style=\"text-align: justify;\"><span style=\"font-family: times new roman, times, serif; font-size: 14pt;\">The briefing also <a href=\"https:\/\/www.aclu.org\/blog\/free-speech\/freedom-press\/press-freedom-groups-urge-court-uphold-core-first-amendment\">referenced<\/a> :<\/span><\/p>\n<p style=\"text-align: justify; padding-left: 60px;\"><span style=\"font-family: times new roman, times, serif; font-size: 14pt;\">revelations of the CIA\u2019s Bush-era <a href=\"http:\/\/www.washingtonpost.com\/wp-dyn\/content\/article\/2005\/11\/01\/AR2005110101644.html\">torture program<\/a> were based in part on leaks by whistleblowers throughout government. So, too, were stories exposing sweeping <a href=\"https:\/\/www.theguardian.com\/us-news\/the-nsa-files\">NSA surveillance programs<\/a> \u2014 stories for which several newspapers won Pulitzer Prizes in 2005 and in 2014.<\/span><\/p>\n<p>&nbsp;<\/p>\n<p style=\"text-align: justify;\"><span style=\"font-family: times new roman, times, serif; font-size: 14pt;\">It <a href=\"https:\/\/www.aclu.org\/blog\/free-speech\/freedom-press\/press-freedom-groups-urge-court-uphold-core-first-amendment\">added<\/a> :<\/span><\/p>\n<p style=\"text-align: justify; padding-left: 60px;\"><span style=\"font-family: times new roman, times, serif; font-size: 14pt;\">Likewise, much of the reporting on Watergate relied on anonymous sources divulging government secrets. <a href=\"https:\/\/www.washingtonpost.com\/politics\/fbis-no-2-was-deep-throat-mark-felt-ends-30-year-mystery-of-the-posts-watergate-source\/2012\/06\/04\/gJQAwseRIV_story.html?utm_term=.62fdd5a82ca0\">Mark Felt<\/a>, the deputy director of the FBI and the most famous Watergate source (nicknamed \u201cDeep Throat\u201d), took extensive steps to conceal his communications with the press because his leaks were under active investigation.<\/span><\/p>\n<p>&nbsp;<\/p>\n<p style=\"text-align: justify;\"><span style=\"font-family: times new roman, times, serif; font-size: 14pt;\"><a href=\"https:\/\/www.aclu.org\/blog\/free-speech\/freedom-press\/press-freedom-groups-urge-court-uphold-core-first-amendment\">Furthermore<\/a> :<\/span><\/p>\n<p style=\"text-align: justify; padding-left: 60px;\"><span style=\"font-family: times new roman, times, serif; font-size: 14pt;\">an anonymous source sent more than 2.6 terabytes of encrypted information to a German newspaper and a U.S. investigative journalism non-profit. Known as the \u201c<a href=\"https:\/\/www.icij.org\/investigations\/panama-papers\/\">Panama Papers<\/a>,\u201d these internal files of a now-defunct Panamanian law firm detailed a transnational tax evasion scheme developed for wealthy clients around the world. The disclosure of the files sparked public debate and multiple proposals for legal reform.<\/span><\/p>\n<p>&nbsp;<\/p>\n<p style=\"text-align: justify;\"><span style=\"font-family: times new roman, times, serif; font-size: 14pt;\">The ACLU <a href=\"https:\/\/www.aclu.org\/blog\/free-speech\/freedom-press\/press-freedom-groups-urge-court-uphold-core-first-amendment\">concluded\u00a0<\/a>:<\/span><\/p>\n<p style=\"text-align: justify; padding-left: 60px;\"><span style=\"font-family: times new roman, times, serif; font-size: 14pt;\">A ruling against WikiLeaks that narrowed this [First Amendment] protection could jeopardize the well-established legal framework that made these stories possible \u2014 and that is crucial to ensuring that the public has the information it needs to hold powerful actors to account.<\/span><\/p>\n<p>&nbsp;<\/p>\n<p style=\"text-align: justify;\"><span style=\"font-family: times new roman, times, serif; font-size: 18pt;\"><strong>Legal implications<\/strong><\/span><\/p>\n<p style=\"text-align: justify;\"><span style=\"font-family: times new roman, times, serif; font-size: 14pt;\">The judge\u2019s ruling could therefore have huge implications for US extradition proceedings against Assange.<\/span><\/p>\n<p style=\"text-align: justify;\"><span style=\"font-family: times new roman, times, serif; font-size: 14pt;\"><a href=\"https:\/\/www.salamancachambers.org\/greg-1\"><em>Greg Barns<\/em><\/a>, a barrister and longtime adviser to the Assange campaign, told <em>The Canary <\/em>:<\/span><\/p>\n<p style=\"text-align: justify; padding-left: 60px;\"><span style=\"font-family: times new roman, times, serif; font-size: 14pt;\">The Court, in dismissing the case, found that the First Amendment protected WikiLeaks\u2019 right to publish illegally secured private or classified documents of public interest, applying the same First Amendment standard as was used in justifying the The New York Times publication of the Pentagon Papers. That right exists, so long as a publisher does not join in any illegal acts that the source may have committed to obtain that information. But that doesn\u2019t include common journalistic practices, such as requesting or soliciting documents or actively collaborating with a source. So this case is important in restating what is and is not protected under the First Amendment. But does it have implications for the extradition hearing? Well it certainly helps to remind the courts in the UK that the First Amendment protection is very broad.<\/span><\/p>\n<p>&nbsp;<\/p>\n<p style=\"text-align: justify;\"><span style=\"font-family: times new roman, times, serif; font-size: 14pt;\">Assange is <a href=\"https:\/\/spcommreports.ohchr.org\/TMResultsBase\/DownLoadPublicCommunicationFile?gId=24631\">understood to be ill<\/a>, while\u00a0Manning is <a href=\"https:\/\/www.thecanary.co\/us\/us-analysis\/2019\/03\/11\/chelsea-manning-shows-the-world-what-real-courage-is-now-the-world-needs-to-respond\/\">incarcerated<\/a> for refusing to provide further information about her role as a <em>WikiLeaks<\/em> source. With consideration of this latest ruling, both should be immediately released from their respective prisons.<\/span><\/p>\n<p>&nbsp;<\/p>\n<p style=\"text-align: justify;\"><strong><span style=\"font-family: times new roman, times, serif; font-size: 14pt;\"><em>This article was originally published by \u00ab\u00a0<\/em><a href=\"https:\/\/www.thecanary.co\/us\/us-analysis\/2019\/07\/31\/judges-ruling-throws-huge-spanner-into-us-extradition-proceedings-against-assange\/\"><em>The Canary<\/em><\/a><em>\u00a0\u00bb &#8211;<\/em> <em>&#8211;<\/em> \u00a0<\/span><\/strong><\/p>\n<p>&nbsp;<\/p>\n<p style=\"text-align: center;\"><span style=\"font-family: times new roman, times, serif; font-size: 18pt; color: #c00000;\"><strong>==See Also==<\/strong><\/span><\/p>\n<p>&nbsp;<\/p>\n<p style=\"text-align: left;\"><span style=\"font-family: times new roman, times, serif; font-size: 18pt;\"><a href=\"https:\/\/www.rt.com\/news\/465279-assange-belmarsh-prison-torture\/\"><strong>Julian Assange faces \u2018TORTURE\u2019 if extradited to US \u2013 UN rapporteur warns <\/strong><\/a><\/span><\/p>\n<p style=\"text-align: left;\"><span style=\"font-family: times new roman, times, serif; font-size: 18pt;\"><a href=\"https:\/\/www.washingtontimes.com\/news\/2019\/jul\/31\/julian-assange-lawyer-asks-australia-to-raise-extr\/\"><strong>Assange attorney asks Australian govt. to raise extradition with Pompeo ahead of meeting<\/strong><\/a><\/span><\/p>\n<p style=\"text-align: left;\"><span style=\"font-family: times new roman, times, serif; font-size: 14pt;\">Notre source\u00a0: <\/span><a href=\"http:\/\/www.informationclearinghouse.info\/52021.htm\"><span style=\"font-family: times new roman, times, serif; font-size: 14pt;\">http:\/\/www.informationclearinghouse.info\/52021.ht<\/span><\/a><\/p>\n<p>&nbsp;<\/p>\n<p>&nbsp;<\/p>\n<p>&nbsp;<\/p>\n<p style=\"text-align: center;\"><img loading=\"lazy\" class=\"alignnone wp-image-5854\" src=\"http:\/\/blog.lesgrossesorchadeslesamplesthalameges.fr\/wp-content\/uploads\/2019\/08\/Justice-bleue-GIF-300x143.gif\" alt=\"\" width=\"100\" height=\"48\" \/><\/p>\n<p>&nbsp;<\/p>\n<p>&nbsp;<\/p>\n<p style=\"text-align: right;\"><span style=\"font-family: comic sans ms, sans-serif; font-size: 14pt;\">Ao\u00fbt 2019<\/span><\/p>\n<p>&nbsp;<\/p>\n<p>&nbsp;<\/p>\n","protected":false},"excerpt":{"rendered":"<p>&nbsp; &nbsp; &nbsp; &nbsp; &nbsp; &nbsp; Un juge US vient de jeter un s\u00e9rieux b\u00e2ton dans les roues de la proc\u00e9dure visant \u00e0 l\u2019extradition de Julian Assange. Le juge f\u00e9d\u00e9ral John G. Koeltl vient en effet de passer un jugement selon lequel Wikileaks avait parfaitement le droit de publier les e-mails du DNC (Congr\u00e8s D\u00e9mocrate&#8230;<\/p>\n","protected":false},"author":1,"featured_media":0,"parent":0,"menu_order":0,"comment_status":"open","ping_status":"open","template":"","meta":[],"_links":{"self":[{"href":"https:\/\/blog.lesgrossesorchadeslesamplesthalameges.fr\/index.php\/wp-json\/wp\/v2\/pages\/5873"}],"collection":[{"href":"https:\/\/blog.lesgrossesorchadeslesamplesthalameges.fr\/index.php\/wp-json\/wp\/v2\/pages"}],"about":[{"href":"https:\/\/blog.lesgrossesorchadeslesamplesthalameges.fr\/index.php\/wp-json\/wp\/v2\/types\/page"}],"author":[{"embeddable":true,"href":"https:\/\/blog.lesgrossesorchadeslesamplesthalameges.fr\/index.php\/wp-json\/wp\/v2\/users\/1"}],"replies":[{"embeddable":true,"href":"https:\/\/blog.lesgrossesorchadeslesamplesthalameges.fr\/index.php\/wp-json\/wp\/v2\/comments?post=5873"}],"version-history":[{"count":0,"href":"https:\/\/blog.lesgrossesorchadeslesamplesthalameges.fr\/index.php\/wp-json\/wp\/v2\/pages\/5873\/revisions"}],"wp:attachment":[{"href":"https:\/\/blog.lesgrossesorchadeslesamplesthalameges.fr\/index.php\/wp-json\/wp\/v2\/media?parent=5873"}],"curies":[{"name":"wp","href":"https:\/\/api.w.org\/{rel}","templated":true}]}}