{"id":6074,"date":"2019-08-12T20:40:44","date_gmt":"2019-08-12T18:40:44","guid":{"rendered":"http:\/\/blog.lesgrossesorchadeslesamplesthalameges.fr\/?page_id=6074"},"modified":"2019-08-12T20:40:44","modified_gmt":"2019-08-12T18:40:44","slug":"une-attaque-contre-liran-serait-une-attaque-contre-la-russie","status":"publish","type":"page","link":"https:\/\/blog.lesgrossesorchadeslesamplesthalameges.fr\/index.php\/une-attaque-contre-liran-serait-une-attaque-contre-la-russie\/","title":{"rendered":"Une attaque contre l&rsquo;Iran serait une attaque contre la Russie"},"content":{"rendered":"<p>&nbsp;<\/p>\n<p>&nbsp;<\/p>\n<p>&nbsp;<\/p>\n<p>&nbsp;<\/p>\n<p>&nbsp;<\/p>\n<p>&nbsp;<\/p>\n<p style=\"text-align: center;\"><span style=\"font-family: times new roman, times, serif; font-size: 36pt;\"><strong>Une attaque contre l\u2019Iran serait une attaque contre la Russie<\/strong><\/span><\/p>\n<p>&nbsp;<\/p>\n<p style=\"text-align: center;\"><span style=\"font-family: times new roman, times, serif; font-size: 18pt;\"><strong>Pepe Escobar \u2013 <em>Entelekheia<\/em> \u2013 8.8.2019<\/strong><\/span><\/p>\n<p style=\"text-align: center;\"><span style=\"font-family: times new roman, times, serif; font-size: 14pt;\"><strong>\u00a0<\/strong><\/span><\/p>\n<p>&nbsp;<\/p>\n<p style=\"text-align: center;\"><a href=\"http:\/\/blog.lesgrossesorchadeslesamplesthalameges.fr\/wp-content\/uploads\/2019\/08\/Iran-Russia-Sergei-Lavrov-Mohammad-Javad-Zarif-May-8-2019-900x540-1.jpg\"><img loading=\"lazy\" class=\"alignnone wp-image-6070\" src=\"http:\/\/blog.lesgrossesorchadeslesamplesthalameges.fr\/wp-content\/uploads\/2019\/08\/Iran-Russia-Sergei-Lavrov-Mohammad-Javad-Zarif-May-8-2019-900x540-1-300x180.jpg\" alt=\"\" width=\"600\" height=\"360\" srcset=\"https:\/\/blog.lesgrossesorchadeslesamplesthalameges.fr\/wp-content\/uploads\/2019\/08\/Iran-Russia-Sergei-Lavrov-Mohammad-Javad-Zarif-May-8-2019-900x540-1-300x180.jpg 300w, https:\/\/blog.lesgrossesorchadeslesamplesthalameges.fr\/wp-content\/uploads\/2019\/08\/Iran-Russia-Sergei-Lavrov-Mohammad-Javad-Zarif-May-8-2019-900x540-1-768x461.jpg 768w, https:\/\/blog.lesgrossesorchadeslesamplesthalameges.fr\/wp-content\/uploads\/2019\/08\/Iran-Russia-Sergei-Lavrov-Mohammad-Javad-Zarif-May-8-2019-900x540-1.jpg 900w\" sizes=\"(max-width: 600px) 100vw, 600px\" \/><\/a><\/p>\n<p style=\"text-align: center;\"><span style=\"font-family: times new roman, times, serif; font-size: 12pt;\"><strong><em>Serguei Lavrov et son homologue iranien Mohammed Javad Zarif lors d&rsquo;une conf\u00e9rence commune \u00e0 Moscou<\/em><\/strong><\/span><\/p>\n<p style=\"text-align: justify;\"><span style=\"font-family: times new roman, times, serif; font-size: 14pt;\"><strong><em>\u00a0<\/em><\/strong><\/span><\/p>\n<p>&nbsp;<\/p>\n<p style=\"text-align: justify;\"><span style=\"font-family: tahoma, arial, helvetica, sans-serif; font-size: 14pt;\"><strong>Moscou propose une vision diam\u00e9tralement oppos\u00e9e aux sanctions, menaces et guerres \u00e9conomiques occidentales, qui la rapproche de T\u00e9h\u00e9ran.<\/strong><\/span><\/p>\n<p>&nbsp;<\/p>\n<p style=\"text-align: justify;\"><span style=\"font-family: times new roman, times, serif; font-size: 14pt;\">La Russie encha\u00eene m\u00e9ticuleusement des coups sur l\u2019\u00e9chiquier eurasien qui doivent \u00eatre observ\u00e9s conjointement, car Moscou propose au Sud global une approche diam\u00e9tralement oppos\u00e9e aux sanctions, aux menaces et \u00e0 la guerre \u00e9conomique occidentales. En voici trois exemples r\u00e9cents.<\/span><\/p>\n<p style=\"text-align: justify;\"><span style=\"font-family: times new roman, times, serif; font-size: 14pt;\">Il y a dix jours, par le biais d\u2019un document officiellement approuv\u00e9 par les Nations unies, le minist\u00e8re russe des Affaires \u00e9trang\u00e8res a propos\u00e9 un nouveau concept de s\u00e9curit\u00e9 collective pour le golfe Persique.<\/span><\/p>\n<p style=\"text-align: justify;\"><span style=\"font-family: times new roman, times, serif; font-size: 14pt;\">Moscou souligne que \u00ab\u00a0le travail pratique sur le lancement du processus de cr\u00e9ation d\u2019un syst\u00e8me de s\u00e9curit\u00e9 dans le Golfe persique\u00a0\u00bb devrait commencer par \u00ab\u00a0des consultations bilat\u00e9rales et multilat\u00e9rales entre les parties int\u00e9ress\u00e9es, y compris les pays de la r\u00e9gion et d\u2019ailleurs\u00a0\u00bb, avec en outre des organisations comme le Conseil de s\u00e9curit\u00e9 des Nations Unies, la Ligue arabe, l\u2019Organisation pour la coop\u00e9ration islamique et le Conseil de coop\u00e9ration du Golfe.<\/span><\/p>\n<p style=\"text-align: justify;\"><span style=\"font-family: times new roman, times, serif; font-size: 14pt;\">La prochaine \u00e9tape devrait \u00eatre une conf\u00e9rence internationale sur la s\u00e9curit\u00e9 et la coop\u00e9ration dans le golfe Persique, suivie de la cr\u00e9ation d\u2019une organisation sp\u00e9cialis\u00e9e \u2013 ce qui ne ressemblera certainement pas \u00e0 l\u2019incomp\u00e9tente Ligue arabe.<\/span><\/p>\n<p style=\"text-align: justify;\"><span style=\"font-family: times new roman, times, serif; font-size: 14pt;\">L\u2019initiative russe doit \u00eatre interpr\u00e9t\u00e9e comme une sorte de pendant et surtout de compl\u00e9ment de l\u2019Organisation de coop\u00e9ration de Shanghai, qui s\u2019\u00e9panouit enfin en tant qu\u2019organe s\u00e9curitaire, \u00e9conomique et politique. La conclusion in\u00e9vitable est que les principaux membres de l\u2019 Organisation de coop\u00e9ration de Shanghai \u2013 la Russie, la Chine, l\u2019Inde, le Pakistan et, dans un avenir proche, l\u2019Iran et la Turquie \u2013 auront une influence majeure sur la stabilit\u00e9 r\u00e9gionale.<\/span><\/p>\n<p style=\"text-align: justify;\"><span style=\"font-family: times new roman, times, serif; font-size: 14pt;\">Cela ne va pas amuser le Pentagone.<\/span><\/p>\n<p>&nbsp;<\/p>\n<p style=\"text-align: justify;\"><span style=\"font-family: times new roman, times, serif; font-size: 18pt; color: #800000;\"><strong>Exercices conjoints \u00e0 gogo<\/strong><\/span><\/p>\n<p style=\"text-align: justify;\"><span style=\"font-family: times new roman, times, serif; font-size: 14pt;\">Lorsque le commandant de la marine iranienne, Hossein Khanzadi, s\u2019est r\u00e9cemment rendu \u00e0 Saint-P\u00e9tersbourg pour y c\u00e9l\u00e9brer la Journ\u00e9e de la marine russe, l\u2019\u00e9tat-major g\u00e9n\u00e9ral des forces arm\u00e9es iraniennes et le minist\u00e8re russe de la D\u00e9fense ont sign\u00e9 un protocole d\u2019accord sans pr\u00e9c\u00e9dent.<\/span><\/p>\n<p style=\"text-align: justify;\"><span style=\"font-family: times new roman, times, serif; font-size: 14pt;\">Khanzadi a tenu \u00e0 souligner que le m\u00e9morandum \u00ab\u00a0peut \u00eatre consid\u00e9r\u00e9 comme un tournant dans les relations entre T\u00e9h\u00e9ran et Moscou au long de la trajectoire de la d\u00e9fense\u00a0\u00bb.<\/span><\/p>\n<p style=\"text-align: justify;\"><span style=\"font-family: times new roman, times, serif; font-size: 14pt;\">Il en r\u00e9sulte directement que Moscou et T\u00e9h\u00e9ran, avant mars 2020, organiseront un exercice naval conjoint dans \u2013 rien de moins \u2013 le d\u00e9troit d\u2019Ormuz. Comme Khanzadi l\u2019a dit \u00e0 l\u2019agence de presse IRNA : \u00ab\u00a0L\u2019exercice peut avoir lieu dans la partie nord de l\u2019oc\u00e9an Indien (vers le golfe d\u2019Oman), le d\u00e9troit d\u2019Ormuz et aussi le golfe Persique.\u00a0\u00bb<\/span><\/p>\n<p style=\"text-align: justify;\"><span style=\"font-family: times new roman, times, serif; font-size: 14pt;\">La marine am\u00e9ricaine, qui pr\u00e9voit une \u00ab\u00a0coalition internationale\u00a0\u00bb pour assurer la \u00ab\u00a0libert\u00e9 de navigation\u00a0\u00bb dans le d\u00e9troit d\u2019Ormuz \u2013 ce que l\u2019Iran a toujours garanti historiquement \u2013 ne va pas \u00eatre amus\u00e9e. La Grande-Bretagne non plus, qui fait pression en faveur d\u2019une coalition dirig\u00e9e par l\u2019Europe alors m\u00eame que le Brexit se profile \u00e0 l\u2019horizon.<\/span><\/p>\n<p style=\"text-align: justify;\"><span style=\"font-family: times new roman, times, serif; font-size: 14pt;\">Khanzadi a \u00e9galement not\u00e9 que T\u00e9h\u00e9ran et Moscou sont profond\u00e9ment impliqu\u00e9s dans le renforcement de leur coop\u00e9ration en mati\u00e8re de d\u00e9fense dans la mer Caspienne. Des exercices conjoints ont d\u00e9j\u00e0 eu lieu dans la mer Caspienne dans le pass\u00e9, mais jamais dans le golfe Persique.<\/span><\/p>\n<p style=\"text-align: justify;\"><span style=\"font-family: times new roman, times, serif; font-size: 14pt;\"><strong>\u00a0<\/strong><\/span><\/p>\n<p style=\"text-align: justify;\"><span style=\"font-family: times new roman, times, serif; font-size: 18pt; color: #800000;\"><strong>Tous ensemble \u00e0 l\u2019exercice<\/strong><\/span><\/p>\n<p style=\"text-align: justify;\"><span style=\"font-family: times new roman, times, serif; font-size: 14pt;\">Le District militaire oriental* de la Russie prendra part \u00e0 l\u2019exercice antiterroriste de l\u2019Association des nations de l\u2019Asie du Sud-Est (ASEAN) en Tha\u00eflande et en Chine, au d\u00e9but du mois prochain. Selon le District militaire oriental, l\u2019entra\u00eenement s\u2019inscrit dans le cadre des \u00ab\u00a0pr\u00e9paratifs d\u2019une phase pratique d\u2019exercice antiterroriste de l\u2019ASEAN en Chine\u00a0\u00bb. Cela signifie, entre autres, que les troupes russes utiliseront du mat\u00e9riel militaire chinois.<\/span><\/p>\n<p style=\"text-align: justify;\"><span style=\"font-family: times new roman, times, serif; font-size: 14pt;\">Les exercices comprennent des groupes tactiques interarm\u00e9es qui tenteront de lib\u00e9rer des otages de l\u2019int\u00e9rieur de b\u00e2timents officiels, de la recherche et de l\u2019\u00e9limination d\u2019explosifs, ainsi que des activit\u00e9s int\u00e9rieures et ext\u00e9rieures de reconnaissance d\u2019armes chimiques, biologiques et de radiations.<\/span><\/p>\n<p style=\"text-align: justify;\"><span style=\"font-family: times new roman, times, serif; font-size: 14pt;\">Cela doit \u00eatre interpr\u00e9t\u00e9 comme une interaction directe entre les pratiques de l\u2019Organisation de coop\u00e9ration de Shanghai et celles de l\u2019Association des nations de l\u2019Asie du Sud-Est (ASEAN), en compl\u00e9ment de l\u2019intensification des \u00e9changes commerciaux entre l\u2019Union \u00e9conomique eurasiatique et l\u2019ASEAN.<\/span><\/p>\n<p style=\"text-align: justify;\"><span style=\"font-family: times new roman, times, serif; font-size: 14pt;\">Ces trois d\u00e9veloppements illustrent la fa\u00e7on dont la Russie est impliqu\u00e9e dans un large spectre allant de la mer Caspienne et du golfe Persique jusqu\u2019\u00e0 l\u2019Asie du Sud-Est.<\/span><\/p>\n<p style=\"text-align: justify;\"><span style=\"font-family: times new roman, times, serif; font-size: 14pt;\">Mais l\u2019\u00e9l\u00e9ment cl\u00e9 reste l\u2019alliance russo-iranienne, qui doit \u00eatre interpr\u00e9t\u00e9e comme un noyau du projet d\u2019int\u00e9gration massive de l\u2019Eurasie au XXIe si\u00e8cle.<\/span><\/p>\n<p style=\"text-align: justify;\"><span style=\"font-family: times new roman, times, serif; font-size: 14pt;\">Ce que le secr\u00e9taire du Conseil national de s\u00e9curit\u00e9 russe, Nikolai Patrushev, a d\u00e9clar\u00e9 lors de la r\u00e9cente r\u00e9union trilat\u00e9rale historique avec John Bolton, conseiller de la Maison-Blanche pour la s\u00e9curit\u00e9 nationale, et Meir Ben-Shabbat, conseiller du Conseil national de s\u00e9curit\u00e9 isra\u00e9lien \u00e0 J\u00e9rusalem, devrait \u00eatre clair :<\/span><\/p>\n<p style=\"text-align: justify;\"><span style=\"font-family: times new roman, times, serif; font-size: 14pt;\">\u00ab\u00a0L\u2019Iran a toujours \u00e9t\u00e9 et demeure notre alli\u00e9 et partenaire, avec lequel nous d\u00e9veloppons constamment des relations tant sur une base bilat\u00e9rale qu\u2019au sein de structures multilat\u00e9rales.\u00a0\u00bb<\/span><\/p>\n<p style=\"text-align: justify;\"><span style=\"font-family: times new roman, times, serif; font-size: 14pt;\">Il s\u2019agit de mettre un terme aux sp\u00e9culations sans fondement selon lesquelles Moscou \u00ab\u00a0trahit\u00a0\u00bb T\u00e9h\u00e9ran sur de multiples fronts, depuis la guerre \u00e9conomique g\u00e9n\u00e9rale d\u00e9clench\u00e9e par l\u2019administration Donald Trump jusqu\u2019\u00e0 la r\u00e9solution de la trag\u00e9die syrienne.<\/span><\/p>\n<p style=\"text-align: justify;\"><span style=\"font-family: times new roman, times, serif; font-size: 14pt;\"><strong>\u00a0<\/strong><\/span><\/p>\n<p style=\"text-align: justify;\"><span style=\"font-family: times new roman, times, serif; font-size: 18pt; color: #800000;\"><strong>Rendez-vous \u00e0 Noursoultan<\/strong><\/span><\/p>\n<p style=\"text-align: justify;\"><span style=\"font-family: times new roman, times, serif; font-size: 14pt;\">Et cela nous am\u00e8ne \u00e0 la poursuite du processus d\u2019Astana sur la Syrie. Moscou, T\u00e9h\u00e9ran et Ankara tiendront une nouvelle r\u00e9union trilat\u00e9rale \u00e0 Noursoultan, la capitale kazakhe, peut-\u00eatre \u00e0 la date extr\u00eamement significative du 11 septembre, selon des sources diplomatiques.<\/span><\/p>\n<p style=\"text-align: justify;\"><span style=\"font-family: times new roman, times, serif; font-size: 14pt;\">Ce qui est vraiment important dans cette nouvelle phase du processus d\u2019Astana, cependant, c\u2019est la cr\u00e9ation du Comit\u00e9 constitutionnel syrien. Cela avait d\u00e9j\u00e0 \u00e9t\u00e9 convenu en janvier 2018 \u00e0 Sotchi : une commission \u2013 comprenant des repr\u00e9sentants du gouvernement, de l\u2019opposition et de la soci\u00e9t\u00e9 civile \u2013 capable d\u2019\u00e9laborer la nouvelle constitution syrienne, chaque groupe d\u00e9tenant un tiers des si\u00e8ges.<\/span><\/p>\n<p style=\"text-align: justify;\"><span style=\"font-family: times new roman, times, serif; font-size: 14pt;\">La seule solution viable possible \u00e0 la trag\u00e9die qu\u2019est la sale guerre par procuration contre la Syrie sera trouv\u00e9e par la Russie, l\u2019Iran et la Turquie. Cela inclut l\u2019alliance russo-iranienne. Et elle inclut et \u00e9largit la vision russe de la s\u00e9curit\u00e9 dans le golfe Persique, tout en faisant allusion \u00e0 une OCS \u00e9largie en Asie du Sud-Ouest, agissant en tant que m\u00e9canisme pan-asiatique de r\u00e9tablissement de la paix et s\u00e9rieux contre-pouvoir \u00e0 l\u2019OTAN.<\/span><\/p>\n<p style=\"text-align: right;\"><span style=\"font-family: times new roman, times, serif; font-size: 14pt;\">Traduction\u00a0: Entelekheia<\/span><\/p>\n<p style=\"text-align: justify;\"><span style=\"font-family: times new roman, times, serif; font-size: 14pt;\">________________\u00a0\u00a0<\/span><\/p>\n<p style=\"text-align: justify;\"><span style=\"font-family: times new roman, times, serif; font-size: 14pt;\">*<strong>Note de la traduction<\/strong> <strong>:<\/strong> La Russie est subdivis\u00e9e en 5 districts ou r\u00e9gions militaires. Le si\u00e8ge du District oriental, qui couvre 12 sujets de la f\u00e9d\u00e9ration de Russie (les \u00ab\u00a0sujets\u00a0\u00bb sont des entit\u00e9s : r\u00e9publiques, territoires, r\u00e9gions, villes d\u2019importance f\u00e9d\u00e9rale, r\u00e9gions autonomes et districts autonomes) est situ\u00e9 \u00e0 Khabarovsk, \u00e0 30 kilom\u00e8tres de la fronti\u00e8re chinoise.<\/span><\/p>\n<p style=\"text-align: left;\"><span style=\"font-family: times new roman, times, serif; font-size: 14pt;\">Source\u00a0: <a href=\"http:\/\/www.entelekheia.fr\/2019\/08\/08\/une-attaque-contre-liran-serait-une-attaque-contre-la-russie\/\">http:\/\/www.entelekheia.fr\/2019\/08\/08\/une-attaque-contre-liran-serait-une-attaque-contre-la-russie\/<\/a><\/span><\/p>\n<p style=\"text-align: left;\"><span style=\"font-family: times new roman, times, serif; font-size: 14pt;\">Source d\u2019origine\u00a0: <a href=\"https:\/\/www.asiatimes.com\/2019\/08\/article\/attack-on-iran-would-be-an-attack-on-russia\/\">Asia Times<\/a>, sous le titre <em>Attack on Iran would be an attack on Russia<\/em><\/span><\/p>\n<p>&nbsp;<\/p>\n<p>&nbsp;<\/p>\n<p style=\"text-align: center;\"><a href=\"http:\/\/blog.lesgrossesorchadeslesamplesthalameges.fr\/wp-content\/uploads\/2019\/08\/2.-DangerousTimes-x.gif\"><img loading=\"lazy\" class=\"alignnone size-full wp-image-6028\" src=\"http:\/\/blog.lesgrossesorchadeslesamplesthalameges.fr\/wp-content\/uploads\/2019\/08\/2.-DangerousTimes-x.gif\" alt=\"\" width=\"70\" height=\"63\" \/><\/a><\/p>\n<p>&nbsp;<\/p>\n<p style=\"text-align: right;\"><span style=\"font-family: comic sans ms, sans-serif;\">Ao\u00fbt 2019<\/span><\/p>\n<p>&nbsp;<\/p>\n<p>&nbsp;<\/p>\n","protected":false},"excerpt":{"rendered":"<p>&nbsp; &nbsp; &nbsp; &nbsp; &nbsp; &nbsp; Une attaque contre l\u2019Iran serait une attaque contre la Russie &nbsp; Pepe Escobar \u2013 Entelekheia \u2013 8.8.2019 \u00a0 &nbsp; Serguei Lavrov et son homologue iranien Mohammed Javad Zarif lors d&rsquo;une conf\u00e9rence commune \u00e0 Moscou \u00a0 &nbsp; Moscou propose une vision diam\u00e9tralement oppos\u00e9e aux sanctions, menaces et guerres \u00e9conomiques occidentales,&#8230;<\/p>\n","protected":false},"author":1,"featured_media":0,"parent":0,"menu_order":0,"comment_status":"open","ping_status":"open","template":"","meta":[],"_links":{"self":[{"href":"https:\/\/blog.lesgrossesorchadeslesamplesthalameges.fr\/index.php\/wp-json\/wp\/v2\/pages\/6074"}],"collection":[{"href":"https:\/\/blog.lesgrossesorchadeslesamplesthalameges.fr\/index.php\/wp-json\/wp\/v2\/pages"}],"about":[{"href":"https:\/\/blog.lesgrossesorchadeslesamplesthalameges.fr\/index.php\/wp-json\/wp\/v2\/types\/page"}],"author":[{"embeddable":true,"href":"https:\/\/blog.lesgrossesorchadeslesamplesthalameges.fr\/index.php\/wp-json\/wp\/v2\/users\/1"}],"replies":[{"embeddable":true,"href":"https:\/\/blog.lesgrossesorchadeslesamplesthalameges.fr\/index.php\/wp-json\/wp\/v2\/comments?post=6074"}],"version-history":[{"count":0,"href":"https:\/\/blog.lesgrossesorchadeslesamplesthalameges.fr\/index.php\/wp-json\/wp\/v2\/pages\/6074\/revisions"}],"wp:attachment":[{"href":"https:\/\/blog.lesgrossesorchadeslesamplesthalameges.fr\/index.php\/wp-json\/wp\/v2\/media?parent=6074"}],"curies":[{"name":"wp","href":"https:\/\/api.w.org\/{rel}","templated":true}]}}