{"id":6504,"date":"2019-09-15T23:43:16","date_gmt":"2019-09-15T21:43:16","guid":{"rendered":"http:\/\/blog.lesgrossesorchadeslesamplesthalameges.fr\/?page_id=6504"},"modified":"2019-09-15T23:44:02","modified_gmt":"2019-09-15T21:44:02","slug":"deux-acharnements-judiciaires-en-france","status":"publish","type":"page","link":"https:\/\/blog.lesgrossesorchadeslesamplesthalameges.fr\/index.php\/deux-acharnements-judiciaires-en-france\/","title":{"rendered":"Deux acharnements judiciaires en France"},"content":{"rendered":"<p>&nbsp;<\/p>\n<p>&nbsp;<\/p>\n<p>&nbsp;<\/p>\n<p>&nbsp;<\/p>\n<p>&nbsp;<\/p>\n<p>&nbsp;<\/p>\n<p style=\"text-align: center;\"><span style=\"font-size: 36pt; font-family: times new roman, times, serif;\"><strong>Deux acharnements judiciaires en France, \u00ab\u00a0pays [qui fut] des droits de l&rsquo;homme\u00a0\u00bb<\/strong><\/span><\/p>\n<p>&nbsp;<\/p>\n<p style=\"text-align: center;\"><span style=\"font-family: times new roman, times, serif; font-size: 24pt;\">Communiqu\u00e9 du <em><strong>Comit\u00e9 de soutien au commandant \u00ab\u00a0Carlos\u00a0\u00bb Ilich Ramirez, pr\u00e9sident Dieudonn\u00e9 M&rsquo;bala M&rsquo;bala<\/strong><\/em><\/span><\/p>\n<p>&nbsp;<\/p>\n<p>&nbsp;<\/p>\n<p><a href=\"http:\/\/blog.lesgrossesorchadeslesamplesthalameges.fr\/wp-content\/uploads\/2019\/09\/CARLOS.jpg\"><img loading=\"lazy\" class=\"wp-image-6441 aligncenter\" src=\"http:\/\/blog.lesgrossesorchadeslesamplesthalameges.fr\/wp-content\/uploads\/2019\/09\/CARLOS-300x300.jpg\" alt=\"\" width=\"300\" height=\"300\" srcset=\"https:\/\/blog.lesgrossesorchadeslesamplesthalameges.fr\/wp-content\/uploads\/2019\/09\/CARLOS-300x300.jpg 300w, https:\/\/blog.lesgrossesorchadeslesamplesthalameges.fr\/wp-content\/uploads\/2019\/09\/CARLOS-150x150.jpg 150w, https:\/\/blog.lesgrossesorchadeslesamplesthalameges.fr\/wp-content\/uploads\/2019\/09\/CARLOS.jpg 324w\" sizes=\"(max-width: 300px) 100vw, 300px\" \/><\/a><\/p>\n<p><em><strong>\u00a0<\/strong><\/em><\/p>\n<p>&nbsp;<\/p>\n<p style=\"text-align: justify;\"><span style=\"font-family: times new roman, times, serif; font-size: 14pt;\">Deux\u00a0 communistes;\u00a0 deux condamnations \u00e0 perp\u00e9tuit\u00e9 pour des actes terroristes dans le cadre du combat anticolonialiste et antisioniste; deux hommes debout qui ont d\u00e9j\u00e0 purg\u00e9 en France 33 ans et 25 ans de prison respectivement (G. I. Abdallah, n\u00e9 en 1951, condamn\u00e9 en 1986, est lib\u00e9rable depuis 1999; \u00ab\u00a0Carlos\u00a0\u00bb, n\u00e9 en 1949, \u00e9tait lib\u00e9rable en 2014; condamn\u00e9 \u00e0 nouveau pour une affaire pourtant d\u00e9j\u00e0 jug\u00e9e, en 2018, il pourrait finir de purger sa peine dans son pays, le Venezuela: mais les autorit\u00e9s fran\u00e7aises veulent absolument les garder encore sous les verrous).<\/span><\/p>\n<p style=\"text-align: justify;\"><span style=\"font-family: times new roman, times, serif; font-size: 14pt;\">Nous exigeons la lib\u00e9ration pour Abdallah, le rapatriement au Venezuela pour \u00ab\u00a0Carlos\u00a0\u00bb. Il s&rsquo;agit de deux combattants anticolonialistes et antisionistes, d&rsquo;exp\u00e9rience et de bon conseil. Au moment o\u00f9 M. Netanyahou pr\u00e9tend bafouer encore plus le droit international et les droits des Palestiniens en annexant la Cisjordanie, nous insistons\u00a0: ce serait un honneur pour la France que notre gouvernement prenne ses distances avec les n\u00e9ocolonialistes isra\u00e9liens et am\u00e9ricains. Georges Ibrahim Abdallah et \u00ab\u00a0Carlos\u00a0\u00bb sont des r\u00e9sistants qui ont donn\u00e9 leur vie et leur libert\u00e9 pour la lib\u00e9ration de la Palestine, et qui continuent le combat, en d\u00e9non\u00e7ant constamment l&rsquo;ing\u00e9rence isra\u00e9lienne mortif\u00e8re dans notre pays ainsi que les crimes commis en Palestine occup\u00e9e par l&rsquo;entit\u00e9 sioniste.<\/span><\/p>\n<p style=\"text-align: justify;\"><span style=\"font-family: times new roman, times, serif; font-size: 18pt;\"><strong>25 ans de prison pour \u00ab\u00a0Carlos\u00a0\u00bb, 33 ans pour Georges Ibrahim Abdallah,<\/strong> <strong>des peines largement purg\u00e9es en France, \u00e7a suffit !<\/strong><\/span><\/p>\n<p style=\"text-align: justify;\"><span style=\"font-family: times new roman, times, serif; font-size: 14pt;\"><strong>\u00a0<\/strong><\/span><\/p>\n<p style=\"text-align: center;\"><span style=\"font-family: times new roman, times, serif; font-size: 24pt;\"><strong>Libert\u00e9 pour Georges Ibrahim Abdallah<\/strong><\/span><\/p>\n<p style=\"text-align: center;\"><span style=\"font-family: times new roman, times, serif; font-size: 24pt;\"><strong>Rapatriement pour Ilich Ramirez Sanchez \u00ab\u00a0Carlos\u00a0\u00bb<\/strong><\/span><\/p>\n<p style=\"text-align: center;\"><span style=\"font-size: 24pt;\"><strong>\u00a0<\/strong><\/span><\/p>\n<p><strong>URL de cet article\u00a0: <\/strong><a href=\"http:\/\/blog.lesgrossesorchadeslesamplesthalameges.fr\/index.php\/deux-acharnements-judiciaires-en-france\/\">http:\/\/blog.lesgrossesorchadeslesamplesthalameges.fr\/index.php\/deux-acharnements-judiciaires-en-france\/ <\/a><strong><br \/>\n<\/strong><\/p>\n<p>Source\u00a0: Ginette Hess Skandrani.<\/p>\n<p>&nbsp;<\/p>\n","protected":false},"excerpt":{"rendered":"<p>&nbsp; &nbsp; &nbsp; &nbsp; &nbsp; &nbsp; Deux acharnements judiciaires en France, \u00ab\u00a0pays [qui fut] des droits de l&rsquo;homme\u00a0\u00bb &nbsp; Communiqu\u00e9 du Comit\u00e9 de soutien au commandant \u00ab\u00a0Carlos\u00a0\u00bb Ilich Ramirez, pr\u00e9sident Dieudonn\u00e9 M&rsquo;bala M&rsquo;bala &nbsp; &nbsp; \u00a0 &nbsp; Deux\u00a0 communistes;\u00a0 deux condamnations \u00e0 perp\u00e9tuit\u00e9 pour des actes terroristes dans le cadre du combat anticolonialiste et antisioniste;&#8230;<\/p>\n","protected":false},"author":1,"featured_media":0,"parent":0,"menu_order":0,"comment_status":"closed","ping_status":"closed","template":"","meta":[],"_links":{"self":[{"href":"https:\/\/blog.lesgrossesorchadeslesamplesthalameges.fr\/index.php\/wp-json\/wp\/v2\/pages\/6504"}],"collection":[{"href":"https:\/\/blog.lesgrossesorchadeslesamplesthalameges.fr\/index.php\/wp-json\/wp\/v2\/pages"}],"about":[{"href":"https:\/\/blog.lesgrossesorchadeslesamplesthalameges.fr\/index.php\/wp-json\/wp\/v2\/types\/page"}],"author":[{"embeddable":true,"href":"https:\/\/blog.lesgrossesorchadeslesamplesthalameges.fr\/index.php\/wp-json\/wp\/v2\/users\/1"}],"replies":[{"embeddable":true,"href":"https:\/\/blog.lesgrossesorchadeslesamplesthalameges.fr\/index.php\/wp-json\/wp\/v2\/comments?post=6504"}],"version-history":[{"count":0,"href":"https:\/\/blog.lesgrossesorchadeslesamplesthalameges.fr\/index.php\/wp-json\/wp\/v2\/pages\/6504\/revisions"}],"wp:attachment":[{"href":"https:\/\/blog.lesgrossesorchadeslesamplesthalameges.fr\/index.php\/wp-json\/wp\/v2\/media?parent=6504"}],"curies":[{"name":"wp","href":"https:\/\/api.w.org\/{rel}","templated":true}]}}