{"id":6508,"date":"2019-09-16T00:14:25","date_gmt":"2019-09-15T22:14:25","guid":{"rendered":"http:\/\/blog.lesgrossesorchadeslesamplesthalameges.fr\/?page_id=6508"},"modified":"2019-09-16T02:27:43","modified_gmt":"2019-09-16T00:27:43","slug":"que-signifie-la-decision-de-poutine-daffecter-autrement-glazyev","status":"publish","type":"page","link":"https:\/\/blog.lesgrossesorchadeslesamplesthalameges.fr\/index.php\/que-signifie-la-decision-de-poutine-daffecter-autrement-glazyev\/","title":{"rendered":"Que signifie la d\u00e9cision de Poutine d\u2019affecter autrement Glazyev ?"},"content":{"rendered":"<p>&nbsp;<\/p>\n<p>&nbsp;<\/p>\n<p>&nbsp;<\/p>\n<p>&nbsp;<\/p>\n<p>&nbsp;<\/p>\n<p>&nbsp;<\/p>\n<p style=\"text-align: center;\"><span style=\"font-family: times new roman, times, serif; font-size: 36pt;\"><strong>Que signifie la d\u00e9cision de Poutine d\u2019affecter autrement Glazyev\u00a0?<\/strong><\/span><\/p>\n<p style=\"text-align: center;\"><span style=\"font-family: times new roman, times, serif; font-size: 18pt;\"><strong>\u00a0<\/strong><\/span><\/p>\n<p style=\"text-align: center;\"><span style=\"font-family: times new roman, times, serif; font-size: 18pt;\"><strong>Aleksandr Khaldey \u2013 <em>The Saker.is<\/em> \u2013 24.8.2019<\/strong><\/span><\/p>\n<p style=\"text-align: justify;\"><span style=\"font-family: times new roman, times, serif; font-size: 14pt;\"><strong>\u00a0<\/strong><\/span><\/p>\n<p style=\"text-align: justify;\"><span style=\"font-family: times new roman, times, serif; font-size: 14pt;\"><strong>\u00a0<\/strong><\/span><\/p>\n<p style=\"text-align: justify;\"><strong><span style=\"font-family: tahoma, arial, helvetica, sans-serif; font-size: 14pt;\">Comme on vient de l\u2019apprendre, le conseiller du Pr\u00e9sident sur les questions \u00e9conomiques, l\u2019acad\u00e9micien Sergue\u00ef Glazyev, quitte son poste et assumera d\u00e9sormais la fonction de ministre pour l\u2019Int\u00e9gration et la Macro\u00e9conomie aupr\u00e8s de la Commission \u00c9conomique Eurasienne. L\u2019approbation de la candidature de Glazyev par tous les chefs d\u2019\u00c9tat de l\u2019<a href=\"https:\/\/fr.wikipedia.org\/wiki\/Union_%C3%A9conomique_eurasiatique\">UEEA<\/a> est pr\u00e9vue pour le 1<sup>er<\/sup> octobre.<\/span><\/strong><\/p>\n<p>&nbsp;<\/p>\n<p style=\"text-align: center;\"><span style=\"font-family: times new roman, times, serif; font-size: 14pt;\"><strong>\u00a0<\/strong><\/span><\/p>\n<p style=\"text-align: center;\"><a href=\"http:\/\/blog.lesgrossesorchadeslesamplesthalameges.fr\/wp-content\/uploads\/2019\/09\/UEEA-carte-GIF.gif\"><img loading=\"lazy\" class=\"alignnone wp-image-6442\" src=\"http:\/\/blog.lesgrossesorchadeslesamplesthalameges.fr\/wp-content\/uploads\/2019\/09\/UEEA-carte-GIF-300x156.gif\" alt=\"\" width=\"750\" height=\"391\" \/><\/a><\/p>\n<p style=\"text-align: justify;\"><span style=\"font-family: times new roman, times, serif; font-size: 14pt;\"><strong>\u00a0<\/strong><\/span><\/p>\n<p style=\"text-align: justify;\"><span style=\"font-family: times new roman, times, serif; font-size: 14pt;\">Un changement de cet ordre dans le format des relations de Vladimir Poutine avec Sergue\u00ef Glazyev ressemble, vu de l\u2019ext\u00e9rieur, \u00e0 une prise de distance du Pr\u00e9sident, dans le cadre de la crise \u00e9conomique, donc politique, en cours. Cependant, croire cela serait une erreur.<\/span><\/p>\n<p style=\"text-align: justify;\"><span style=\"font-family: times new roman, times, serif; font-size: 14pt;\">En d\u00e9pit du fait que, si on en croit certains canaux de Telegram, des plaintes ont \u00e9t\u00e9 r\u00e9cemment adress\u00e9es \u00e0 l\u2019administration pr\u00e9sidentielle au sujet de ce que faisait Glazyev, son transfert \u00e0 un poste de responsabilit\u00e9 d\u2019un cran inf\u00e9rieur \u00e0 celui qu\u2019il occupait en qualit\u00e9 de conseiller, ne signifie nullement un effondrement de sa carri\u00e8re politique.<\/span><\/p>\n<p style=\"text-align: justify;\"><span style=\"font-family: times new roman, times, serif; font-size: 14pt;\">Le fait est que la nouvelle affectation de Glazyev, d\u2019apr\u00e8s un certain nombre de sources, r\u00e9sulte de pressions exerc\u00e9es par Mikha\u00efl Babich, et ce d\u00e9tail change compl\u00e8tement les choses. Dans ce cas, la nomination de Glazyev ressemble \u00e0 une reconcentration des forces par-dessus la t\u00eate du syst\u00e8me des lib\u00e9raux russes, en vue d\u2019une t\u00e2che \u00e0 accomplir dans le champ d\u2019action de l\u2019Union \u00c9conomique Eurasiatique.<\/span><\/p>\n<p><strong>\u00a0<\/strong><\/p>\n<p>&nbsp;<\/p>\n<p><a href=\"http:\/\/blog.lesgrossesorchadeslesamplesthalameges.fr\/wp-content\/uploads\/2019\/09\/glazyev-1.jpeg\"><img loading=\"lazy\" class=\"alignnone wp-image-6443\" src=\"http:\/\/blog.lesgrossesorchadeslesamplesthalameges.fr\/wp-content\/uploads\/2019\/09\/glazyev-1-300x185.jpeg\" alt=\"\" width=\"600\" height=\"370\" srcset=\"https:\/\/blog.lesgrossesorchadeslesamplesthalameges.fr\/wp-content\/uploads\/2019\/09\/glazyev-1-300x185.jpeg 300w, https:\/\/blog.lesgrossesorchadeslesamplesthalameges.fr\/wp-content\/uploads\/2019\/09\/glazyev-1.jpeg 640w\" sizes=\"(max-width: 600px) 100vw, 600px\" \/><\/a><\/p>\n<p>&nbsp;<\/p>\n<p>&nbsp;<\/p>\n<p style=\"text-align: justify;\"><span style=\"font-family: times new roman, times, serif; font-size: 14pt;\">\u00c0 l\u2019heure actuelle, pour Poutine, il est inutile d\u2019avoir Glazyev \u00e0 ses c\u00f4t\u00e9s, et m\u00eame pour Glazyev, le statut formel de conseiller de Poutine a perdu de son opportunit\u00e9 politique, parce que le discours \u00e9conomique est tout entier accapar\u00e9 par les lib\u00e9raux. Poutine n\u2019a nul besoin de Glazyev en ce moment pour servir de contrepoids symbolique aux lib\u00e9raux.<\/span><\/p>\n<p style=\"text-align: justify;\"><span style=\"font-family: times new roman, times, serif; font-size: 14pt;\">La pr\u00e9sence de Glazyev \u00e0 ses c\u00f4t\u00e9s, \u00e0 un certain stade historique, se justifiait comme signe d\u2019ouverture envers les forces de centre-gauche pendant leur p\u00e9riode de popularit\u00e9 et comme signe d\u2019empressement \u00e0 entrer en contact avec elles. \u00c0 entrer en contact avec elles, mais pas \u00e0 suivre leurs conseils. Poutine a toujours \u00e9t\u00e9 fid\u00e8le \u00e0 la politique de ma\u00eetrise et d\u2019\u00e9quilibre, et le fait que Glazyev soit \u00e9cart\u00e9 de son cercle le plus \u00e9troit fait penser que le Pr\u00e9sident est en train de reconstruire diff\u00e9remment cette politique.<\/span><\/p>\n<p style=\"text-align: justify;\"><span style=\"font-family: times new roman, times, serif; font-size: 14pt;\">Ceci se produit dans une situation o\u00f9 les autorit\u00e9s ont besoin de participer activement \u00e0 la lutte qui oppose les deux courants lib\u00e9raux de l\u2019\u00e9lite\u00a0: radicaux contre mod\u00e9r\u00e9s. Des recettes de gauche ne sont pas \u00e0 l\u2019ordre du jour dans un avenir proche, et par cons\u00e9quent, toute l&rsquo;attention est \u00e0 pr\u00e9sent focalis\u00e9e sur les lib\u00e9raux qui rassemblent leurs forces.<\/span><\/p>\n<p style=\"text-align: justify;\"><span style=\"font-family: times new roman, times, serif; font-size: 14pt;\">La politique qui consiste \u00e0 diviser les forces engag\u00e9es dans une lutte pour le pouvoir et d\u2019emp\u00eacher qu&rsquo;elles puissent constituer un barrage est n\u00e9cessaire \u00e0 la survie du centre politique. Le centre s\u2019est d\u00e9plac\u00e9 vers la droite. Il n\u2019y a plus de centre-gauche.<\/span><\/p>\n<p>&nbsp;<\/p>\n<p>&nbsp;<\/p>\n<p style=\"text-align: center;\"><a href=\"http:\/\/blog.lesgrossesorchadeslesamplesthalameges.fr\/wp-content\/uploads\/2019\/09\/Glazyev-2.jpeg\"><img loading=\"lazy\" class=\"alignnone wp-image-6509\" src=\"http:\/\/blog.lesgrossesorchadeslesamplesthalameges.fr\/wp-content\/uploads\/2019\/09\/Glazyev-2-300x162.jpeg\" alt=\"\" width=\"600\" height=\"324\" srcset=\"https:\/\/blog.lesgrossesorchadeslesamplesthalameges.fr\/wp-content\/uploads\/2019\/09\/Glazyev-2-300x162.jpeg 300w, https:\/\/blog.lesgrossesorchadeslesamplesthalameges.fr\/wp-content\/uploads\/2019\/09\/Glazyev-2.jpeg 640w\" sizes=\"(max-width: 600px) 100vw, 600px\" \/><\/a><\/p>\n<p>&nbsp;<\/p>\n<p>&nbsp;<\/p>\n<p style=\"text-align: justify;\"><span style=\"font-family: times new roman, times, serif; font-size: 14pt;\">C&rsquo;est arriv\u00e9 par suite de la totale incapacit\u00e9 de la gauche \u00e0 peser d\u2019une fa\u00e7on ou d\u2019une autre sur le r\u00e9sultat des politiques en cours dans des conditions de crise et de forte activation de la droite. La gauche s\u2019est compl\u00e8tement \u00ab\u00a0effac\u00e9e\u00a0\u00bb de la politique apr\u00e8s le retour de la Crim\u00e9e, et son ordre du jour patriotique a fait faillite. Elle est discr\u00e9dit\u00e9e non seulement par son infertilit\u00e9 cr\u00e9atrice prolong\u00e9e et sa perte d\u2019influence sur la soci\u00e9t\u00e9, mais aussi par sa compl\u00e8te impuissance politique.<\/span><\/p>\n<p style=\"text-align: justify;\"><span style=\"font-family: times new roman, times, serif; font-size: 14pt;\">Pour le Pr\u00e9sident, garder Glazyev \u00e0 ses c\u00f4t\u00e9s dans de telles conditions n\u2019\u00e9tait pas seulement inutile, c\u2019\u00e9tait nuisible. Il n\u2019existe pas, \u00e0 gauche, de force en direction de laquelle il aurait besoin d\u2019\u00e9mettre quelque message en gardant Glazyev pr\u00e8s de lui.<\/span><\/p>\n<p style=\"text-align: justify;\"><span style=\"font-family: times new roman, times, serif; font-size: 14pt;\">Mais de telles forces existent sur le flanc droit, et elles ont pris de la force \u00e0 la veille du transfert. Il est donc n\u00e9cessaire de travailler avec elles dans certains secteurs o\u00f9 il soit possible d\u2019accepter des compromis et de faire des concessions, et d\u2019autres o\u00f9 il ne faille pas permettre son renforcement et sa consolidation. Les relations avec le FMI sont toujours d\u00e9cisives pour le syst\u00e8me bancaire russe. Abandonner les crit\u00e8res du FMI quand aucune alternative n\u2019y a encore \u00e9t\u00e9 cr\u00e9\u00e9e aurait pour cons\u00e9quence d\u2019isoler compl\u00e8tement \u2013 bien au-del\u00e0 des sanctions \u2013 le syst\u00e8me financier russe. M\u00eame la Chine consid\u00e8re que faire cela, y compris pour elle-m\u00eame, en ce moment, serait de la folie.<\/span><\/p>\n<p style=\"text-align: justify;\"><span style=\"font-family: times new roman, times, serif; font-size: 14pt;\">Pour Vladimir Poutine, il n\u2019y a jamais eu de possibilit\u00e9 de suivre les conseils de Glazyev. Aucune de ses recettes n\u2019a \u00e9t\u00e9 prise au s\u00e9rieux et r\u00e9alis\u00e9e. Non parce qu&rsquo;elles \u00e9taient \u00e9conomiquement discutables, mais parce qu\u2019elles poussaient Poutine \u00e0 la collision frontale avec les \u00e9lites mondialistes russes, affrontement que Poutine n\u2019aurait pas pu gagner et qui l&rsquo;aurait mis en \u00e9tat d\u2019isolement politique.<\/span><\/p>\n<p>&nbsp;<\/p>\n<p>&nbsp;<\/p>\n<p style=\"text-align: center;\"><a href=\"http:\/\/blog.lesgrossesorchadeslesamplesthalameges.fr\/wp-content\/uploads\/2019\/09\/Glazyev-3.jpeg\"><img loading=\"lazy\" class=\"alignnone wp-image-6510\" src=\"http:\/\/blog.lesgrossesorchadeslesamplesthalameges.fr\/wp-content\/uploads\/2019\/09\/Glazyev-3-300x185.jpeg\" alt=\"\" width=\"600\" height=\"370\" srcset=\"https:\/\/blog.lesgrossesorchadeslesamplesthalameges.fr\/wp-content\/uploads\/2019\/09\/Glazyev-3-300x185.jpeg 300w, https:\/\/blog.lesgrossesorchadeslesamplesthalameges.fr\/wp-content\/uploads\/2019\/09\/Glazyev-3.jpeg 640w\" sizes=\"(max-width: 600px) 100vw, 600px\" \/><\/a><\/p>\n<p>&nbsp;<\/p>\n<p>&nbsp;<\/p>\n<p style=\"text-align: justify;\"><span style=\"font-family: times new roman, times, serif; font-size: 14pt;\">C\u2019est pr\u00e9cis\u00e9ment la sous-estimation de l\u2019impossibilit\u00e9 politique qu\u2019il y avait \u00e0 mettre en \u0153uvre ses recommandations qu\u2019a consist\u00e9 le principal handicap de Glazyev comme conseiller. En fait, il a toujours pouss\u00e9 Poutine \u00e0 prendre des d\u00e9cisions impossibles, oubliant que la politique n\u2019est pas un d\u00e9bat acad\u00e9mique sur le vrai et le faux, mais l\u2019art du possible. En politique, on ne choisit pas entre la v\u00e9rit\u00e9 et le mensonge, on choisit le moindre des maux. Et l\u00e0, les crit\u00e8res rationnels sont absolument diff\u00e9rents.<\/span><\/p>\n<p style=\"text-align: justify;\"><span style=\"font-family: times new roman, times, serif; font-size: 14pt;\">Les propositions de Glazyev \u00e9taient du romantisme politique, sans \u00e9valuation de leur contenu \u00e9conomique. L\u2019impossibilit\u00e9 de les r\u00e9aliser en a fait des utopies. Apr\u00e8s tout, le communisme aussi est tr\u00e8s bon en th\u00e9orie, l\u2019ennui \u00e9tant que la soci\u00e9t\u00e9 ne r\u00e9ussit pas \u00e0 exister sur ses principes. La pr\u00e9sence des rapports, m\u00eame les plus tronqu\u00e9s, entre marchandise et monnaie dans une soci\u00e9t\u00e9 socialiste g\u00e9n\u00e8re du capitalisme et tue les objectifs et les m\u00e9thodes communistes. Et, bien s\u00fbr, la qualit\u00e9 du mat\u00e9riel humain a jou\u00e9 son r\u00f4le dans le pass\u00e9 et joue aussi son r\u00f4le maintenant \u2013 l\u2019humanit\u00e9 n\u2019est pas encore pr\u00eate pour le socialisme.<\/span><\/p>\n<p style=\"text-align: justify;\"><span style=\"font-family: times new roman, times, serif; font-size: 14pt;\">Glazyev a propos\u00e9 d\u2019augmenter le d\u00e9ficit du budget, de fixer le taux de change du rouble, d\u2019opter pour une puissante question mon\u00e9taire, de stimuler la demande, d\u2019abaisser les taux d\u2019int\u00e9r\u00eat, et de mettre la Banque Centrale sous le contr\u00f4le du gouvernement, donnant \u00e0 ce dernier la possibilit\u00e9 de reconstituer le budget par l\u2019\u00e9mission d\u2019argent. Tout \u00e7a semble attrayant, mais Glazyev n\u2019a pas r\u00e9ussi \u00e0 convaincre le pouvoir supr\u00eame que ce ne serait pas suivi par l\u2019effondrement des param\u00e8tres \u00e9conomiques de base, et, ce qu\u2019il y a de plus important, par un affrontement critique avec les int\u00e9r\u00eats des groupes-cl\u00e9s de l\u2019\u00e9lite dont d\u00e9pend l\u2019existence du pays.<\/span><\/p>\n<p>&nbsp;<\/p>\n<p>&nbsp;<\/p>\n<p style=\"text-align: center;\"><a href=\"http:\/\/blog.lesgrossesorchadeslesamplesthalameges.fr\/wp-content\/uploads\/2019\/09\/Glazyev-4.jpeg\"><img loading=\"lazy\" class=\"wp-image-6511 alignleft\" src=\"http:\/\/blog.lesgrossesorchadeslesamplesthalameges.fr\/wp-content\/uploads\/2019\/09\/Glazyev-4-300x232.jpeg\" alt=\"\" width=\"350\" height=\"270\" srcset=\"https:\/\/blog.lesgrossesorchadeslesamplesthalameges.fr\/wp-content\/uploads\/2019\/09\/Glazyev-4-300x232.jpeg 300w, https:\/\/blog.lesgrossesorchadeslesamplesthalameges.fr\/wp-content\/uploads\/2019\/09\/Glazyev-4.jpeg 640w\" sizes=\"(max-width: 350px) 100vw, 350px\" \/><\/a><\/p>\n<p>&nbsp;<\/p>\n<p>&nbsp;<\/p>\n<p>&nbsp;<\/p>\n<p>&nbsp;<\/p>\n<p>&nbsp;<\/p>\n<p>&nbsp;<\/p>\n<p style=\"text-align: right;\"><a href=\"http:\/\/blog.lesgrossesorchadeslesamplesthalameges.fr\/wp-content\/uploads\/2019\/09\/Glazyev-5.jpeg\"><img loading=\"lazy\" class=\"alignnone wp-image-6512\" src=\"http:\/\/blog.lesgrossesorchadeslesamplesthalameges.fr\/wp-content\/uploads\/2019\/09\/Glazyev-5-300x207.jpeg\" alt=\"\" width=\"350\" height=\"241\" srcset=\"https:\/\/blog.lesgrossesorchadeslesamplesthalameges.fr\/wp-content\/uploads\/2019\/09\/Glazyev-5-300x207.jpeg 300w, https:\/\/blog.lesgrossesorchadeslesamplesthalameges.fr\/wp-content\/uploads\/2019\/09\/Glazyev-5.jpeg 640w\" sizes=\"(max-width: 350px) 100vw, 350px\" \/><\/a><\/p>\n<p>&nbsp;<\/p>\n<p>&nbsp;<\/p>\n<p style=\"text-align: justify;\"><span style=\"font-family: times new roman, times, serif; font-size: 14pt;\">Il n\u2019est pas ici question des pr\u00e9jug\u00e9s de <a href=\"https:\/\/fr.wikipedia.org\/wiki\/Alexe%C3%AF_Koudrine\">Koudrine<\/a> et de Greef qui seraient impos\u00e9s aux autorit\u00e9s. Glazyev n\u2019a en effet pas donn\u00e9 une justification exhaustive de sa correction \u00e9conomique. Poutine, pour dire les choses simplement, n\u2019a pas encore vu o\u00f9 \u00e9tait la solution des probl\u00e8mes, mais il a vu exactement qu\u2019il en surgissait, en plus de ceux qui existent d\u00e9j\u00e0, tout comme il a vu que Glazyev lui-m\u00eame refuse compl\u00e8tement de les voir.<\/span><\/p>\n<p style=\"text-align: justify;\"><span style=\"font-family: times new roman, times, serif; font-size: 14pt;\">Dans son nouveau r\u00f4le, Glazyev va avoir une chance de mettre en \u0153uvre ce qu\u2019il n\u2019a pas r\u00e9ussi \u00e0 mettre en \u0153uvre en Russie. Dans l\u2019union \u00e9tatique de la Russie et du Belarus o\u00f9 Mikha\u00efl Babich s\u2019est engag\u00e9, en parall\u00e8le \u00e0 l\u2019int\u00e9gration du Kazakhstan et du Kyrgyzstan, il ne lui faudra pas d\u00e9molir la structure financi\u00e8re existante, comme c\u2019e\u00fbt \u00e9t\u00e9 le cas en Russie, mais en construire une nouvelle de toutes pi\u00e8ces.<\/span><\/p>\n<p style=\"text-align: justify;\"><span style=\"font-family: times new roman, times, serif; font-size: 14pt;\">Cela rend la t\u00e2che nettement plus facile et cr\u00e9e la possibilit\u00e9 de changer, dans la foul\u00e9e, le syst\u00e8me russe, de mani\u00e8re \u00e0 l\u2019incorporer au syst\u00e8me int\u00e9grationnel. C\u2019est l\u00e0 un autre ordre du jour o\u00f9 la plateforme \u00e9conomique de Glazyev, associ\u00e9e aux ressources politiques de Babich n\u2019apportera pas seulement la possibilit\u00e9 de mettre en \u0153uvre le concept d\u2019int\u00e9gration sous les auspices de la Russie, mais cr\u00e9era en m\u00eame temps une certaine plateforme pour consolider la contre-\u00e9lite anti-lib\u00e9rale, dont la n\u00e9cessit\u00e9 est depuis si longtemps l&rsquo;objet des discussions des scientifiques de la politique.<\/span><\/p>\n<p style=\"text-align: justify;\"><span style=\"font-family: times new roman, times, serif; font-size: 14pt;\">Il est certainement impossible de vaincre, par les efforts des seuls Babich et Glazyev, la r\u00e9sistance de Lukachenko \u00e0 l\u2019int\u00e9gration financi\u00e8re et \u00e9conomique incluant une monnaie commune de l\u2019UEEA, moteur qui devrait transformer la <a href=\"https:\/\/fr.wikipedia.org\/wiki\/Communaut%C3%A9_des_%C3%89tats_ind%C3%A9pendants\">CEI<\/a> en un espace commun \u00e9conomique et politique b\u00e9n\u00e9fique \u00e0 toutes les \u00e9lites nationales. Sans Poutine, ce projet serait s\u00fbr d\u2019avorter. Seul Poutine a la capacit\u00e9 de rassembler et de relier toutes les ressources et toutes les institutions russes et de stimuler toutes les tendances \u00e0 l\u2019int\u00e9gration parmi les partenaires de l\u2019UEEA.<\/span><\/p>\n<p style=\"text-align: justify;\"><span style=\"font-family: times new roman, times, serif; font-size: 14pt;\">Et pendant que les lib\u00e9raux sont occup\u00e9s avec la Russie et la lutte pour le pouvoir, une niche, exempte de lib\u00e9raux, a ainsi \u00e9t\u00e9 form\u00e9e en direction de l\u2019UEEA, o\u00f9 les forces rejet\u00e9es par les \u00e9lites lib\u00e9rales russes ont commenc\u00e9 \u00e0 se concentrer. Aussi longtemps que personne ne les prend au s\u00e9rieux, consid\u00e9rant leur cause comme d\u00e9sesp\u00e9r\u00e9e, ils ont une r\u00e9elle possibilit\u00e9 de renforcer leur position. Ceci veut dire que dans le nouveau syst\u00e8me de ma\u00eetrise\/\u00e9quilibrage de Poutine, le contrepoids aux lib\u00e9raux russes est en train de se construire au niveau supra-national.<\/span><\/p>\n<p style=\"text-align: justify;\"><span style=\"font-family: times new roman, times, serif; font-size: 14pt;\">Op\u00e9rant \u00e0 des \u00e9tages diff\u00e9rents de l\u2019espace politique, les lib\u00e9raux et leurs opposants ont, jusqu\u2019ici, \u00e9vit\u00e9 l\u2019accrochage. Si les conservateurs russes s\u2019av\u00e8rent capables de construire un syst\u00e8me n\u00e9oconservateur fonctionnel dans l\u2019espace UEEA, ce syst\u00e8me absorbera ce que les lib\u00e9raux ont construit en Russie. Ce syst\u00e8me ne peut \u00eatre affect\u00e9 que par un autre syst\u00e8me, \u00e0 la cr\u00e9ation duquel Babich et Glazyev vont se consacrer d\u00e9sormais.<\/span><\/p>\n<p style=\"text-align: justify;\"><span style=\"font-family: times new roman, times, serif; font-size: 14pt;\">Si le gouvernement central, repr\u00e9sent\u00e9 par Vladimir Poutine, avec la participation du <a href=\"https:\/\/fr.wikipedia.org\/wiki\/Conseil_de_s%C3%A9curit%C3%A9_de_Russie\">Conseil de S\u00e9curit\u00e9 de la F\u00e9d\u00e9ration<\/a>, des minist\u00e8res et des agences int\u00e9ress\u00e9s \u00e9taient capables de soutenir cette politique, son succ\u00e8s pourrait \u00eatre aussi ph\u00e9nom\u00e9nal et soudain que le fut le printemps de Crim\u00e9e. Ou l\u2019op\u00e9ration strat\u00e9gique offensive bi\u00e9lorusse \u00ab\u00a0<a href=\"https:\/\/fr.wikipedia.org\/wiki\/Op%C3%A9ration_Bagration\">Bagration\u00a0<\/a>\u00bb organis\u00e9e en 1944 par le mar\u00e9chal Rokossovski. La concentration et le rassemblement de forces dans les directions o\u00f9 elles ne sont pas attendues est le principal \u00e9l\u00e9ment de toute strat\u00e9gie victorieuse.<\/span><\/p>\n<p style=\"text-align: justify;\"><span style=\"font-family: times new roman, times, serif; font-size: 14pt;\">Si ceci \u00e9tait fait syst\u00e9matiquement et correctement, le succ\u00e8s en d\u00e9coulerait aussi naturellement que l\u2019aube sort de la nuit. Occuper une position formelle dans le syst\u00e8me officiel n\u2019y fait aucune diff\u00e9rence. Le fait que Glazyev\u00a0 sera ministre et Babich ministre-adjoint \u00e9quivaut \u00e0 la distribution des r\u00f4les dans l\u2019organisation de la r\u00e9sidence d\u2019une ambassade, o\u00f9 le r\u00e9sident peut \u00eatre un chauffeur et son agent un deuxi\u00e8me assistant ambassadeur. Le plus important est que les postes se trouvent dans le syst\u00e8me informel \u00e0 l&rsquo;int\u00e9rieur duquel s&rsquo;effectue la coordination g\u00e9n\u00e9rale.<\/span><\/p>\n<p style=\"text-align: justify;\"><span style=\"font-family: times new roman, times, serif; font-size: 14pt;\">Dans ce contexte, le fait que l\u2019acad\u00e9micien Glazyev quitte son poste pour celui de ministre de l\u2019Int\u00e9gration et de la Macro\u00e9conomie dans l\u2019UEEA ressemble \u00e0 la nomination ou poste de Chef du D\u00e9partement Op\u00e9rationnel du Personnel d\u2019Accueil, \u00e0 la demande du Chef du Personnel, avec approbation de la nomination par le Commandant en Chef Supr\u00eame. Le succ\u00e8s de l\u2019op\u00e9ration d\u00e9pend maintenant de la capacit\u00e9 du nouveau commandement \u00e0 d\u00e9velopper l\u2019initiative dans sa direction op\u00e9rationnelle<\/span><\/p>\n<p>&nbsp;<\/p>\n<p style=\"text-align: left;\"><span style=\"font-family: times new roman, times, serif; font-size: 14pt;\"><strong>URL de cet article : <\/strong><a href=\"http:\/\/blog.lesgrossesorchadeslesamplesthalameges.fr\/index.php\/que-signifie-la-decision-de-poutine-daffecter-autrement-glazyev\/\">http:\/\/blog.lesgrossesorchadeslesamplesthalameges.fr\/index.php\/que-signifie-la-decision-de-poutine-daffecter-autrement-glazyev\/<\/a><strong><br \/>\n<\/strong><\/span><\/p>\n<p style=\"text-align: justify;\"><span style=\"font-family: times new roman, times, serif; font-size: 14pt;\">Source : <a href=\"https:\/\/thesaker.is\/what-does-putins-staffing-decision-vis-a-vis-glazyev-mean\/\">https:\/\/thesaker.is\/what-does-putins-staffing-decision-vis-a-vis-glazyev-mean\/<\/a><\/span><\/p>\n<p style=\"text-align: justify;\"><span style=\"font-family: times new roman, times, serif; font-size: 14pt;\">Source d\u2019origine\u00a0: <a href=\"https:\/\/regnum.ru\/news\/economy\/2694061.html\">https:\/\/regnum.ru\/news\/economy\/2694061.html<\/a><\/span><\/p>\n<p>&nbsp;<\/p>\n<p style=\"text-align: right;\"><span style=\"font-family: times new roman, times, serif; font-size: 14pt;\">Traduit du russe par Ollie Richardson et Angelina Siard pour The Saker.is<\/span><\/p>\n<p style=\"text-align: right;\"><span style=\"font-family: times new roman, times, serif; font-size: 14pt;\">Traduit de l\u2019anglais par\u00a0c.l. pour Les Grosses Orchades<\/span><\/p>\n<p style=\"text-align: right;\"><span style=\"font-family: times new roman, times, serif; font-size: 14pt;\"><strong>\u00a0<\/strong><\/span><\/p>\n<p>&nbsp;<\/p>\n<p style=\"text-align: center;\"><a href=\"http:\/\/blog.lesgrossesorchadeslesamplesthalameges.fr\/wp-content\/uploads\/2019\/09\/el-viejo-desencantado-GIF.gif\"><img loading=\"lazy\" class=\"alignnone wp-image-6444\" src=\"http:\/\/blog.lesgrossesorchadeslesamplesthalameges.fr\/wp-content\/uploads\/2019\/09\/el-viejo-desencantado-GIF.gif\" alt=\"\" width=\"90\" height=\"90\" \/><\/a><\/p>\n<p>&nbsp;<\/p>\n<p>&nbsp;<\/p>\n<p style=\"text-align: right;\"><span style=\"font-family: comic sans ms, sans-serif; font-size: 14pt;\">Septembre 2019<\/span><\/p>\n<p>&nbsp;<\/p>\n<p>&nbsp;<\/p>\n","protected":false},"excerpt":{"rendered":"<p>&nbsp; &nbsp; &nbsp; &nbsp; &nbsp; &nbsp; Que signifie la d\u00e9cision de Poutine d\u2019affecter autrement Glazyev\u00a0? \u00a0 Aleksandr Khaldey \u2013 The Saker.is \u2013 24.8.2019 \u00a0 \u00a0 Comme on vient de l\u2019apprendre, le conseiller du Pr\u00e9sident sur les questions \u00e9conomiques, l\u2019acad\u00e9micien Sergue\u00ef Glazyev, quitte son poste et assumera d\u00e9sormais la fonction de ministre pour l\u2019Int\u00e9gration et la&#8230;<\/p>\n","protected":false},"author":1,"featured_media":0,"parent":0,"menu_order":0,"comment_status":"open","ping_status":"open","template":"","meta":[],"_links":{"self":[{"href":"https:\/\/blog.lesgrossesorchadeslesamplesthalameges.fr\/index.php\/wp-json\/wp\/v2\/pages\/6508"}],"collection":[{"href":"https:\/\/blog.lesgrossesorchadeslesamplesthalameges.fr\/index.php\/wp-json\/wp\/v2\/pages"}],"about":[{"href":"https:\/\/blog.lesgrossesorchadeslesamplesthalameges.fr\/index.php\/wp-json\/wp\/v2\/types\/page"}],"author":[{"embeddable":true,"href":"https:\/\/blog.lesgrossesorchadeslesamplesthalameges.fr\/index.php\/wp-json\/wp\/v2\/users\/1"}],"replies":[{"embeddable":true,"href":"https:\/\/blog.lesgrossesorchadeslesamplesthalameges.fr\/index.php\/wp-json\/wp\/v2\/comments?post=6508"}],"version-history":[{"count":0,"href":"https:\/\/blog.lesgrossesorchadeslesamplesthalameges.fr\/index.php\/wp-json\/wp\/v2\/pages\/6508\/revisions"}],"wp:attachment":[{"href":"https:\/\/blog.lesgrossesorchadeslesamplesthalameges.fr\/index.php\/wp-json\/wp\/v2\/media?parent=6508"}],"curies":[{"name":"wp","href":"https:\/\/api.w.org\/{rel}","templated":true}]}}