{"id":6840,"date":"2019-10-07T17:57:28","date_gmt":"2019-10-07T15:57:28","guid":{"rendered":"http:\/\/blog.lesgrossesorchadeslesamplesthalameges.fr\/?page_id=6840"},"modified":"2019-10-07T17:59:41","modified_gmt":"2019-10-07T15:59:41","slug":"joe-biden-et-lukraine","status":"publish","type":"page","link":"https:\/\/blog.lesgrossesorchadeslesamplesthalameges.fr\/index.php\/joe-biden-et-lukraine\/","title":{"rendered":"Joe Biden et l&rsquo;Ukraine"},"content":{"rendered":"<p>&nbsp;<\/p>\n<p>&nbsp;<\/p>\n<p>&nbsp;<\/p>\n<p>&nbsp;<\/p>\n<p>&nbsp;<\/p>\n<p>&nbsp;<\/p>\n<p>&nbsp;<\/p>\n<p style=\"text-align: center;\"><span style=\"font-family: times new roman, times, serif; font-size: 36pt;\"><strong>Joe Biden et l\u2019Ukraine<\/strong><\/span><\/p>\n<p>&nbsp;<\/p>\n<p style=\"text-align: center;\"><span style=\"font-family: times new roman, times, serif; font-size: 18pt;\"><strong>Isra\u00ebl Adam Shamir \u2013 2.10.2019<\/strong><\/span><\/p>\n<p style=\"text-align: center;\"><span style=\"font-family: times new roman, times, serif; font-size: 18pt;\">Traduction\u00a0:<strong> Maria Poumier<\/strong><\/span><\/p>\n<p>&nbsp;<\/p>\n<p>&nbsp;<\/p>\n<p style=\"text-align: center;\"><a href=\"http:\/\/blog.lesgrossesorchadeslesamplesthalameges.fr\/wp-content\/uploads\/2019\/10\/BIDEN.jpg\"><img loading=\"lazy\" class=\"alignnone wp-image-6796\" src=\"http:\/\/blog.lesgrossesorchadeslesamplesthalameges.fr\/wp-content\/uploads\/2019\/10\/BIDEN-300x208.jpg\" alt=\"\" width=\"600\" height=\"415\" srcset=\"https:\/\/blog.lesgrossesorchadeslesamplesthalameges.fr\/wp-content\/uploads\/2019\/10\/BIDEN-300x208.jpg 300w, https:\/\/blog.lesgrossesorchadeslesamplesthalameges.fr\/wp-content\/uploads\/2019\/10\/BIDEN-768x532.jpg 768w, https:\/\/blog.lesgrossesorchadeslesamplesthalameges.fr\/wp-content\/uploads\/2019\/10\/BIDEN.jpg 1024w\" sizes=\"(max-width: 600px) 100vw, 600px\" \/><\/a><\/p>\n<p>&nbsp;<\/p>\n<p><span style=\"font-family: times new roman, times, serif; font-size: 14pt;\">\u00a0<\/span><\/p>\n<p style=\"text-align: justify;\"><span style=\"font-family: tahoma, arial, helvetica, sans-serif; font-size: 14pt;\"><strong>Les fronti\u00e8res de l\u2019Ukraine, c\u2019est un enjeu historique depuis des si\u00e8cles C\u2019est l\u00e0 que Stockholm, Berlin et Moscou se disputent la pr\u00e9\u00e9minence. Karl XII y avait perdu contre Pierre le Grand, Staline y a vaincu Hitler. Et maintenant, les Clintonistes vont probablement conna\u00eetre leur ultime d\u00e9faite, en Ukraine. Les d\u00e9mocrates ont commis leur plus grosse erreur du si\u00e8cle, en attaquant Trump sur l\u2019affaire Biden (du moins, \u00e0 condition que les Am\u00e9ricains gardent un peu de bon sens). Le vice-pr\u00e9sident Joe Biden a arrach\u00e9, pour se sucrer personnellement, des millions de dollars par extorsion \u00e0 l\u2019Ukraine, \u00c9tat client et vuln\u00e9rable. Quand cette sordide affaire est tomb\u00e9e sous le coup d\u2019une enqu\u00eate, il a fait du chantage aux Ukrainiens, en usant de sa position et en se servant de l\u2019argent des contribuables am\u00e9ricains pour forcer l\u2019\u00c9tat souverain \u00e0 mettre \u00e0 pied son procureur g\u00e9n\u00e9ral, parce qu\u2019il mettait le nez dans ses pots de vin.<\/strong><\/span><\/p>\n<p>&nbsp;<\/p>\n<p style=\"text-align: justify;\"><span style=\"font-family: times new roman, times, serif; font-size: 14pt;\">Au lieu de se couvrir la face dans la honte et de renoncer \u00e0 compter sur Biden pour en faire un candidat potentiel aux \u00e9lections de 2020, les d\u00e9mocrates, conduits par la tr\u00e8s p\u00e9rim\u00e9e Nancy Pelosi, ont d\u00e9cid\u00e9 de destituer le Pr\u00e9sident pour avoir d\u00e9masqu\u00e9 ce voyou. Dans l\u2019inoubliable film <em>L\u2019Inspecteur Harry<\/em> les avocats essayaient de sauver un criminel en attaquant le policier qui n\u2019avait pas inform\u00e9 le suspect de son droit au silence (dit avertissement Miranda). Il est l\u00e0 le mod\u00e8le des d\u00e9mocrates, dans leur tentative de destitution du pr\u00e9sident Trump.<\/span><\/p>\n<p style=\"text-align: justify;\"><span style=\"font-family: times new roman, times, serif; font-size: 14pt;\">Le racket pratiqu\u00e9 par Joe Biden n\u2019\u00e9tait pas un secret. Il s\u2019en \u00e9tait vant\u00e9 en public, et s\u2019est rendu c\u00e9l\u00e8bre en reconnaissant la chose en ces termes\u00a0:<\/span><\/p>\n<p>&nbsp;<\/p>\n<p style=\"text-align: justify; padding-left: 90px;\"><span style=\"font-family: times new roman, times, serif; font-size: 14pt;\"><em>\u00ab\u00a0Je vous le dis [vous les dirigeants ukrainiens] vous n\u2019allez pas le toucher, le milliard de dollars. Je le redis, vous n\u2019allez pas toucher le pognon. J\u2019allais repartir de l\u00e0 environ six heures plus tard. Je les ai regard\u00e9s et j\u2019ai dit\u00a0: je repars dans six heures. Si le procureur n\u2019est pas mis \u00e0 la porte d\u2019ici l\u00e0, vous n\u2019aurez pas le pognon. D\u2019accord, fils de pute (rires). Il a \u00e9t\u00e9 vir\u00e9, et ils ont mis en place quelqu\u2019un qui \u00e9tait solide \u00e0 ce moment\u00a0\u00bb.<\/em><\/span><\/p>\n<p>&nbsp;<\/p>\n<p style=\"text-align: justify;\"><span style=\"font-family: times new roman, times, serif; font-size: 14pt;\">Les Ukrainiens ont alors mis en place quelqu\u2019un qui \u00e9tait solide \u00e0 ce moment, tellement solide qu\u2019il a boucl\u00e9 l\u2019enqu\u00eate sur la compagnie p\u00e9troli\u00e8re Burisma. Cette compagnie, c\u2019\u00e9tait le moyen utilis\u00e9 pour transf\u00e9rer les pots de vin au vice-pr\u00e9sident Biden, via son fils Hunter Biden. John Solomon a \u00e9crit dans The Hill\u00a0:<\/span><\/p>\n<p>&nbsp;<\/p>\n<p style=\"text-align: justify; padding-left: 90px;\"><span style=\"font-family: times new roman, times, serif; font-size: 14pt;\"><em>\u00ab\u00a0Les documents bancaires am\u00e9ricains montrent que la firme de Hunter Biden, bas\u00e9e en Am\u00e9rique, la Rosemont Seneca Partners LLC, a re\u00e7u des transferts r\u00e9guliers vers l\u2019un de ses comptes, habituellement plus de 166 000 dollars par mois, de Burisma, depuis le printemps 2014 jusqu\u2019\u00e0 l\u2019automne 2015, une p\u00e9riode pendant laquelle le vice-pr\u00e9sident Biden \u00e9tait le principal officiel am\u00e9ricain \u00e0 g\u00e9rer les relations avec l\u2019Ukraine et ses tensions avec la Russie.\u00a0\u00bb<\/em><\/span><\/p>\n<p>&nbsp;<\/p>\n<p style=\"text-align: justify;\"><span style=\"font-family: times new roman, times, serif; font-size: 14pt;\">M.<\/span><span style=\"font-family: times new roman, times, serif; font-size: 14pt;\">Viktor Shokin, le procureur vir\u00e9, a dit que Biden fils faisait l\u2019objet d\u2019une enqu\u00eate. Apr\u00e8s son limogeage d\u00fb \u00e0 l\u2019interf\u00e9rence de Biden p\u00e8re, l\u2019argent a continu\u00e9 \u00e0 s\u2019\u00e9couler des plates poches des Ukrainiens vers les coffres rebondis de Biden. Mes connaissances \u00e0 Kiev ont le souvenir d\u2019un jeune homme bon \u00e0 rien, si ce n\u2019est dans le domaine de la coke et des gonzesses, qui par lui-m\u00eame n\u2019aurait jamais pu gagner un pareil salaire.<\/span><\/p>\n<p style=\"text-align: justify;\"><span style=\"font-family: times new roman, times, serif; font-size: 14pt;\">Vous allez me dire\u00a0: mais pourquoi Biden a-t-il reconnu la malversation\u00a0? Il se consid\u00e9rait intouchable, comme Mme\u00a0Clinton et d\u2019autres personnes de son cercle. Le pr\u00e9sident Trump, taquin, a alors d\u00e9cid\u00e9 de poursuivre Biden pour concussion et extorsion de fonds, comme s\u2019il s\u2019agissait d\u2019un mortel quelconque. C\u2019\u00e9tait une menace directe contre les Clintonistes (ce surnom est commode pour d\u00e9signer un certain pouvoir qu\u2019on englobe aussi dans l\u2019appellation d\u00e9mocrates, lib\u00e9raux, internationaux, financiers, ma\u00eetres du discours, ou encore \u00c9tat profond). C\u2019est ce d\u00e9fi inattendu qui les a amen\u00e9s \u00e0 n\u00e9gliger toute prudence et \u00e0 d\u00e9marrer une furieuse campagne pr\u00e9ventive contre le culott\u00e9 Trump.<\/span><\/p>\n<p style=\"text-align: justify;\"><span style=\"font-family: times new roman, times, serif; font-size: 14pt;\">Leur accusation est parfaitement ridicule\u00a0: ils pr\u00e9tendent que l\u2019intention de Trump de tra\u00eener en justice Joe-les-pots-de-vin serait criminelle en soi, parce que Biden \u00e9tait sur les rangs pour candidater \u00e0 la prochaine pr\u00e9sidence, pour le compte des d\u00e9mocrates. Seulement voil\u00e0, la Constitution am\u00e9ricaine ne garantit pas l\u2019immunit\u00e9 \u00e0 de semblables candidats, pour des poursuites concernant des crimes pass\u00e9s et futurs. C\u2019est juste que les clintonistes \u00e9taient habitu\u00e9s \u00e0 se placer au-dessus des lois. Pendant trois ans, le pr\u00e9sident Trump avait \u00e9vit\u00e9 de s\u2019en prendre \u00e0 eux. Les forfaits de Mme\u00a0Clinton \u00e9taient bien connus, depuis la simple affaire du serveur de ses courriels, jusqu\u2019aux meurtres en Libye.<\/span><\/p>\n<p style=\"text-align: justify;\"><span style=\"font-family: times new roman, times, serif; font-size: 14pt;\">On s\u2019attendait \u00e0 ce que Trump une fois victorieux d\u00e9cha\u00eene les foudres de la loi sur la douairi\u00e8re battue, \u00e0 cause du r\u00f4le de Mme\u00a0Clinton dans la d\u00e9cision de l\u2019administration Obama de permettre \u00e0 l\u2019agence nucl\u00e9aire russe d\u2019acheter une compagnie mini\u00e8re d\u2019uranium. Les conservateurs ont soulign\u00e9 abondamment les donations \u00e0 la fondation familiale des Clinton, provenant de gens associ\u00e9s \u00e0 cette firme qui s\u2019appelle Uranian One, comme preuve de corruption, a publi\u00e9 le <em>New York Times<\/em>. Les clintonistes ont sauv\u00e9 la peau \u00e0 la vieille dame en d\u00e9clenchant le russiagate, un <em>hoax<\/em>, un bobard. En 2016, lors du d\u00e9bat \u00e9lectoral, Trump disait \u00e0 la Clinton que, s\u2019il avait la responsabilit\u00e9 de la justice dans son pays, \u00ab\u00a0<em>elle serait en taule<\/em>\u00a0\u00bb. Mais un an plus tard, il avait le poste, et elle n\u2019\u00e9tait toujours pas en taule, ni m\u00eame inculp\u00e9e. La ruse du Russiagate avait soulev\u00e9 une certaine inqui\u00e9tude\u00a0: le pr\u00e9sident accus\u00e9 de collusion avec la Russie n\u2019avait pas os\u00e9 accuser son adversaire pour ce qui \u00e9tait une v\u00e9ritable injure.<\/span><\/p>\n<p style=\"text-align: justify;\"><span style=\"font-family: times new roman, times, serif; font-size: 14pt;\">Maintenant les clintonistes ont d\u00e9cid\u00e9 de remettre le couvert et ont entrepris la proc\u00e9dure de destitution en esp\u00e9rant que cela occupera Trump pour un bout de temps, et le retiendra d\u2019aller d\u00e9voiler ce qui se cuisine dans les chaudrons du diable en Ukraine.<\/span><\/p>\n<p style=\"text-align: justify;\"><span style=\"font-family: times new roman, times, serif; font-size: 14pt;\">Que s\u2019\u00e9tait-il vraiment pass\u00e9 en Ukraine\u00a0? En 2014, les clintonistes avaient bricol\u00e9 un changement de r\u00e9gime dans cette ancienne r\u00e9publique sovi\u00e9tique. Ils avaient chass\u00e9 le pr\u00e9sident l\u00e9gitime et mis en \u0153uvre le spectre complet des op\u00e9rations ill\u00e9gales. L\u2019Ukraine \u00e9tait devenue une colonie clintonique, et Joe Biden en \u00e9tait le vice-roi. L\u2019implication de Biden dans le coup d\u2019\u00c9tat \u00e9tait son plus gros crime, mais personne n\u2019en parle, a fait remarquer Joe Lauria. Ils avaient retourn\u00e9 l\u2019Ukraine contre la Russie, et maniganc\u00e9 la guerre civile dans la partie orientale de ce pays pauvre, malgr\u00e9 les solides efforts du pr\u00e9sident Poutine pour garder la Russie au large de la tourmente ukrainienne. Mais cela ne les avait nullement emp\u00each\u00e9s de pourvoir \u00e0 leurs profits personnels, comme en Russie en 1990.<\/span><\/p>\n<p style=\"text-align: justify;\"><span style=\"font-family: times new roman, times, serif; font-size: 14pt;\">Joe Biden avait \u00e9t\u00e9 trait\u00e9 royalement \u00e0 Kiev. On l\u2019appelait pour les rencontres au sommet du gouvernement, et il s\u2019asseyait fi\u00e8rement dans le fauteuil pr\u00e9sidentiel. Les Ukrainiens ne sont pas r\u00e9put\u00e9s pour leur subtilit\u00e9. Des gens charmants, mais plut\u00f4t simples, m\u00eame selon les bar\u00e8mes de l\u2019Europe orientale. Ils se sont retrouv\u00e9s m\u00eal\u00e9s \u00e0 la campagne pr\u00e9sidentielle de 2016 aux c\u00f4t\u00e9s des clintonistes. Aucun doute que le vice-pr\u00e9sident Biden ait \u00e9t\u00e9 l\u2019homme qui dirigeait la soi-disant \u00ab\u00a0ing\u00e9rence \u00e9trang\u00e8re dans les \u00e9lections am\u00e9ricaines\u00a0\u00bb. Les Ukrainiens obligeants lui avaient remis leurs dossiers sur les casseroles de Paul Manafort, et Manafort se retrouva en prison.<\/span><\/p>\n<p style=\"text-align: justify;\"><span style=\"font-family: times new roman, times, serif; font-size: 14pt;\">L\u2019Ukraine, c\u2019est la r\u00e9sidence secondaire de CrowdStrike, la firme de cybers\u00e9curit\u00e9 qui a \u00e9t\u00e9 fonctionnelle pour faire accuser la Russie d\u2019ing\u00e9rence. Son fondateur et pr\u00e9sident, le juif russe et citoyen am\u00e9ricain Dmitry Alperovich, d\u00e9teste la Russie de fa\u00e7on pathologique, \u00e9pousant en cela le mod\u00e8le de Masha Gessen et de Max Boot. \u00c0 Kiev, les gens disent qu\u2019il a b\u00e2ti l\u2019accusation contre la Russie sur la base d\u2019un seul serveur pr\u00e9tendument utilis\u00e9 pour pirater le Comit\u00e9 national d\u00e9mocrate (DNC). Ce serveur se trouve en Ukraine, et non pas en Russie. Le pr\u00e9sident Trump a pos\u00e9 des questions sur sa localisation dans sa conversation avec le pr\u00e9sident ukrainien M.\u00a0Zelensky.<\/span><\/p>\n<p style=\"text-align: justify;\"><span style=\"font-family: times new roman, times, serif; font-size: 14pt;\">La question du serveur met bien des gens du camp clintoniste sur les nerfs. Ils lui ont d\u00e9j\u00e0 coll\u00e9 le tampon \u00ab\u00a0complotiste\u00a0\u00bb, fa\u00e7on de dire\u00a0: bas les pattes. Dans un autre cas de campagne anticonspirationniste, ils ont cr\u00e9\u00e9 un \u00e9pouvantail, en disant \u00ab\u00a0<em>l\u2019id\u00e9e selon laquelle il y a un \u00ab\u00a0serveur\u00a0\u00bb manquant, et que ce serveur doit exister quelque part, par exemple en Ukraine, ne repose sur rien, en r\u00e9alit\u00e9. Le r\u00e9seau du DNC consistait en un ensemble de plusieurs serveurs et ordinateurs.<\/em>\u00a0\u00bb Pourtant, le serveur sur lequel Trump posait des questions n\u2019est pas le serveur du DNC, mais le serveur dont on pr\u00e9tendait qu\u2019il servait \u00e0 pirater le serveur du DNC. Il avait laiss\u00e9 quelques traces en langue russe, et cela \u00e9t\u00e9 pr\u00e9sent\u00e9 comme une preuve de la participation russe. Mais les hacqueurs d\u2019Alperovich en Ukraine utilisent aussi le russe comme langue de travail, et cela offrait \u00e0 ce juif d\u00e9testant la Russie une occasion de cr\u00e9er la cha\u00eene compl\u00e8te des soi-disant preuves de l\u2019activit\u00e9 des pirates russes utilisant des pseudos. Mettre la main sur le serveur aurait mis un terme d\u2019un coup au mythe des hacqueurs russes, et aurait rendu les all\u00e9gations clintonistes ind\u00e9fendables.<\/span><\/p>\n<p style=\"text-align: justify;\"><span style=\"font-family: times new roman, times, serif; font-size: 14pt;\">Alperovich, obs\u00e9d\u00e9 par sa haine, avait pu bricoler l\u2019histoire de l\u2019ing\u00e9rence russe, mais il fallait qu\u2019il ait re\u00e7u des ordres et qu\u2019il ait \u00e9t\u00e9 utilis\u00e9 par quelqu\u2019un de plus haut plac\u00e9 dans la cha\u00eene alimentaire, tr\u00e8s probablement Joe Biden. Et maintenant Joe Biden, le v\u00e9ritable criminel, qui s\u2019est servi copieusement et qui a fait chanter les hauts fonctionnaires amicaux, et celui qui a orchestr\u00e9 l\u2019ing\u00e9rence \u00e9trang\u00e8re dans les \u00e9lections am\u00e9ricaines, continue sa marche vers la candidature gagnante pour le parti d\u00e9mocrate.<\/span><\/p>\n<p style=\"text-align: justify;\"><span style=\"font-family: times new roman, times, serif; font-size: 14pt;\">Les d\u00e9mocrates ont pr\u00e9tendu que Trump mena\u00e7ait de retirer des financements d\u2019Ukraine s\u2019ils ne coop\u00e9raient pas avec l\u2019enqu\u00eate am\u00e9ricaine. Cette all\u00e9gation avait \u00e9t\u00e9 mise en pi\u00e8ces apr\u00e8s la publication de la transcription d\u00e9taill\u00e9e de la conversation entre les deux chefs d\u2019\u00c9tat. Mais si m\u00eame tout avait \u00e9t\u00e9 vrai, cela rentrerait dans le cadre des m\u0153urs habituelles aux \u00c9tats-Unis. Vous vous souvenez sans doute des menaces de couper toute assistance, menaces qui avaient \u00e9t\u00e9 prof\u00e9r\u00e9es par les repr\u00e9sentants am\u00e9ricains \u00e0 l\u2019ONU afin de forcer des \u00c9tats souverains \u00e0 voter pour Isra\u00ebl. L\u2019ex\u00e9crable Nicky Haley avait dit\u00a0: \u00ab\u00a0Les \u00c9tats-Unis vont prendre note des noms\u00a0\u00bb, et Donald Trump avait ajout\u00e9 ses propres menaces de fermer le robinet.<\/span><\/p>\n<p style=\"text-align: justify;\"><span style=\"font-family: times new roman, times, serif; font-size: 14pt;\">Comment pourraient-ils bl\u00e2mer Trump et le faire inculper pour avoir menac\u00e9 de couper l\u2019aide \u00e0 l\u2019Ukraine, s\u2019ils pensent que Biden avait parfaitement le droit de faire exactement la m\u00eame chose\u00a0? Mais ces gens-l\u00e0 ne respectent aucune r\u00e8gle du jeu.<\/span><\/p>\n<p style=\"text-align: justify;\"><span style=\"font-family: times new roman, times, serif; font-size: 14pt;\">La course \u00e0 l\u2019\u00e9lection pr\u00e9sidentielle est en train de devenir une affaire de port\u00e9e mondiale, semble-t-il. Il y a tant de pays o\u00f9 l\u2019influence am\u00e9ricaine a \u00e9t\u00e9 fournie par des agents du clan clintonesque, et tous sont tent\u00e9s de faire ce que les clintonesques leur demandent, c\u2019est-\u00e0-dire de donner un coup de pouce afin de couler le pr\u00e9sident Trump. En Ukraine, la bagarre entre clintonistes et trumpistes est loin d\u2019\u00eatre finie. Le pr\u00e9sident Zelensky a promis au pr\u00e9sident Trump de l\u2019aider\u00a0; mais les oligarques de l\u2019Ukraine sont dans le camp des clintoniens. \u00c0 une exception pr\u00e8s\u00a0: Igor (Benny) Kolomoysky, un oligarque juif excentrique et ami du pr\u00e9sident, qui est un ennemi du camp clintonien.<\/span><\/p>\n<p style=\"text-align: justify;\"><span style=\"font-family: times new roman, times, serif; font-size: 14pt;\">Pr\u00e9cis\u00e9ment cette ann\u00e9e, Kiev a d\u00fb rembourser six milliards de dollars au FMI pour rester solvable, et le FMI a refus\u00e9 de ren\u00e9gocier son pr\u00eat. Les pr\u00eats ont \u00e9t\u00e9 principalement d\u00e9tourn\u00e9s par le gang de l\u2019ancien pr\u00e9sident, M.\u00a0Poroshenko. \u00c0 Kiev, on dit qu\u2019il y aurait environ 1,7 milliard de dollars du dernier emprunt qui ont \u00e9t\u00e9 empoch\u00e9s par les soutiens am\u00e9ricains de Poroshenko, autrement dit Joe Biden et ses hommes. Maintenant M.\u00a0Poroshenko sugg\u00e8re que le nouveau pr\u00e9sident ukrainien pourrait se d\u00e9clarer en d\u00e9faut, incapable d\u2019honorer l\u2019emprunt au FMI.<\/span><\/p>\n<p style=\"text-align: justify;\"><span style=\"font-family: times new roman, times, serif; font-size: 14pt;\">Kolomoysky est aussi le seul oligarque qui ne fricote pas avec les lib\u00e9raux. L\u2019\u00e9quilibre du pouvoir en Ukraine n\u2019est pas favorable aux Trumpeurs. Les Ukrainiens aiment pr\u00eater main forte aux vainqueurs\u00a0; une premi\u00e8re fois, ils avaient fait une erreur en soutenant Mme\u00a0Clinton, parce qu\u2019ils \u00e9taient s\u00fbrs qu\u2019elle allait gagner. Ils vont peut-\u00eatre refaire la m\u00eame erreur. Cela pourrait d\u00e9pendre du candidat d\u00e9mocrate actuel. Joe Biden avait fait sa petite cuisine en pr\u00e9levant trop de g\u00e2teries en Ukraine mais un autre candidat pourrait avoir plus de chances, se disent les Ukrainiens. Mme\u00a0Warren peut-\u00eatre\u00a0? Ils caressent m\u00eame l\u2019id\u00e9e de voir Mme\u00a0Hillary Clinton se pr\u00e9senter \u00e0 nouveau et gagner, cette fois-ci. Les oligarques ukrainiens, et avant tous M.\u00a0Victor Pinchuk, un milliardaire juif de Dneprocity, num\u00e9ro un parmi les riches ukrainiens, ferait n\u2019importe quoi pour elle. Il a contribu\u00e9 \u00e0 coup de nombreux millions \u00e0 la renflouer\u00a0; il finance le Conseil atlantique, qui est le think tank clintonien, dress\u00e9 contre la Russie et les eurosceptiques. C\u2019est lui le \u00ab\u00a0riche homme d\u2019affaires\u00a0\u00bb auquel se r\u00e9f\u00e9rait Trump dans sa conversation avec M.\u00a0Zelensky. \u00c0 en juger par l\u2019int\u00e9r\u00eat de Trump pour le serveur ukrainien, on dirait que le Pr\u00e9sident se rend compte que la vieille dame est toujours capable de quelque m\u00e9fait, et sa promesse de la faire mettre en taule, il ne l\u2019a pas encore tenue.<\/span><\/p>\n<p style=\"text-align: justify;\"><span style=\"font-family: times new roman, times, serif; font-size: 14pt;\">Il est possible que lors de la course pr\u00e9sidentielle de 2020, les d\u00e9mocrates utilisent la technique dite du <em>drafting<\/em>, comme les coureurs de fond (ou cyclistes ou skieurs de fond) le font. Le premier coureur en t\u00eate (dans le cas pr\u00e9sent, Biden) donnerait tout, s\u2019\u00e9puiserait, et au dernier moment il l\u00e2cherait la course, laissant la premi\u00e8re place \u00e0 un camarade bien repos\u00e9, que ce soit Warren, ou la Clinton ou tout autre. Gardant cela \u00e0 l\u2019esprit, les Trumpeurs pourraient garder un peu des munitions qu\u2019ils ont en r\u00e9serve pour Biden (et il y en a beaucoup \u00e0 trouver en Ukraine) jusqu\u2019\u00e0 ce (ou plut\u00f4t \u00e0 condition) qu\u2019il obtienne sa nomination.<\/span><\/p>\n<p><span style=\"font-family: times new roman, times, serif; font-size: 14pt;\">Sources\u00a0: <a href=\"https:\/\/www.egaliteetreconciliation.fr\/Joe-Biden-et-l-Ukraine-56464.html\">https:\/\/www.egaliteetreconciliation.fr\/Joe-Biden-et-l-Ukraine-56464.html<\/a><\/span><\/p>\n<p><span style=\"font-family: times new roman, times, serif; font-size: 14pt;\"><a href=\"https:\/\/plumenclume.org\/blog\/495-joe-biden-et-l-ukraine\">https:\/\/plumenclume.org\/blog\/495-joe-biden-et-l-ukraine<\/a><\/span><\/p>\n<p>&nbsp;<\/p>\n<p style=\"text-align: left;\"><span style=\"font-family: times new roman, times, serif; font-size: 14pt;\"><strong>URL de cet article\u00a0: <\/strong><a href=\"http:\/\/blog.lesgrossesorchadeslesamplesthalameges.fr\/index.php\/joe-biden-et-lukraine\/\">http:\/\/blog.lesgrossesorchadeslesamplesthalameges.fr\/index.php\/joe-biden-et-lukraine\/<\/a><br \/>\n<\/span><\/p>\n<p>&nbsp;<\/p>\n<p><strong>\u00a0<\/strong><\/p>\n<p style=\"text-align: center;\"><a href=\"http:\/\/blog.lesgrossesorchadeslesamplesthalameges.fr\/wp-content\/uploads\/2019\/10\/000.-faucille-marteau.gif\"><img loading=\"lazy\" class=\"alignnone size-full wp-image-6782\" src=\"http:\/\/blog.lesgrossesorchadeslesamplesthalameges.fr\/wp-content\/uploads\/2019\/10\/000.-faucille-marteau.gif\" alt=\"\" width=\"41\" height=\"36\" \/><\/a><\/p>\n<p>&nbsp;<\/p>\n<p>&nbsp;<\/p>\n<p style=\"text-align: right;\"><span style=\"font-family: comic sans ms, sans-serif; font-size: 14pt;\">Octobre 2019<\/span><\/p>\n<p>&nbsp;<\/p>\n<p>&nbsp;<\/p>\n","protected":false},"excerpt":{"rendered":"<p>&nbsp; &nbsp; &nbsp; &nbsp; &nbsp; &nbsp; &nbsp; Joe Biden et l\u2019Ukraine &nbsp; Isra\u00ebl Adam Shamir \u2013 2.10.2019 Traduction\u00a0: Maria Poumier &nbsp; &nbsp; &nbsp; \u00a0 Les fronti\u00e8res de l\u2019Ukraine, c\u2019est un enjeu historique depuis des si\u00e8cles C\u2019est l\u00e0 que Stockholm, Berlin et Moscou se disputent la pr\u00e9\u00e9minence. Karl XII y avait perdu contre Pierre le Grand,&#8230;<\/p>\n","protected":false},"author":1,"featured_media":0,"parent":0,"menu_order":0,"comment_status":"open","ping_status":"open","template":"","meta":[],"_links":{"self":[{"href":"https:\/\/blog.lesgrossesorchadeslesamplesthalameges.fr\/index.php\/wp-json\/wp\/v2\/pages\/6840"}],"collection":[{"href":"https:\/\/blog.lesgrossesorchadeslesamplesthalameges.fr\/index.php\/wp-json\/wp\/v2\/pages"}],"about":[{"href":"https:\/\/blog.lesgrossesorchadeslesamplesthalameges.fr\/index.php\/wp-json\/wp\/v2\/types\/page"}],"author":[{"embeddable":true,"href":"https:\/\/blog.lesgrossesorchadeslesamplesthalameges.fr\/index.php\/wp-json\/wp\/v2\/users\/1"}],"replies":[{"embeddable":true,"href":"https:\/\/blog.lesgrossesorchadeslesamplesthalameges.fr\/index.php\/wp-json\/wp\/v2\/comments?post=6840"}],"version-history":[{"count":0,"href":"https:\/\/blog.lesgrossesorchadeslesamplesthalameges.fr\/index.php\/wp-json\/wp\/v2\/pages\/6840\/revisions"}],"wp:attachment":[{"href":"https:\/\/blog.lesgrossesorchadeslesamplesthalameges.fr\/index.php\/wp-json\/wp\/v2\/media?parent=6840"}],"curies":[{"name":"wp","href":"https:\/\/api.w.org\/{rel}","templated":true}]}}