{"id":7085,"date":"2019-10-21T18:38:54","date_gmt":"2019-10-21T16:38:54","guid":{"rendered":"http:\/\/blog.lesgrossesorchadeslesamplesthalameges.fr\/?page_id=7085"},"modified":"2019-10-21T18:40:37","modified_gmt":"2019-10-21T16:40:37","slug":"important-pour-une-fois-le-prix-nobel-va-a-quelquun-qui-le-merite-vraiment","status":"publish","type":"page","link":"https:\/\/blog.lesgrossesorchadeslesamplesthalameges.fr\/index.php\/important-pour-une-fois-le-prix-nobel-va-a-quelquun-qui-le-merite-vraiment\/","title":{"rendered":"IMPORTANT ! Pour une fois, le Prix Nobel va \u00e0 quelqu&rsquo;un qui le m\u00e9rite vraiment"},"content":{"rendered":"<p>&nbsp;<\/p>\n<p>&nbsp;<\/p>\n<p>&nbsp;<\/p>\n<p>&nbsp;<\/p>\n<p>&nbsp;<\/p>\n<p>&nbsp;<\/p>\n<p style=\"text-align: center;\"><span style=\"font-family: times new roman, times, serif; font-size: 36pt;\"><strong>IMPORTANT\u00a0! Pour une fois, le Prix Nobel va \u00e0 quelqu\u2019un qui le m\u00e9rite vraiment \u2013 Le GRAND Peter Handke (Vid\u00e9o)<\/strong><\/span><\/p>\n<p style=\"text-align: justify;\"><span style=\"font-family: times new roman, times, serif; font-size: 14pt;\"><strong>\u00a0<\/strong><\/span><\/p>\n<p style=\"text-align: center;\"><span style=\"font-family: times new roman, times, serif; font-size: 14pt;\"><a href=\"https:\/\/www.fort-russ.com\/author\/drago-bosnic\/\"><strong><span style=\"font-size: 18pt;\">Drago Bosnic <\/span><\/strong><\/a><span style=\"font-size: 18pt;\"><strong>\u00a0\u2013 <em>Fort Russ<\/em> \u2013 17.10.2019<\/strong><\/span><\/span><\/p>\n<p>&nbsp;<\/p>\n<p>&nbsp;<\/p>\n<p style=\"text-align: center;\"><a href=\"http:\/\/blog.lesgrossesorchadeslesamplesthalameges.fr\/wp-content\/uploads\/2019\/10\/Handke-4.jpg\"><img loading=\"lazy\" class=\"alignnone wp-image-7069\" src=\"http:\/\/blog.lesgrossesorchadeslesamplesthalameges.fr\/wp-content\/uploads\/2019\/10\/Handke-4-300x200.jpg\" alt=\"\" width=\"600\" height=\"400\" srcset=\"https:\/\/blog.lesgrossesorchadeslesamplesthalameges.fr\/wp-content\/uploads\/2019\/10\/Handke-4-300x200.jpg 300w, https:\/\/blog.lesgrossesorchadeslesamplesthalameges.fr\/wp-content\/uploads\/2019\/10\/Handke-4-768x512.jpg 768w, https:\/\/blog.lesgrossesorchadeslesamplesthalameges.fr\/wp-content\/uploads\/2019\/10\/Handke-4.jpg 924w\" sizes=\"(max-width: 600px) 100vw, 600px\" \/><\/a><\/p>\n<p style=\"text-align: center;\"><span style=\"font-family: times new roman, times, serif; font-size: 18pt;\"><strong>\u00a0<\/strong><\/span><\/p>\n<p style=\"text-align: justify;\"><span style=\"font-family: times new roman, times, serif; font-size: 14pt;\"><strong>\u00a0<\/strong><\/span><\/p>\n<p style=\"text-align: justify;\"><span style=\"font-family: times new roman, times, serif; font-size: 14pt;\"><strong>STOCKHOLM<\/strong><strong> \u2013 <\/strong>Le Comit\u00e9 du prix Nobel a annonc\u00e9 l\u2019attribution simultan\u00e9e de deux Prix Nobel de Litt\u00e9rature. L\u2019un \u00e0 l\u2019\u00e9crivain et po\u00e9tesse polonaise Olga Tokarczuk, qui re\u00e7oit celui de 2018 qu\u2019elle avait manqu\u00e9 l\u2019ann\u00e9e derni\u00e8re, celui de cette ann\u00e9e allant \u00e0 l\u2019auteur dramatique autrichien, le grand Peter Handke.<\/span><\/p>\n<p style=\"text-align: justify;\"><span style=\"font-family: times new roman, times, serif; font-size: 14pt;\">L\u2019Autrichien s\u2019est aussit\u00f4t retrouv\u00e9 au centre d\u2019une convergence d\u2019attaques sans pr\u00e9c\u00e9dent, mettant en cause le fait que ce soit \u00e0 lui que le prix ait \u00e9t\u00e9 attribu\u00e9.<\/span><\/p>\n<p style=\"text-align: justify;\"><span style=\"font-family: times new roman, times, serif; font-size: 14pt;\">La raison de ces attaques \u00e0 l\u2019encontre d\u2019un des plus grands auteurs vivants en m\u00eame temps qu\u2019un des \u00e9crivains les plus prolifiques de l\u2019histoire des temps modernes, est \u2013 c\u2019est le moins qu\u2019on puisse dire \u2013 discutable.<\/span><\/p>\n<p style=\"text-align: justify;\"><span style=\"font-family: times new roman, times, serif; font-size: 14pt;\">Pendant les ann\u00e9es 1990, \u00e9poque o\u00f9 l\u2019OTAN faisait feu de tout bois pour se red\u00e9finir et se trouver une nouvelle raison d\u2019\u00eatre, l\u2019alliance d\u00e9cida qu\u2019une agression contre la Yougoslavie \u00e9tait pr\u00e9cis\u00e9ment le pr\u00e9texte qu\u2019il fallait pour justifier le prolongement de son existence.<\/span><\/p>\n<p style=\"text-align: justify;\"><span style=\"font-family: times new roman, times, serif; font-size: 14pt;\">Cependant, il lui fallait une excuse, et, puisqu\u2019elle d\u00e9clarait sa mission \u00ab\u00a0purement humanitaire\u00a0\u00bb, elle avait besoin d\u2019un \u00ab\u00a0croquemitaine g\u00e9nocidaire\u00a0\u00bb pour la provoquer. Le r\u00f4le du croquemitaine \u00e9chut, bien involontairement, aux Serbes. Ou, pour \u00eatre plus exacts, ce r\u00f4le leur fut impos\u00e9 par l\u2019Occident. S\u2019ensuivit une campagne de diabolisation d\u2019une nation tout enti\u00e8re, comme il n\u2019en avait jamais exist\u00e9 auparavant. Les \u00ab\u00a0Bouchers des Balkans\u00a0\u00bb \u00e9taient n\u00e9s.<\/span><\/p>\n<p style=\"text-align: justify;\"><span style=\"font-family: times new roman, times, serif; font-size: 14pt;\">Les m\u00e9dias <em>mainstream<\/em> occidentaux y all\u00e8rent tous de leurs histoires sur \u00ab\u00a0les viols et les camps de concentration serbes\u00a0\u00bb. D\u2019innombrables articles et \u00ab\u00a0reportages\u00a0\u00bb us\u00e8rent \u00e0 l\u2019envi de la d\u00e9sinformation et des mensonges les plus \u00e9hont\u00e9s. On peut rappeler, parmi les exemples notoires, \u00ab\u00a0Un million d\u2019Albanais port\u00e9s disparus\u00a0\u00bb (sous-entendant qu\u2019ils avaient \u00e9t\u00e9 tu\u00e9s par les Serbes) et \u00ab\u00a0L\u2019arm\u00e9e serbe a viol\u00e9 pr\u00e8s d\u2019un demi-million de femmes bosniaques \u00e0 Sarajevo\u00a0\u00bb (ville qui comptait un peu plus de 250.000 habitants).<\/span><\/p>\n<p style=\"text-align: justify;\"><span style=\"font-family: times new roman, times, serif; font-size: 14pt;\">Peter Handke, homme d\u2019une r\u00e9putation sans tache, hautement respect\u00e9 pour l\u2019int\u00e9grit\u00e9 de ses opinions (sans parler de sa stup\u00e9fiante \u0153uvre d\u2019auteur) a d\u00e9nonc\u00e9 l\u2019entreprise de diabolisation et soutenu ouvertement le peuple serbe. Il l\u2019a fait \u00e0 un moment o\u00f9 ce genre d\u2019attitude ne pouvait apporter que des ennuis \u00e0 quiconque l\u2019adoptait, particuli\u00e8rement \u00e0 quelqu\u2019un vivant et travaillant \u00e0 l\u2019Ouest.<\/span><\/p>\n<p style=\"text-align: justify;\"><span style=\"font-family: times new roman, times, serif; font-size: 14pt;\">Les fantassins de la chair \u00e0 canon au service de l\u2019OTAN dans l\u2019ex-Yougoslavie (plus ou moins comme l\u2019ISIS et les coupeurs de t\u00eates mod\u00e9r\u00e9s dans la Syrie d\u2019aujourd\u2019hui) se sont alors donn\u00e9 tout le mal qu\u2019ils pouvaient pour discr\u00e9diter le grand \u00e9crivain. Avec le soutien de l\u2019OTAN, les narcoterroristes albanais qui occupaient la province serbe du Kosovo-et-M\u00e9tochie ont aussit\u00f4t investi beaucoup d\u2019argent pour endommager autant que faire se pouvait la r\u00e9putation de Handke. Mais Handke est rest\u00e9 sur ses positions et n\u2019a jamais chang\u00e9 d\u2019attitude quant \u00e0 ce qui se passait r\u00e9ellement dans l\u2019ex-Yougoslavie.<\/span><\/p>\n<p style=\"text-align: justify;\"><span style=\"font-family: times new roman, times, serif; font-size: 14pt;\">Le Prix Nobel, quoique d\u00fb depuis beaucoup trop longtemps, arrive pourtant \u00e0 point nomm\u00e9. Et quoi qu\u2019il se soit maintes fois, jusqu\u2019\u00e0 tout r\u00e9cemment, discr\u00e9dit\u00e9 (ce qui est particuli\u00e8rement flagrant pour le soi-disant \u00ab\u00a0Prix Nobel de la Paix\u00a0\u00bb, ce Prix de Litt\u00e9rature arrive, finalement, dans les mains qu\u2019il fallait. Peter Handke le m\u00e9ritait et bien plus que cela encore. Mais mieux vaut tard que jamais.<\/span><\/p>\n<p>&nbsp;<\/p>\n<p>&nbsp;<\/p>\n<p>&nbsp;<\/p>\n<p style=\"text-align: center;\"><span style=\"font-family: times new roman, times, serif; font-size: 14pt;\"><iframe loading=\"lazy\" src=\"\/\/www.youtube.com\/embed\/45aBbPOH-JI\" width=\"560\" height=\"315\" frameborder=\"0\" allowfullscreen=\"allowfullscreen\"><\/iframe><\/span><\/p>\n<p>&nbsp;<\/p>\n<p>&nbsp;<\/p>\n<p>&nbsp;<\/p>\n<p style=\"text-align: justify;\"><a href=\"http:\/\/blog.lesgrossesorchadeslesamplesthalameges.fr\/wp-content\/uploads\/2019\/10\/Drago-Bosnic.jpg\"><img loading=\"lazy\" class=\"alignnone wp-image-7087\" src=\"http:\/\/blog.lesgrossesorchadeslesamplesthalameges.fr\/wp-content\/uploads\/2019\/10\/Drago-Bosnic.jpg\" alt=\"\" width=\"250\" height=\"168\" \/><\/a><\/p>\n<p style=\"text-align: justify;\"><span style=\"font-family: times new roman, times, serif; font-size: 14pt;\">\u00c0 notre connaissance, <strong>Drago Bosnic<\/strong> collabore, \u00e0 de nombreux organes d\u2019analyse et d\u2019information, dont \u00a0<em>Russia News Now<\/em>, <em>FortRuss<\/em>, <em>GlobalResearch <\/em>et <em>Mondialisation.ca<\/em><\/span><\/p>\n<p style=\"text-align: justify;\"><span style=\"font-family: times new roman, times, serif; font-size: 14pt;\"><strong>\u00a0<\/strong><\/span><\/p>\n<p style=\"text-align: left;\"><span style=\"font-family: times new roman, times, serif; font-size: 14pt;\"><strong>URL de cet article : <\/strong>http:\/\/blog.lesgrossesorchadeslesamplesthalameges.fr\/index.php\/important-pour-une-fois-le-prix-nobel-va-a-quelquun-qui-le-merite-vraiment\/<strong><br \/>\n<\/strong><\/span><\/p>\n<p style=\"text-align: left;\"><span style=\"font-family: times new roman, times, serif; font-size: 14pt;\">Source : <a href=\"https:\/\/www.fort-russ.com\/2019\/10\/major-nobel-prize-finally-goes-to-someone-who-actually-deserved-it-the-great-peter-handke-video\/\">https:\/\/www.fort-russ.com\/2019\/10\/major-nobel-prize-finally-goes-to-someone-who-actually-deserved-it-the-great-peter-handke-video\/<\/a><\/span><\/p>\n<p>&nbsp;<\/p>\n<p style=\"text-align: right;\"><span style=\"font-family: times new roman, times, serif; font-size: 14pt;\">Traduction\u00a0: c.l. pour Les Grosses Orchades<\/span><\/p>\n<p>&nbsp;<\/p>\n<p>&nbsp;<\/p>\n<p style=\"text-align: center;\"><a href=\"http:\/\/blog.lesgrossesorchadeslesamplesthalameges.fr\/wp-content\/uploads\/2019\/10\/2.-Little-cat-writing-xX.gif\"><img loading=\"lazy\" class=\"alignnone size-full wp-image-7067\" src=\"http:\/\/blog.lesgrossesorchadeslesamplesthalameges.fr\/wp-content\/uploads\/2019\/10\/2.-Little-cat-writing-xX.gif\" alt=\"\" width=\"65\" height=\"74\" \/><\/a><\/p>\n<p>&nbsp;<\/p>\n<p style=\"text-align: right;\"><span style=\"font-family: comic sans ms, sans-serif; font-size: 14pt;\">\u00a0Octobre 2019<\/span><strong><br \/>\n<\/strong><\/p>\n<p>&nbsp;<\/p>\n","protected":false},"excerpt":{"rendered":"<p>&nbsp; &nbsp; &nbsp; &nbsp; &nbsp; &nbsp; IMPORTANT\u00a0! Pour une fois, le Prix Nobel va \u00e0 quelqu\u2019un qui le m\u00e9rite vraiment \u2013 Le GRAND Peter Handke (Vid\u00e9o) \u00a0 Drago Bosnic \u00a0\u2013 Fort Russ \u2013 17.10.2019 &nbsp; &nbsp; \u00a0 \u00a0 STOCKHOLM \u2013 Le Comit\u00e9 du prix Nobel a annonc\u00e9 l\u2019attribution simultan\u00e9e de deux Prix Nobel de Litt\u00e9rature&#8230;.<\/p>\n","protected":false},"author":1,"featured_media":0,"parent":0,"menu_order":0,"comment_status":"open","ping_status":"open","template":"","meta":[],"_links":{"self":[{"href":"https:\/\/blog.lesgrossesorchadeslesamplesthalameges.fr\/index.php\/wp-json\/wp\/v2\/pages\/7085"}],"collection":[{"href":"https:\/\/blog.lesgrossesorchadeslesamplesthalameges.fr\/index.php\/wp-json\/wp\/v2\/pages"}],"about":[{"href":"https:\/\/blog.lesgrossesorchadeslesamplesthalameges.fr\/index.php\/wp-json\/wp\/v2\/types\/page"}],"author":[{"embeddable":true,"href":"https:\/\/blog.lesgrossesorchadeslesamplesthalameges.fr\/index.php\/wp-json\/wp\/v2\/users\/1"}],"replies":[{"embeddable":true,"href":"https:\/\/blog.lesgrossesorchadeslesamplesthalameges.fr\/index.php\/wp-json\/wp\/v2\/comments?post=7085"}],"version-history":[{"count":0,"href":"https:\/\/blog.lesgrossesorchadeslesamplesthalameges.fr\/index.php\/wp-json\/wp\/v2\/pages\/7085\/revisions"}],"wp:attachment":[{"href":"https:\/\/blog.lesgrossesorchadeslesamplesthalameges.fr\/index.php\/wp-json\/wp\/v2\/media?parent=7085"}],"curies":[{"name":"wp","href":"https:\/\/api.w.org\/{rel}","templated":true}]}}