{"id":7365,"date":"2019-11-11T22:24:00","date_gmt":"2019-11-11T21:24:00","guid":{"rendered":"http:\/\/blog.lesgrossesorchadeslesamplesthalameges.fr\/?page_id=7365"},"modified":"2019-11-11T22:24:00","modified_gmt":"2019-11-11T21:24:00","slug":"voir-naples-et-mourir","status":"publish","type":"page","link":"https:\/\/blog.lesgrossesorchadeslesamplesthalameges.fr\/index.php\/voir-naples-et-mourir\/","title":{"rendered":"Voir Naples et mourir"},"content":{"rendered":"<p>&nbsp;<\/p>\n<p>&nbsp;<\/p>\n<p>&nbsp;<\/p>\n<p>&nbsp;<\/p>\n<p>&nbsp;<\/p>\n<p>&nbsp;<\/p>\n<p style=\"text-align: justify;\"><span style=\"font-family: times new roman, times, serif; font-size: 24pt; color: #c00000;\"><strong><em>En avant pour la prochaine\u00a0:<\/em><\/strong><\/span><\/p>\n<p style=\"text-align: justify;\"><span style=\"font-family: times new roman, times, serif; font-size: 14pt;\"><strong><em>\u00a0<\/em><\/strong><\/span><\/p>\n<p style=\"text-align: justify;\"><span style=\"font-family: times new roman, times, serif; font-size: 14pt;\"><strong><em>\u00a0<\/em><\/strong><\/span><\/p>\n<p style=\"text-align: center;\"><strong><span style=\"font-family: times new roman, times, serif; font-size: 18pt; color: #c00000;\">L\u2019art de la guerre<\/span><\/strong><\/p>\n<p>&nbsp;<\/p>\n<p style=\"text-align: center;\"><span style=\"font-family: times new roman, times, serif; font-size: 14pt;\"><strong><span style=\"font-size: 36pt;\">4 novembre, voir Naples et mourir<\/span> <\/strong><\/span><\/p>\n<p style=\"text-align: center;\"><span style=\"font-family: times new roman, times, serif; font-size: 14pt;\"><strong>\u00a0<\/strong><\/span><\/p>\n<p style=\"text-align: center;\"><span style=\"font-family: times new roman, times, serif; font-size: 18pt;\"><strong>Manlio Dinucci <em>\u2013 il manifesto<\/em> \u2013 4.11.2019<\/strong><\/span><\/p>\n<p style=\"text-align: center;\"><span style=\"font-family: times new roman, times, serif; font-size: 18pt;\">Traduction :<\/span><strong><span style=\"font-family: times new roman, times, serif; font-size: 18pt;\"> Marie-Ange Patrizio<\/span><\/strong><\/p>\n<p>&nbsp;<\/p>\n<p>&nbsp;<\/p>\n<p style=\"text-align: center;\"><a href=\"http:\/\/blog.lesgrossesorchadeslesamplesthalameges.fr\/wp-content\/uploads\/2019\/11\/Naples-et-mourir-1.jpg\"><img loading=\"lazy\" class=\"alignnone wp-image-7367\" src=\"http:\/\/blog.lesgrossesorchadeslesamplesthalameges.fr\/wp-content\/uploads\/2019\/11\/Naples-et-mourir-1-226x300.jpg\" alt=\"\" width=\"400\" height=\"532\" srcset=\"https:\/\/blog.lesgrossesorchadeslesamplesthalameges.fr\/wp-content\/uploads\/2019\/11\/Naples-et-mourir-1-226x300.jpg 226w, https:\/\/blog.lesgrossesorchadeslesamplesthalameges.fr\/wp-content\/uploads\/2019\/11\/Naples-et-mourir-1.jpg 400w\" sizes=\"(max-width: 400px) 100vw, 400px\" \/><\/a><\/p>\n<p style=\"text-align: justify;\"><span style=\"font-family: times new roman, times, serif; font-size: 14pt;\"><strong>\u00a0<\/strong><\/span><\/p>\n<p>&nbsp;<\/p>\n<p style=\"text-align: justify;\"><strong><span style=\"font-family: tahoma, arial, helvetica, sans-serif; font-size: 14pt;\">C\u2019est Naples, et non pas Rome, qui le 4 novembre a \u00e9t\u00e9 au centre de la Journ\u00e9e des Forces Arm\u00e9es. Sur le Front de mer Caracciolo ont d\u00e9fil\u00e9 5 bataillons.<\/span><\/strong><\/p>\n<p>&nbsp;<\/p>\n<p style=\"text-align: justify;\"><span style=\"font-family: times new roman, times, serif; font-size: 14pt;\">Mais le point fort a \u00e9t\u00e9 l\u2019aire d\u2019exposition inter-forces, qui a re\u00e7u pendant cinq jours Piazza del Plebiscito surtout des jeunes et des enfants. Ils ont pu monter \u00e0 bord d\u2019un chasseur bombardier, conduire un h\u00e9licopt\u00e8re avec un simulateur de vol, admirer un drone Predator, entrer dans un char d\u2019assaut, s\u2019entra\u00eener avec des instructeurs militaires, pour aller ensuite au port visiter un navire d\u2019assaut amphibie et deux fr\u00e9gates (FREMM). Une grande \u00ab\u00a0Foire de la guerre\u00a0\u00bb mont\u00e9e dans un but pr\u00e9cis : le recrutement.<\/span><\/p>\n<p style=\"text-align: justify;\"><span style=\"font-family: times new roman, times, serif; font-size: 14pt;\">70% des jeunes qui veulent s\u2019engager vit dans le Mezzogiorno, surtout en Campanie et Sicile, o\u00f9 le ch\u00f4mage des jeunes est de 53,6%, par rapport \u00e0 une moyenne UE de 15,2%. La seule qui leur offre un emploi \u00ab\u00a0s\u00fbr\u00a0\u00bb est l\u2019arm\u00e9e.<\/span><\/p>\n<p style=\"text-align: justify;\"><span style=\"font-family: times new roman, times, serif; font-size: 14pt;\">Apr\u00e8s les s\u00e9lections, le nombre des recrut\u00e9s s\u2019av\u00e8re cependant inf\u00e9rieur \u00e0 celui qui serait n\u00e9cessaire. Les Forces arm\u00e9es ont besoin de plus de personnel, parce qu\u2019elles sont engag\u00e9es dans 35 op\u00e9rations dans 22 pays, de l\u2019Europe orientale aux Balkans, de l\u2019Afrique au Moyen-Orient et \u00e0 l\u2019Asie. Ce sont les \u00ab\u00a0missions de paix\u00a0\u00bb effectu\u00e9es surtout l\u00e0 o\u00f9 l\u2019OTAN sous commandement USA a d\u00e9clench\u00e9, avec la participation active de l\u2019Italie, les guerres qui ont d\u00e9moli des \u00c9tats entiers et d\u00e9stabilis\u00e9 des r\u00e9gions enti\u00e8res.<\/span><\/p>\n<p style=\"text-align: justify;\"><span style=\"font-family: times new roman, times, serif; font-size: 14pt;\">Pour conserver des forces arm\u00e9es et des armements ad\u00e9quats \u2013 comme les F-35 italiens d\u00e9ploy\u00e9s par l\u2019OTAN en Islande, montr\u00e9s par la RAI le 4 novembre \u2013 on d\u00e9pense en Italie, avec de l\u2019argent public, environ 25 milliards d\u2019euros annuels. En 2018 la d\u00e9pense militaire italienne est mont\u00e9e du 13<sup>\u00e8me<\/sup> au 11<sup>\u00e8me<\/sup> rang mondial, mais USA et OTAN font pression pour une augmentation ult\u00e9rieure en fonction surtout de l\u2019escalade contre la Russie.<\/span><\/p>\n<p style=\"text-align: justify;\"><span style=\"font-family: times new roman, times, serif; font-size: 14pt;\">En juin dernier le gouvernement Conte I a \u00ab\u00a0d\u00e9bloqu\u00e9\u00a0\u00bb 7,2 milliards d\u2019euros \u00e0 ajouter \u00e0 la d\u00e9pense militaire. Au mois d\u2019octobre, dans la rencontre du Premier ministre avec le Secr\u00e9taire g\u00e9n\u00e9ral de l\u2019OTAN, le gouvernement Conte II a assur\u00e9 l\u2019engagement \u00e0 augmenter la d\u00e9pense militaire d\u2019environ 7 milliards d\u2019euros \u00e0 partir de 2020 (<em>La Stampa<\/em>, 11 octobre 2019). On est ainsi en train de passer d\u2019une d\u00e9pense militaire d\u2019environ 70 millions d\u2019euros par jour \u00e0 celle d\u2019environ 87 millions d\u2019euros par jour. De l\u2019argent public soustrait \u00e0 des investissements productifs fondamentaux, notamment dans les r\u00e9gions comme la Campanie, pour r\u00e9duire le ch\u00f4mage en commen\u00e7ant par celui des jeunes.<\/span><\/p>\n<p style=\"text-align: justify;\"><span style=\"font-family: times new roman, times, serif; font-size: 14pt;\">Tout autres sont les \u00ab\u00a0investissements\u00a0\u00bb qui sont faits \u00e0 Naples. La ville a pris un r\u00f4le croissant en tant que si\u00e8ge de certains des plus importants commandements USA\/OTAN.<\/span><\/p>\n<p style=\"text-align: justify;\"><span style=\"font-family: times new roman, times, serif; font-size: 14pt;\">\u00c0 Naples-Capodichino si\u00e8ge le Commandement des Forces navales USA en Europe, sous les ordres d\u2019un amiral \u00e9tasunien qui commande en m\u00eame temps les Forces navales USA pour l\u2019Afrique et la Force conjointe Alli\u00e9e (JFC Naples) avec quartier g\u00e9n\u00e9ral \u00e0 Lago Patria (Naples). Tous les deux ans, le JFC Naples prend le commandement de la Force de riposte OTAN, une force conjointe pour des op\u00e9rations militaires dans la \u00ab\u00a0zone de responsabilit\u00e9\u00a0\u00bb du Commandant Supr\u00eame Alli\u00e9 en Europe, qui est toujours un g\u00e9n\u00e9ral USA, et \u00ab\u00a0au-del\u00e0 de cette zone\u00a0\u00bb.<\/span><\/p>\n<p style=\"text-align: justify;\"><span style=\"font-family: times new roman, times, serif; font-size: 14pt;\">Dans le quartier g\u00e9n\u00e9ral de Lago Patria est en fonction depuis 2017 le HUB de direction strat\u00e9gique OTAN pour le Sud, centre d\u2019intelligence, c\u2019est-\u00e0-dire d\u2019espionnage, concentr\u00e9 sur Moyen-Orient et Afrique.<\/span><\/p>\n<p style=\"text-align: justify;\"><span style=\"font-family: times new roman, times, serif; font-size: 14pt;\">Du commandement de Naples d\u00e9pend la Sixi\u00e8me Flotte, avec base \u00e0 Gaeta, qui \u00a0\u2013 informe la vice-amirale USA Lisa Franchetti \u2013 op\u00e8re \u00ab\u00a0du P\u00f4le Nord jusqu\u2019au P\u00f4le Sud\u00a0\u00bb.<\/span><\/p>\n<p style=\"text-align: justify;\"><span style=\"font-family: times new roman, times, serif; font-size: 14pt;\">Voil\u00e0 quel est le r\u00f4le de Naples dans le cadre de l\u2019OTAN, d\u00e9fini par le pr\u00e9sident Mattarella, dans son message du 4 novembre, comme \u00ab\u00a0une alliance \u00e0 laquelle nous avons librement choisi de contribuer, en protection de la paix dans le contexte international, en sauvegarde des plus faibles et des opprim\u00e9s et des droits humains\u00a0\u00bb.<\/span><\/p>\n<p>&nbsp;<\/p>\n<p style=\"text-align: justify;\"><span style=\"font-family: times new roman, times, serif; font-size: 14pt;\">\u00c9dition de mardi 5 novembre 2019 de <em>il manifesto<\/em><\/span><\/p>\n<p style=\"text-align: justify;\"><span style=\"font-family: times new roman, times, serif; font-size: 14pt;\"><a href=\"https:\/\/ilmanifesto.it\/4-novembre-vedi-napoli-e-poi-muori\/\">https:\/\/ilmanifesto.it\/4-novembre-vedi-napoli-e-poi-muori\/<\/a><\/span><\/p>\n<p style=\"text-align: justify;\"><span style=\"font-family: times new roman, times, serif; font-size: 14pt;\">.<\/span><\/p>\n<p style=\"text-align: justify;\"><span style=\"font-family: times new roman, times, serif; font-size: 14pt;\">NDT : le 4 novembre est la Journ\u00e9e de l&rsquo;Unit\u00e9 Nationale et des Forces Arm\u00e9es, comm\u00e9moration, instaur\u00e9e en 1919, de l\u2019armistice italien de la Premi\u00e8re guerre mondiale (1915-1918 en Italie).<\/span><\/p>\n<p>&nbsp;<\/p>\n<p>&nbsp;<\/p>\n<p style=\"text-align: center;\"><a href=\"http:\/\/blog.lesgrossesorchadeslesamplesthalameges.fr\/wp-content\/uploads\/2019\/11\/2.-Aigle-au-chapeau-1.gif\"><img loading=\"lazy\" class=\"alignnone size-full wp-image-7368\" src=\"http:\/\/blog.lesgrossesorchadeslesamplesthalameges.fr\/wp-content\/uploads\/2019\/11\/2.-Aigle-au-chapeau-1.gif\" alt=\"\" width=\"51\" height=\"75\" \/><\/a><\/p>\n<p>&nbsp;<\/p>\n<p>&nbsp;<\/p>\n<p style=\"text-align: right;\"><span style=\"font-family: comic sans ms, sans-serif; font-size: 14pt;\">11-17 Novembre 2019<\/span><\/p>\n<p>&nbsp;<\/p>\n<p>&nbsp;<\/p>\n","protected":false},"excerpt":{"rendered":"<p>&nbsp; &nbsp; &nbsp; &nbsp; &nbsp; &nbsp; En avant pour la prochaine\u00a0: \u00a0 \u00a0 L\u2019art de la guerre &nbsp; 4 novembre, voir Naples et mourir \u00a0 Manlio Dinucci \u2013 il manifesto \u2013 4.11.2019 Traduction : Marie-Ange Patrizio &nbsp; &nbsp; \u00a0 &nbsp; C\u2019est Naples, et non pas Rome, qui le 4 novembre a \u00e9t\u00e9 au centre de&#8230;<\/p>\n","protected":false},"author":1,"featured_media":0,"parent":0,"menu_order":0,"comment_status":"open","ping_status":"open","template":"","meta":[],"_links":{"self":[{"href":"https:\/\/blog.lesgrossesorchadeslesamplesthalameges.fr\/index.php\/wp-json\/wp\/v2\/pages\/7365"}],"collection":[{"href":"https:\/\/blog.lesgrossesorchadeslesamplesthalameges.fr\/index.php\/wp-json\/wp\/v2\/pages"}],"about":[{"href":"https:\/\/blog.lesgrossesorchadeslesamplesthalameges.fr\/index.php\/wp-json\/wp\/v2\/types\/page"}],"author":[{"embeddable":true,"href":"https:\/\/blog.lesgrossesorchadeslesamplesthalameges.fr\/index.php\/wp-json\/wp\/v2\/users\/1"}],"replies":[{"embeddable":true,"href":"https:\/\/blog.lesgrossesorchadeslesamplesthalameges.fr\/index.php\/wp-json\/wp\/v2\/comments?post=7365"}],"version-history":[{"count":0,"href":"https:\/\/blog.lesgrossesorchadeslesamplesthalameges.fr\/index.php\/wp-json\/wp\/v2\/pages\/7365\/revisions"}],"wp:attachment":[{"href":"https:\/\/blog.lesgrossesorchadeslesamplesthalameges.fr\/index.php\/wp-json\/wp\/v2\/media?parent=7365"}],"curies":[{"name":"wp","href":"https:\/\/api.w.org\/{rel}","templated":true}]}}