{"id":8120,"date":"2020-01-24T17:37:53","date_gmt":"2020-01-24T16:37:53","guid":{"rendered":"http:\/\/blog.lesgrossesorchadeslesamplesthalameges.fr\/?page_id=8120"},"modified":"2020-01-24T17:38:46","modified_gmt":"2020-01-24T16:38:46","slug":"1920-lexperience-polonaise-lordre-regne-a-varsovie","status":"publish","type":"page","link":"https:\/\/blog.lesgrossesorchadeslesamplesthalameges.fr\/index.php\/1920-lexperience-polonaise-lordre-regne-a-varsovie\/","title":{"rendered":"1920 &#8211; L&rsquo;exp\u00e9rience polonaise. L&rsquo;ordre r\u00e8gne \u00e0 Varsovie"},"content":{"rendered":"<p>&nbsp;<\/p>\n<p>&nbsp;<\/p>\n<p>&nbsp;<\/p>\n<p>&nbsp;<\/p>\n<p>&nbsp;<\/p>\n<p>&nbsp;<\/p>\n<p>&nbsp;<\/p>\n<p style=\"text-align: justify;\"><span style=\"color: #c00000;\"><em><span style=\"font-family: times new roman, times, serif; font-size: 18pt;\"><strong>PETIT ADDENDUM<\/strong><\/span><\/em><\/span><\/p>\n<p style=\"text-align: justify;\"><span style=\"color: #c00000;\"><em><span style=\"font-family: times new roman, times, serif; font-size: 18pt;\"><strong>En ao\u00fbt 1920, Curzio Malaparte, jeune attach\u00e9 militaire \u00e0 l\u2019ambassade d\u2019Italie, se trouvait dans Varsovie, assi\u00e9g\u00e9e par Trotski.<\/strong><\/span><\/em><\/span><\/p>\n<p>&nbsp;<\/p>\n<p>&nbsp;<\/p>\n<p style=\"text-align: center;\"><span style=\"font-family: times new roman, times, serif; font-size: 36pt;\"><strong><em>1920 \u2013 L\u2019exp\u00e9rience polonaise. <\/em><\/strong><\/span><\/p>\n<p style=\"text-align: center;\"><span style=\"font-family: times new roman, times, serif; font-size: 36pt;\"><strong><em>L\u2019ordre r\u00e8gne \u00e0 Varsovie<\/em><\/strong><\/span><\/p>\n<p>&nbsp;<\/p>\n<p>&nbsp;<\/p>\n<p style=\"text-align: center;\"><a href=\"http:\/\/blog.lesgrossesorchadeslesamplesthalameges.fr\/wp-content\/uploads\/2020\/01\/Femmes-polonaises-d\u00e9fendant-Varsovie-Ao\u00fbt-1920.jpeg\"><img loading=\"lazy\" class=\"alignnone wp-image-8057\" src=\"http:\/\/blog.lesgrossesorchadeslesamplesthalameges.fr\/wp-content\/uploads\/2020\/01\/Femmes-polonaises-d\u00e9fendant-Varsovie-Ao\u00fbt-1920-300x213.jpeg\" alt=\"\" width=\"400\" height=\"283\" srcset=\"https:\/\/blog.lesgrossesorchadeslesamplesthalameges.fr\/wp-content\/uploads\/2020\/01\/Femmes-polonaises-d\u00e9fendant-Varsovie-Ao\u00fbt-1920-300x213.jpeg 300w, https:\/\/blog.lesgrossesorchadeslesamplesthalameges.fr\/wp-content\/uploads\/2020\/01\/Femmes-polonaises-d\u00e9fendant-Varsovie-Ao\u00fbt-1920.jpeg 600w\" sizes=\"(max-width: 400px) 100vw, 400px\" \/><\/a><\/p>\n<p style=\"text-align: center;\"><span style=\"font-family: times new roman, times, serif; font-size: 12pt;\"><strong><em>Femmes polonaises d\u00e9fendant Varsovie \u2013 Ao\u00fbt 1920<\/em><\/strong><\/span><\/p>\n<p>&nbsp;<\/p>\n<p>&nbsp;<\/p>\n<p style=\"text-align: center;\"><span style=\"font-family: times new roman, times, serif; font-size: 14pt;\"><strong><em>\u00a0<a href=\"http:\/\/blog.lesgrossesorchadeslesamplesthalameges.fr\/wp-content\/uploads\/2020\/01\/R\u00e9giment-polonais-de-lArm\u00e9e-Rouge-jpg.jpg\"><img loading=\"lazy\" class=\"alignnone wp-image-8058\" src=\"http:\/\/blog.lesgrossesorchadeslesamplesthalameges.fr\/wp-content\/uploads\/2020\/01\/R\u00e9giment-polonais-de-lArm\u00e9e-Rouge-jpg-300x191.jpg\" alt=\"\" width=\"400\" height=\"255\" srcset=\"https:\/\/blog.lesgrossesorchadeslesamplesthalameges.fr\/wp-content\/uploads\/2020\/01\/R\u00e9giment-polonais-de-lArm\u00e9e-Rouge-jpg-300x191.jpg 300w, https:\/\/blog.lesgrossesorchadeslesamplesthalameges.fr\/wp-content\/uploads\/2020\/01\/R\u00e9giment-polonais-de-lArm\u00e9e-Rouge-jpg.jpg 600w\" sizes=\"(max-width: 400px) 100vw, 400px\" \/><\/a><\/em><\/strong><\/span><\/p>\n<p style=\"text-align: center;\"><span style=\"font-family: times new roman, times, serif; font-size: 14pt;\"><a href=\"http:\/\/communismeetconflits.over-blog.com\/2013\/11\/les-combattants-polonais-de-l-arm%C3%A9e-rouge-1917-1920-1ere-partie.html\"><strong><em><span style=\"font-size: 12pt;\">Combattants polonais de l\u2019Arm\u00e9e Rouge<\/span><\/em><\/strong><\/a><\/span><\/p>\n<p style=\"text-align: justify;\"><span style=\"font-family: times new roman, times, serif; font-size: 14pt;\"><strong><em>\u00a0<\/em><\/strong><\/span><\/p>\n<p>&nbsp;<\/p>\n<p style=\"text-align: justify;\"><span style=\"font-family: times new roman, times, serif; font-size: 14pt;\">[\u2026]<\/span><\/p>\n<p style=\"text-align: justify;\"><span style=\"font-family: times new roman, times, serif; font-size: 14pt;\">\u00ab\u00a0Varsovie, au cours de ces journ\u00e9es, pr\u00e9sentait l\u2019aspect d\u2019une ville r\u00e9sign\u00e9e au saccage. Une chaleur lourde \u00e9touffait les voix et les bruits\u00a0; un profond silence pesait sur la foule mass\u00e9e dans les rues. De temps en temps, des files interminables de tramways, charg\u00e9s de bless\u00e9s, fendaient lentement cette foule. Les bless\u00e9s mettaient la t\u00eate aux fen\u00eatres et montraient le poing en jurant. Un long murmure se propageait de trottopir en trottoir, de rue en rue. Au milieu d\u2019une escorte de uhlans, parmi les sabots des chevaux, courb\u00e9s, boiteux, v\u00eatus de haillons, l\u2019\u00e9toile rouge sur la poitrine, des prisonniers bolcheviques d\u00e9filaient. Au passage des prisonniers, la foule s\u2019ouvrait en silence, et se refermait pesamment derri\u00e8re eux. Des tumultes \u00e9clataient par-ci par-l\u00e0, imm\u00e9diatement \u00e9touff\u00e9s par la foule. Par-dessus cet oc\u00e9an de t\u00eates, de hautes croix noires se dressaient parfois, port\u00e9es en procession par des soldats maigres et fi\u00e9vreux\u00a0: le peuple avan\u00e7ait lentement, par vagues\u00a0; un courant se dessinait, au milieu de la rue, suivait les croix, stagnait, refluait, se perdait en bras tumultueux. \u00c0 la t\u00eate du pont de la Vistule, une foule silencieuse tendait l\u2019oreille \u00e0 un tonnerre lointain. Des nuages denses, jaunes de soleil et de poussi\u00e8re, fermaient l\u2019horizon qui vibrait en grondant comme sous le choc d\u2019un b\u00e9lier.<\/span><\/p>\n<p style=\"text-align: justify;\"><span style=\"font-family: times new roman, times, serif; font-size: 14pt;\">La gare centrale \u00e9tait assi\u00e9g\u00e9e jour et nuit par des bandes fam\u00e9liques de d\u00e9serteurs, de r\u00e9fugi\u00e9s, de fuyards de toutes races et de toutes conditions. Seuls les Juifs paraissaient se trouver dans leur \u00e9l\u00e9ment au milieu du tumulte de ces journ\u00e9es. Le quartier de Nalewski, le ghetto de Varsovie, \u00e9tait en joie. La haine des Polonais pers\u00e9cuteurs des enfants d\u2019Isra\u00ebl, la satisfaction d\u2019assister \u00e0 la grande piti\u00e9 de la Pologne catholique et intol\u00e9rante s\u2019y manifestaient par des actes de courage et de violence, insolites chez les Juifs de Nalewski, muets et passifs par prudence et par tradition. Les Juifs devenaient silencieux\u00a0: mauvais signe pour les Polonais.<\/span><\/p>\n<p style=\"text-align: justify;\"><span style=\"font-family: times new roman, times, serif; font-size: 14pt;\">Les nouvelles des r\u00e9gions envahies qu\u2019apportaient les fuyards nourrissaient l\u2019esprit de s\u00e9dition\u00a0: dans toute ville, dans tout village conquis, les bolcheviques ne se h\u00e2taient-ils pas d\u2019installer un Soviet, compos\u00e9 de Juifs de l\u2019endroit\u00a0? Les Juifs, de pers\u00e9cut\u00e9s, devenaient pers\u00e9cuteurs. La libert\u00e9, la vengeance, le pouvoir,\u00a0c\u2019\u00e9taient l\u00e0 fruits trop doux pour que la mis\u00e9rable pl\u00e8be de Nalewski ne d\u00e9sir\u00e2t pas y mordre. L\u2019arm\u00e9e rouge, maintenant \u00e0 quelques milles de Varsovie, trouvait un alli\u00e9 naturel dans l\u2019\u00e9norme population juive de la ville, dont le nombre et l\u2019animation croissaient chaque jour. Aux premiers jours d\u2019ao\u00fbt, ils \u00e9taient au moins cinq cent mille dans Varsovie. Je me suis alors et souvent demand\u00e9 ce qsui pouvait retenir cette \u00e9norme masse s\u00e9ditieuse, br\u00fblante de fanatisme haineux, affam\u00e9e de libert\u00e9, ce qui pouvait l\u2019emp\u00eacher de tenter une insurrection.<\/span><\/p>\n<p style=\"text-align: justify;\"><span style=\"font-family: times new roman, times, serif; font-size: 14pt;\">L\u2019\u00c9tat en dissolution, le gouvernement \u00e0 l\u2019agonie, une grande partie du territoire national envahie, la capitale en proie au d\u00e9sordre et d\u00e9j\u00e0 assi\u00e9g\u00e9e\u00a0: mille hommes r\u00e9solus, pr\u00eats \u00e0 tout, eussent suffi pour s\u2019emparer de la ville sans coup f\u00e9rir. Mais l\u2019exp\u00e9rience de ces journ\u00e9es m\u2019a convaincu que, si Catilina peut \u00eatre Juif, les catilinaires, c\u2019est-\u00e0-dire les ex\u00e9cuteurs du coup d\u2019\u00c9tat, ne sauraient \u00eatre recrut\u00e9s parmi les enfants d\u2019Isra\u00ebl. Au mois d\u2019octobre 1917, \u00e0 Petrograd, le Catilina de l\u2019insurrection bolchevique fut le juif Trotsky, et non pas le Russe L\u00e9nine\u00a0; mais les ex\u00e9cuteurs, les catilinaires\u00a0: matelots, ouvriers, soldats, \u00e9taient en majorit\u00e9 russes. Dans sa lutte contre Staline, en 1927, Trotsky devait apprendre \u00e0 ses d\u00e9pens le danger de tenter un coup d\u2019\u00c9tat en en confiant l\u2019ex\u00e9cution \u00e0 des \u00e9l\u00e9ments dont la majorit\u00e9 \u00e9tait juive.\u00a0\u00bb<\/span><\/p>\n<p style=\"text-align: justify;\"><span style=\"font-family: times new roman, times, serif; font-size: 14pt;\">[\u2026]<\/span><\/p>\n<p style=\"text-align: right;\"><span style=\"font-family: times new roman, times, serif; font-size: 14pt;\">Curzio Malaparte, <strong><em>Technique du coup d\u2019\u00c9tat<\/em><\/strong><em>,<\/em><\/span><\/p>\n<p style=\"text-align: right;\"><span style=\"font-family: times new roman, times, serif; font-size: 14pt;\">Grasset, 2017 \u2013 pp.101-103<\/span><\/p>\n<p style=\"text-align: justify;\"><span style=\"font-family: times new roman, times, serif; font-size: 14pt;\"><strong><em>\u00a0<\/em><\/strong><\/span><\/p>\n<p>&nbsp;<\/p>\n<p style=\"text-align: justify;\"><span style=\"font-family: times new roman, times, serif; font-size: 18pt; color: #c00000;\"><strong><em>Surtout \u00e0 le tenter contre Staline\u2026<\/em><\/strong><\/span><\/p>\n<p style=\"text-align: justify;\"><span style=\"font-family: times new roman, times, serif; font-size: 14pt;\"><strong><em>\u00a0<\/em><\/strong><\/span><\/p>\n<p>&nbsp;<\/p>\n<p style=\"text-align: center;\"><a href=\"http:\/\/blog.lesgrossesorchadeslesamplesthalameges.fr\/wp-content\/uploads\/2020\/01\/Petit-journal.jpg\"><img loading=\"lazy\" class=\"alignnone wp-image-8123 size-full\" src=\"http:\/\/blog.lesgrossesorchadeslesamplesthalameges.fr\/wp-content\/uploads\/2020\/01\/Petit-journal.jpg\" alt=\"\" width=\"500\" height=\"636\" srcset=\"https:\/\/blog.lesgrossesorchadeslesamplesthalameges.fr\/wp-content\/uploads\/2020\/01\/Petit-journal.jpg 500w, https:\/\/blog.lesgrossesorchadeslesamplesthalameges.fr\/wp-content\/uploads\/2020\/01\/Petit-journal-236x300.jpg 236w\" sizes=\"(max-width: 500px) 100vw, 500px\" \/><\/a><\/p>\n<p style=\"text-align: center;\"><span style=\"font-family: times new roman, times, serif; font-size: 12pt;\"><strong><em>\u00ab\u00a0Weygand au secours de la Pologne\u00a0\u00bb \u2013 Le Petit Journal<\/em><\/strong><\/span><\/p>\n<p style=\"text-align: justify;\"><span style=\"font-family: times new roman, times, serif; font-size: 14pt;\"><strong><em>\u00a0<\/em><\/strong><\/span><\/p>\n<p style=\"text-align: justify;\"><span style=\"font-family: times new roman, times, serif; font-size: 14pt;\"><strong><em>\u00a0<\/em><\/strong><\/span><\/p>\n<p style=\"text-align: justify;\"><span style=\"font-family: times new roman, times, serif; font-size: 18pt; color: #c00000;\"><strong><em>En somme, en ces historiques journ\u00e9es de 1920, le ghetto de Varsovie se promettait de faire subir aux catholiques polonais le sort que le IIIe Reich allait lui faire subir h\u00e9las vingt-trois ans plus tard. Seule, la d\u00e9faite de Trotski a emp\u00each\u00e9 ce massacre. \u00c0 la fin du compte, qui est le plus \u00e0 bl\u00e2mer, qui le plus apte \u00e0 supprimer les autres en bloc\u00a0? Les catholiques polonais\u00a0? Les juifs juifs\u00a0? Les juifs bolcheviques\u00a0? Les nazis\u00a0? Les Allemands\u00a0? Faites tourner les tables et convoquez Louis-Ferdinand C\u00e9line, vous entendrez\u00a0: \u00ab\u00a0l\u2019esp\u00e8ce humaine\u00a0!\u00a0\u00bb<\/em><\/strong><\/span><\/p>\n<p>&nbsp;<\/p>\n<p style=\"text-align: left;\"><span style=\"font-family: times new roman, times, serif; font-size: 14pt;\"><strong>URL de cet article\u00a0: <\/strong><a href=\"http:\/\/blog.lesgrossesorchadeslesamplesthalameges.fr\/index.php\/1920-lexperience-polonaise-lordre-regne-a-varsovie\/\">http:\/\/blog.lesgrossesorchadeslesamplesthalameges.fr\/index.php\/1920-lexperience-polonaise-lordre-regne-a-varsovie\/<\/a><strong><br \/>\n<\/strong><\/span><\/p>\n<p>&nbsp;<\/p>\n<p>&nbsp;<\/p>\n<p style=\"text-align: center;\"><a href=\"http:\/\/blog.lesgrossesorchadeslesamplesthalameges.fr\/wp-content\/uploads\/2020\/01\/Roquet-GIF.gif\"><img loading=\"lazy\" class=\"alignnone wp-image-8048\" src=\"http:\/\/blog.lesgrossesorchadeslesamplesthalameges.fr\/wp-content\/uploads\/2020\/01\/Roquet-GIF.gif\" alt=\"\" width=\"75\" height=\"75\" \/><\/a><\/p>\n<p>&nbsp;<\/p>\n<p>&nbsp;<\/p>\n<p style=\"text-align: right;\"><span style=\"font-family: comic sans ms, sans-serif; font-size: 14pt;\">Janvier 2020<\/span><\/p>\n<p>&nbsp;<\/p>\n<p>&nbsp;<\/p>\n","protected":false},"excerpt":{"rendered":"<p>&nbsp; &nbsp; &nbsp; &nbsp; &nbsp; &nbsp; &nbsp; PETIT ADDENDUM En ao\u00fbt 1920, Curzio Malaparte, jeune attach\u00e9 militaire \u00e0 l\u2019ambassade d\u2019Italie, se trouvait dans Varsovie, assi\u00e9g\u00e9e par Trotski. &nbsp; &nbsp; 1920 \u2013 L\u2019exp\u00e9rience polonaise. L\u2019ordre r\u00e8gne \u00e0 Varsovie &nbsp; &nbsp; Femmes polonaises d\u00e9fendant Varsovie \u2013 Ao\u00fbt 1920 &nbsp; &nbsp; \u00a0 Combattants polonais de l\u2019Arm\u00e9e Rouge \u00a0&#8230;<\/p>\n","protected":false},"author":1,"featured_media":0,"parent":0,"menu_order":0,"comment_status":"open","ping_status":"open","template":"","meta":[],"_links":{"self":[{"href":"https:\/\/blog.lesgrossesorchadeslesamplesthalameges.fr\/index.php\/wp-json\/wp\/v2\/pages\/8120"}],"collection":[{"href":"https:\/\/blog.lesgrossesorchadeslesamplesthalameges.fr\/index.php\/wp-json\/wp\/v2\/pages"}],"about":[{"href":"https:\/\/blog.lesgrossesorchadeslesamplesthalameges.fr\/index.php\/wp-json\/wp\/v2\/types\/page"}],"author":[{"embeddable":true,"href":"https:\/\/blog.lesgrossesorchadeslesamplesthalameges.fr\/index.php\/wp-json\/wp\/v2\/users\/1"}],"replies":[{"embeddable":true,"href":"https:\/\/blog.lesgrossesorchadeslesamplesthalameges.fr\/index.php\/wp-json\/wp\/v2\/comments?post=8120"}],"version-history":[{"count":0,"href":"https:\/\/blog.lesgrossesorchadeslesamplesthalameges.fr\/index.php\/wp-json\/wp\/v2\/pages\/8120\/revisions"}],"wp:attachment":[{"href":"https:\/\/blog.lesgrossesorchadeslesamplesthalameges.fr\/index.php\/wp-json\/wp\/v2\/media?parent=8120"}],"curies":[{"name":"wp","href":"https:\/\/api.w.org\/{rel}","templated":true}]}}