{"id":8531,"date":"2020-02-25T23:17:14","date_gmt":"2020-02-25T22:17:14","guid":{"rendered":"http:\/\/blog.lesgrossesorchadeslesamplesthalameges.fr\/?page_id=8531"},"modified":"2020-02-25T23:18:49","modified_gmt":"2020-02-25T22:18:49","slug":"pandemie-du-virus-de-la-peur","status":"publish","type":"page","link":"https:\/\/blog.lesgrossesorchadeslesamplesthalameges.fr\/index.php\/pandemie-du-virus-de-la-peur\/","title":{"rendered":"Pand\u00e9mie du virus de la peur"},"content":{"rendered":"<p>&nbsp;<\/p>\n<p>&nbsp;<\/p>\n<p>&nbsp;<\/p>\n<p>&nbsp;<\/p>\n<p>&nbsp;<\/p>\n<p>&nbsp;<\/p>\n<p>&nbsp;<\/p>\n<p style=\"text-align: center;\"><span style=\"font-family: times new roman, times, serif; font-size: 14pt; color: #c00000;\"><strong>L\u2019art de la guerre<\/strong><\/span><\/p>\n<p style=\"text-align: center;\"><span style=\"font-family: times new roman, times, serif; font-size: 36pt;\"><strong>Pand\u00e9mie du virus de la peur<\/strong><\/span><\/p>\n<p>&nbsp;<\/p>\n<p style=\"text-align: center;\"><span style=\"font-family: times new roman, times, serif; font-size: 18pt;\"><strong>Manlio Dinucci \u2013 <em>il manifesto<\/em> \u2013 25.2.2020<\/strong><\/span><\/p>\n<p style=\"text-align: center;\"><span style=\"font-family: times new roman, times, serif; font-size: 18pt;\">Traduction\u00a0:<strong> Marie-Age Patrizio<\/strong><\/span><\/p>\n<p style=\"text-align: justify;\"><span style=\"font-family: times new roman, times, serif; font-size: 14pt;\"><strong>\u00a0<\/strong><\/span><\/p>\n<p>&nbsp;<\/p>\n<p style=\"text-align: center;\"><a href=\"http:\/\/blog.lesgrossesorchadeslesamplesthalameges.fr\/wp-content\/uploads\/2020\/02\/CORONAVIRUS.jpg\"><img loading=\"lazy\" class=\"alignnone wp-image-8526 size-full\" src=\"http:\/\/blog.lesgrossesorchadeslesamplesthalameges.fr\/wp-content\/uploads\/2020\/02\/CORONAVIRUS.jpg\" alt=\"\" width=\"600\" height=\"337\" srcset=\"https:\/\/blog.lesgrossesorchadeslesamplesthalameges.fr\/wp-content\/uploads\/2020\/02\/CORONAVIRUS.jpg 600w, https:\/\/blog.lesgrossesorchadeslesamplesthalameges.fr\/wp-content\/uploads\/2020\/02\/CORONAVIRUS-300x169.jpg 300w\" sizes=\"(max-width: 600px) 100vw, 600px\" \/><\/a><\/p>\n<p style=\"text-align: justify;\"><span style=\"font-family: times new roman, times, serif; font-size: 14pt;\"><em><strong>\u00a0<\/strong><\/em><\/span><\/p>\n<p>&nbsp;<\/p>\n<p style=\"text-align: justify;\"><span style=\"font-family: tahoma, arial, helvetica, sans-serif; font-size: 14pt;\"><strong>Giovanna Botteri, correspondante de la RAI, ici \u00e0 P\u00e9kin (o\u00f9 elle a \u00e9t\u00e9 transf\u00e9r\u00e9e de New York), r\u00e9pand chez les Italiens la peur du virus mortel en se montrant sur Tg2 enti\u00e8rement v\u00eatue de noir, avec une capuche, des gants et un masque de la m\u00eame couleur fun\u00e8bre.<\/strong><\/span><\/p>\n<p style=\"text-align: justify;\"><span style=\"font-family: times new roman, times, serif; font-size: 14pt;\"><em><strong>\u00a0<\/strong><\/em><\/span><\/p>\n<p style=\"text-align: justify;\"><span style=\"font-family: times new roman, times, serif; font-size: 14pt;\">\u00c9tant entendu que le Coronavirus ne doit pas \u00eatre sous-\u00e9valu\u00e9 et qu\u2019on doit suivre les 10 r\u00e8gles pr\u00e9ventives du Minist\u00e8re de la Sant\u00e9, il faut adopter une 11<sup>\u00e8me<\/sup> r\u00e8gle fondamentale : emp\u00eacher la diffusion du virus de la peur. Celui-ci est r\u00e9pandu surtout par la t\u00e9l\u00e9vision, \u00e0 commencer par la RAI qui consacre ses journaux t\u00e9l\u00e9vis\u00e9s quasi enti\u00e8rement au Coronavirus. Le virus de la peur p\u00e9n\u00e8tre ainsi dans tous les foyers \u00e0 travers les cha\u00eenes de t\u00e9l\u00e9.<\/span><\/p>\n<p style=\"text-align: justify;\"><span style=\"font-family: times new roman, times, serif; font-size: 14pt;\">Tandis que celles-ci lancent la plus grande alarme pour le Coronavirus, elles taisent le fait que la grippe saisonni\u00e8re, \u00e9pid\u00e9mie beaucoup plus mortelle, a provoqu\u00e9 en Italie, pendant la 6<sup>\u00e8me<\/sup> semaine de 2020 \u2013 selon l\u2019Institut Sup\u00e9rieur de la Sant\u00e9 \u2013 \u00a0en moyenne 217 d\u00e9c\u00e8s par jour, dus aussi \u00e0 des complications pulmonaires et cardiovasculaires li\u00e9es \u00e0 la grippe. Elles taisent le fait que \u2013 selon l\u2019Organisation Mondiale de la Sant\u00e9 \u2013 meurent en Italie, en une ann\u00e9e, du HIV\/Aids, plus de 700 personnes (en moyenne deux par jour), sur un total mondial d\u2019environ 770.000.<\/span><\/p>\n<p style=\"text-align: justify;\"><span style=\"font-family: times new roman, times, serif; font-size: 14pt;\">\u00c0 propos de la campagne alarmiste sur le Coronavirus, Maria Rita Gismondo \u2013 directrice de Macrobiologie clinique, Virologie et Diagnostic de Bio-urgences du laboratoire de l\u2019H\u00f4pital Sacco de Milan, o\u00f9 s\u2019analysent les \u00e9chantillons de contagions possibles \u2013 d\u00e9clare : \u00ab\u00a0C&rsquo;est une folie. On a transform\u00e9 une infection \u00e0 peine plus s\u00e9rieuse qu\u2019une grippe en une pand\u00e9mie l\u00e9tale. Regardez les chiffres\u00a0! Ce n\u2019est pas une pand\u00e9mie\u00a0\u00bb. Mais la voix de la scientifique n\u2019arrive pas au grand public, alors que chaque jour, de la RAI, service (qui devrait \u00eatre) public, aux cha\u00eenes MEDIASET et pas seulement, on r\u00e9pand chez les Italiens la peur du \u00ab\u00a0virus mortel qui, de Chine se r\u00e9pand dans le monde\u00a0\u00bb. Campagne de fait correspondant \u00e0 ce que d\u00e9clare le Secr\u00e9taire USA au Commerce Wilbur Ross, dans une interview \u00e0 <em>Fox Business<\/em>: \u00ab\u00a0Je pense que le Coronavirus contribuera au retour des emplois de la Chine aux USA. En Chine il y a eu d\u2019abord le SARS (\u00ab\u00a0Syndrome Respiratoire Aigu S\u00e9v\u00e8re\u00a0\u00bb), ensuite la peste porcine et maintenant le Coronavirus\u00a0\u00bb. Donc, commente le <em>New York Times<\/em>, \u00ab\u00a0la perte pour la Chine pourrait \u00eatre un gain pour l\u2019Am\u00e9rique\u00a0\u00bb.<\/span><\/p>\n<p style=\"text-align: justify;\"><span style=\"font-family: times new roman, times, serif; font-size: 14pt;\">Autrement dit, le virus pourrait avoir un impact destructeur sur l\u2019\u00e9conomie chinoise et, dans une r\u00e9action en cha\u00eene, sur celles du reste de l\u2019Asie, de l\u2019Europe et de la Russie, d\u00e9j\u00e0 touch\u00e9es par la chute des flux commerciaux et touristiques, \u00e0 l\u2019avantage des USA rest\u00e9s \u00e9conomiquement indemnes.<\/span><\/p>\n<p style=\"text-align: justify;\"><span style=\"font-family: times new roman, times, serif; font-size: 14pt;\"><em>Global Research<\/em> \u2013 le centre de recherche sur la mondialisation dirig\u00e9 par le professeur Michel Chossudovsky \u2013 est en train de publier, sur l\u2019argument de l\u2019origine du virus, une s\u00e9rie d\u2019articles d\u2019experts internationaux. Ceux-ci soutiennent qu\u2019\u00ab\u00a0on ne peut pas exclure que le virus ait \u00e9t\u00e9 cr\u00e9\u00e9 en laboratoire\u00a0\u00bb.<\/span><\/p>\n<p style=\"text-align: justify;\"><span style=\"font-family: times new roman, times, serif; font-size: 14pt;\">Cette hypoth\u00e8se ne peut pas \u00eatre consid\u00e9r\u00e9e comme \u00ab\u00a0complotiste\u00a0\u00bb et exorcis\u00e9e comme telle. Pourquoi ? Parce que les \u00c9tats-Unis, la Russie, la Chine et les autres grandes puissances ont des laboratoires o\u00f9 sont men\u00e9es des recherches sur des virus qui, modifi\u00e9s, peuvent \u00eatre utilis\u00e9s comme agents de guerre biologique, y compris sur des secteurs cibl\u00e9s de population. C\u2019est un domaine entour\u00e9 du plus secret le plus dense, souvent sous couvert de recherche scientifique civile.<\/span><\/p>\n<p style=\"text-align: justify;\"><span style=\"font-family: times new roman, times, serif; font-size: 14pt;\">Mais des faits \u00e9mergent : la pr\u00e9sence, \u00e0 Wuhan, d\u2019un bio-laboratoire o\u00f9 des scientifiques chinois, en collaboration avec la France, effectuent des recherches sur des virus l\u00e9taux, parmi lesquels certains envoy\u00e9s par le Laboratoire canadien de microbiologie. En juillet 2015, l\u2019Institut gouvernemental britannique Pirbright, a brevet\u00e9 aux USA un \u00ab\u00a0coronavirus att\u00e9nu\u00e9\u00a0\u00bb. En octobre 2019 le <em>Johns Hopkins Center for Health Security<\/em> a effectu\u00e9, \u00e0 New York, une simulation de pand\u00e9mie par coronavirus, en pr\u00e9voyant un sc\u00e9nario qui, s\u2019il se r\u00e9alisait, provoquerait 65 millions de morts. Mais on ne simule pas la pand\u00e9mie du virus de la peur, qui se r\u00e9pand avec des effets socio-\u00e9conomiques destructeurs.<\/span><\/p>\n<p style=\"text-align: justify;\"><span style=\"font-family: times new roman, times, serif; font-size: 14pt;\">\u00c9dition de mardi 25 f\u00e9vrier 2020 de <em>il manifesto<\/em><\/span><\/p>\n<p style=\"text-align: justify;\"><span style=\"font-family: times new roman, times, serif; font-size: 14pt;\">(La rubrique \u00e9dit\u00e9e sur l\u2019\u00e9dition papier sera en ligne demain mercredi 26 f\u00e9vrier)<\/span><\/p>\n<p>&nbsp;<\/p>\n<p><strong><span style=\"font-family: times new roman, times, serif; font-size: 14pt;\">URL de cet article :\u00a0 <\/span><\/strong><span style=\"font-family: times new roman, times, serif; font-size: 14pt;\"><a href=\"http:\/\/blog.lesgrossesorchadeslesamplesthalameges.fr\/index.php\/pandemie-du-virus-de-la-peur\/\">http:\/\/blog.lesgrossesorchadeslesamplesthalameges.fr\/index.php\/pandemie-du-virus-de-la-peur\/<\/a><\/span><\/p>\n<p>&nbsp;<\/p>\n<p>&nbsp;<\/p>\n<p>&nbsp;<\/p>\n<p style=\"text-align: center;\"><a href=\"http:\/\/blog.lesgrossesorchadeslesamplesthalameges.fr\/wp-content\/uploads\/2020\/02\/Justice-1.png\"><img loading=\"lazy\" class=\"alignnone wp-image-8533\" src=\"http:\/\/blog.lesgrossesorchadeslesamplesthalameges.fr\/wp-content\/uploads\/2020\/02\/Justice-1-300x143.png\" alt=\"\" width=\"150\" height=\"72\" srcset=\"https:\/\/blog.lesgrossesorchadeslesamplesthalameges.fr\/wp-content\/uploads\/2020\/02\/Justice-1-300x143.png 300w, https:\/\/blog.lesgrossesorchadeslesamplesthalameges.fr\/wp-content\/uploads\/2020\/02\/Justice-1.png 325w\" sizes=\"(max-width: 150px) 100vw, 150px\" \/><\/a><\/p>\n<p>&nbsp;<\/p>\n<p>&nbsp;<\/p>\n<p>&nbsp;<\/p>\n<p style=\"text-align: right;\"><span style=\"font-family: comic sans ms, sans-serif; font-size: 14pt;\">F\u00e9vrier 2020<\/span><\/p>\n<p>&nbsp;<\/p>\n<p>&nbsp;<\/p>\n","protected":false},"excerpt":{"rendered":"<p>&nbsp; &nbsp; &nbsp; &nbsp; &nbsp; &nbsp; &nbsp; L\u2019art de la guerre Pand\u00e9mie du virus de la peur &nbsp; Manlio Dinucci \u2013 il manifesto \u2013 25.2.2020 Traduction\u00a0: Marie-Age Patrizio \u00a0 &nbsp; \u00a0 &nbsp; Giovanna Botteri, correspondante de la RAI, ici \u00e0 P\u00e9kin (o\u00f9 elle a \u00e9t\u00e9 transf\u00e9r\u00e9e de New York), r\u00e9pand chez les Italiens la peur&#8230;<\/p>\n","protected":false},"author":1,"featured_media":0,"parent":0,"menu_order":0,"comment_status":"open","ping_status":"open","template":"","meta":[],"_links":{"self":[{"href":"https:\/\/blog.lesgrossesorchadeslesamplesthalameges.fr\/index.php\/wp-json\/wp\/v2\/pages\/8531"}],"collection":[{"href":"https:\/\/blog.lesgrossesorchadeslesamplesthalameges.fr\/index.php\/wp-json\/wp\/v2\/pages"}],"about":[{"href":"https:\/\/blog.lesgrossesorchadeslesamplesthalameges.fr\/index.php\/wp-json\/wp\/v2\/types\/page"}],"author":[{"embeddable":true,"href":"https:\/\/blog.lesgrossesorchadeslesamplesthalameges.fr\/index.php\/wp-json\/wp\/v2\/users\/1"}],"replies":[{"embeddable":true,"href":"https:\/\/blog.lesgrossesorchadeslesamplesthalameges.fr\/index.php\/wp-json\/wp\/v2\/comments?post=8531"}],"version-history":[{"count":0,"href":"https:\/\/blog.lesgrossesorchadeslesamplesthalameges.fr\/index.php\/wp-json\/wp\/v2\/pages\/8531\/revisions"}],"wp:attachment":[{"href":"https:\/\/blog.lesgrossesorchadeslesamplesthalameges.fr\/index.php\/wp-json\/wp\/v2\/media?parent=8531"}],"curies":[{"name":"wp","href":"https:\/\/api.w.org\/{rel}","templated":true}]}}