{"id":8978,"date":"2020-03-20T22:27:08","date_gmt":"2020-03-20T21:27:08","guid":{"rendered":"http:\/\/blog.lesgrossesorchadeslesamplesthalameges.fr\/?page_id=8978"},"modified":"2020-03-20T22:28:53","modified_gmt":"2020-03-20T21:28:53","slug":"dans-leurope-du-virus-arrivent-les-bombardiers-usa-dattaque-nucleaire","status":"publish","type":"page","link":"https:\/\/blog.lesgrossesorchadeslesamplesthalameges.fr\/index.php\/dans-leurope-du-virus-arrivent-les-bombardiers-usa-dattaque-nucleaire\/","title":{"rendered":"Dans l\u2019Europe du virus   arrivent les bombardiers USA   d\u2019attaque nucl\u00e9aire"},"content":{"rendered":"<p>&nbsp;<\/p>\n<p>&nbsp;<\/p>\n<p>&nbsp;<\/p>\n<p>&nbsp;<\/p>\n<p>&nbsp;<\/p>\n<p>&nbsp;<\/p>\n<p style=\"text-align: center;\"><span style=\"font-family: times new roman, times, serif; font-size: 36pt;\"><strong>Dans l\u2019Europe du virus\u00a0<\/strong><\/span><\/p>\n<p style=\"text-align: center;\"><span style=\"font-family: times new roman, times, serif; font-size: 36pt;\"><strong>arrivent les bombardiers USA\u00a0<\/strong><\/span><\/p>\n<p style=\"text-align: center;\"><span style=\"font-family: times new roman, times, serif; font-size: 36pt;\"><strong>d\u2019attaque nucl\u00e9aire<\/strong><\/span><\/p>\n<p>&nbsp;<\/p>\n<p style=\"text-align: center;\"><span style=\"font-family: times new roman, times, serif; font-size: 18pt;\"><strong>Manlio Dinucci \u2013 <\/strong><a href=\"https:\/\/ilmanifesto.it\/nelleuropa-del-virus-i-bombardieri-usa-da-attacco-nucleare\/\"><strong><em>il manifesto<\/em><\/strong><\/a><strong> \u2013 17.3.2020<\/strong><\/span><\/p>\n<p style=\"text-align: center;\"><span style=\"font-family: times new roman, times, serif; font-size: 18pt;\">Traduction\u00a0:<strong> Marie-Ange Patrizio<\/strong><\/span><\/p>\n<p style=\"text-align: justify;\"><span style=\"font-family: times new roman, times, serif; font-size: 14pt;\"><strong>\u00a0<\/strong><\/span><\/p>\n<p>&nbsp;<\/p>\n<p style=\"text-align: justify;\"><span style=\"font-family: times new roman, times, serif; font-size: 14pt;\"><strong>\u00a0<a class=\"ari-fancybox\" href=\"http:\/\/blog.lesgrossesorchadeslesamplesthalameges.fr\/wp-content\/uploads\/2020\/03\/BOMBARDIER-FURTIF-GIF.png\"><img loading=\"lazy\" class=\"aligncenter wp-image-8880\" src=\"http:\/\/blog.lesgrossesorchadeslesamplesthalameges.fr\/wp-content\/uploads\/2020\/03\/BOMBARDIER-FURTIF-GIF.png\" sizes=\"(max-width: 700px) 100vw, 700px\" srcset=\"http:\/\/blog.lesgrossesorchadeslesamplesthalameges.fr\/wp-content\/uploads\/2020\/03\/BOMBARDIER-FURTIF-GIF.png 600w, http:\/\/blog.lesgrossesorchadeslesamplesthalameges.fr\/wp-content\/uploads\/2020\/03\/BOMBARDIER-FURTIF-GIF-300x95.png 300w\" alt=\"\" width=\"700\" height=\"221\" \/><\/a><\/strong><\/span><\/p>\n<p style=\"text-align: center;\"><span style=\"font-family: times new roman, times, serif; font-size: 12pt;\"><strong><em>Bombardier furtif B-32 \u00ab\u00a0Spirit\u00a0\u00bb<\/em><\/strong><\/span><\/p>\n<p>&nbsp;<\/p>\n<p>&nbsp;<\/p>\n<p>&nbsp;<\/p>\n<p style=\"text-align: justify;\"><span style=\"font-family: times new roman, times, serif; font-size: 14pt;\">\u00c0 cause du Coronavirus les American Airlines et autres compagnies a\u00e9riennes \u00e9tasuniennes ont supprim\u00e9 de nombreux vols pour l\u2019Europe. Mais il y a une \u00ab\u00a0compagnie\u00a0\u00bb USA qui, au contraire, les a augment\u00e9s : l\u2019US AIR FORCE.<\/span><\/p>\n<p style=\"text-align: justify;\"><span style=\"font-family: times new roman, times, serif; font-size: 14pt;\">Ces jours-ci elle a \u00ab\u00a0d\u00e9ploy\u00e9 en Europe une <em>task force<\/em> de bombardiers furtifs (<em>stealth<\/em>) B-2 Spirit\u00a0\u00bb. L\u2019annonce vient du US European Command de Stuttgart, le Commandement Europ\u00e9en des \u00c9tats-Unis. Il est sous les ordres d\u2019un g\u00e9n\u00e9ral, actuellement Tod D. Wolters de la US AIR FORCE, qui est en m\u00eame temps \u00e0 la t\u00eate des forces OTAN en tant que Commandant Supr\u00eame Alli\u00e9 en Europe. L\u2019US European Command pr\u00e9cise que la <em>task force<\/em>, compos\u00e9e d\u2019un nombre non pr\u00e9cis\u00e9 de bombardiers provenant de la base Whiteman au Missouri, \u00ab\u00a0est arriv\u00e9e le 9 mars \u00e0 Lajes Field dans les A\u00e7orres, au Portugal\u00a0\u00bb.<\/span><\/p>\n<p style=\"text-align: justify;\"><span style=\"font-family: times new roman, times, serif; font-size: 14pt;\">Le bombardier strat\u00e9gique B-2 Spirit, l\u2019avion le plus cher du monde dont le co\u00fbt d\u00e9passe les 2 milliards de dollars, est l\u2019avion USA le plus avanc\u00e9 d\u2019attaque nucl\u00e9aire. Chaque engin peut transporter 16 bombes thermonucl\u00e9aires B-61 ou B-83, avec une puissance maximale totale \u00e9quivalant \u00e0 plus de 1.200 bombes d\u2019Hiroshima. Du fait de sa conformation, de son rev\u00eatement et de ses contremesures \u00e9lectroniques, le B-2 Spirit est difficilement rep\u00e9rable par les radars (et de ce fait dit \u00ab\u00a0avion invisible\u00a0\u00bb).<\/span><\/p>\n<p style=\"text-align: justify;\"><span style=\"font-family: times new roman, times, serif; font-size: 14pt;\">M\u00eame s\u2019il a d\u00e9j\u00e0 \u00e9t\u00e9 utilis\u00e9 en guerre, par exemple contre la Libye en 2011, avec des bombes non-nucl\u00e9aires de grande puissance \u00e0 guidage satellite (il peut en transporter 80), il est projet\u00e9 pour p\u00e9n\u00e9trer \u00e0 travers les d\u00e9fenses ennemies\u00a0 et effectuer une attaque nucl\u00e9aire de surprise. Ces bombardiers, pr\u00e9cise l\u2019US European Command, \u00ab\u00a0op\u00e8reront depuis diverses installations militaires dans l\u2019aire de responsabilit\u00e9 du Commandement Europ\u00e9en des \u00c9tats-Unis\u00a0\u00bb. Cette aire comprend toute la r\u00e9gion europ\u00e9enne et toute la Russie (partie asiatique incluse). Ceci signifie que les plus avanc\u00e9s bombardiers USA d\u2019attaque nucl\u00e9aire op\u00e8reront, depuis des bases en Europe, aux abords de la Russie. Si l\u2019on inverse le sc\u00e9nario, c\u2019est comme si les plus avanc\u00e9s bombardiers russes d\u2019attaque nucl\u00e9aire op\u00e9raient depuis des bases \u00e0 Cuba aux abords des \u00c9tats-Unis.<\/span><\/p>\n<p style=\"text-align: justify;\"><span style=\"font-family: times new roman, times, serif; font-size: 14pt;\">L\u2019objectif poursuivi par Washington est \u00e9vident : accro\u00eetre la tension avec la Russie en utilisant l\u2019Europe comme premi\u00e8re ligne de la confrontation. Cela permet \u00e0 Washington de renforcer son leadership sur les alli\u00e9s europ\u00e9ens et d\u2019orienter la politique \u00e9trang\u00e8re et militaire de l\u2019Union Europ\u00e9enne, dans laquelle 22 des 27 membres appartiennent \u00e0 l\u2019OTAN sous commandement USA.<\/span><\/p>\n<p style=\"text-align: justify;\"><span style=\"font-family: times new roman, times, serif; font-size: 14pt;\">Cette strat\u00e9gie est facilit\u00e9e par la crise provoqu\u00e9e par le Coronavirus. Aujourd\u2019hui plus que jamais, dans une Europe en grande partie paralys\u00e9e par le virus, les USA peuvent faire ce qu\u2019ils veulent. Comme le confirme le fait qu\u2019ils y transf\u00e8rent leurs bombardiers les plus avanc\u00e9s pour l\u2019attaque nucl\u00e9aire avec le consensus de tous les gouvernements et parlements europ\u00e9ens et de l\u2019Union europ\u00e9enne m\u00eame, dans le silence complice de tous les grands m\u00e9dias europ\u00e9ens. M\u00eame silence tomb\u00e9 sur le Defender Europe 20, le plus grand d\u00e9ploiement de forces USA en Europe depuis la fin de la Guerre Froide, dont les m\u00e9dias ont parl\u00e9 seulement quand l\u2019US European Command a communiqu\u00e9 que, \u00e0 cause du Coronavirus, il r\u00e9duira les soldats USA participants \u00e0 l\u2019exercice de 30.000 \u00e0 un nombre non pr\u00e9cis\u00e9, conservant en tous cas \u00ab\u00a0nos objectifs de plus haute priorit\u00e9\u00a0\u00bb.<\/span><\/p>\n<p style=\"text-align: justify;\"><span style=\"font-family: times new roman, times, serif; font-size: 14pt;\">Dans le cadre d\u2019un v\u00e9ritable psy-op (op\u00e9ration psychologique militaire) divers organes d\u2019\u00ab\u00a0information\u00a0\u00bb, y compris en Italie, ont attaqu\u00e9 \u00ab\u00a0les canulars sur l\u2019exercice Defender Europe\u00a0\u00bb (<em>La Repubblica<\/em>, 13 mars), et, \u00e0 travers les r\u00e9seaux sociaux, s\u2019est r\u00e9pandu le bruit que l\u2019exercice a pratiquement \u00e9t\u00e9 supprim\u00e9. Nouvelle tranquillisante, renforc\u00e9e par l\u2019assurance, donn\u00e9e par l\u2019US European Command, que, \u00ab\u00a0notre principale pr\u00e9occupation est de prot\u00e9ger la sant\u00e9 de nos forces et celle de nos alli\u00e9s\u00a0\u00bb. Justement en rempla\u00e7ant en Europe un nombre non pr\u00e9cis\u00e9 de soldats USA par un nombre non pr\u00e9cis\u00e9 de bombardiers USA d\u2019attaque nucl\u00e9aire, chacun d\u2019une puissance destructrice \u00e9quivalente \u00e0 plus de 1.200 bombes d\u2019Hiroshima.<\/span><\/p>\n<p>&nbsp;<\/p>\n<p style=\"text-align: justify;\"><span style=\"font-family: times new roman, times, serif; font-size: 14pt;\">\u00c9dition de mardi 17 mars 2020 de <em>il manifesto<\/em><\/span><\/p>\n<p style=\"text-align: justify;\"><span style=\"font-family: times new roman, times, serif; font-size: 14pt;\"><a href=\"https:\/\/ilmanifesto.it\/nelleuropa-del-virus-i-bombardieri-usa-da-attacco-nucleare\/\">https:\/\/ilmanifesto.it\/nelleuropa-del-virus-i-bombardieri-usa-da-attacco-nucleare\/<\/a><\/span><\/p>\n<p>&nbsp;<\/p>\n<p style=\"text-align: left;\"><span style=\"font-family: times new roman, times, serif; font-size: 14pt;\"><strong>URL de cet article\u00a0: <\/strong><a href=\"http:\/\/blog.lesgrossesorchadeslesamplesthalameges.fr\/index.php\/dans-leurope-du-virus-arrivent-les-bombardiers-usa-dattaque-nucleaire\/\">http:\/\/blog.lesgrossesorchadeslesamplesthalameges.fr\/index.php\/dans-leurope-du-virus-arrivent-les-bombardiers-usa-dattaque-nucleaire\/<\/a><strong><br \/>\n<\/strong><\/span><\/p>\n<p>&nbsp;<\/p>\n<p>&nbsp;<\/p>\n<p>&nbsp;<\/p>\n<p style=\"text-align: center;\"><a href=\"http:\/\/blog.lesgrossesorchadeslesamplesthalameges.fr\/wp-content\/uploads\/2020\/03\/CHAUVE-SOURIS-3-GIF-1.gif\"><img loading=\"lazy\" class=\"alignnone wp-image-8931\" src=\"http:\/\/blog.lesgrossesorchadeslesamplesthalameges.fr\/wp-content\/uploads\/2020\/03\/CHAUVE-SOURIS-3-GIF-1.gif\" alt=\"\" width=\"150\" height=\"60\" \/><\/a><\/p>\n<p>&nbsp;<\/p>\n<p>&nbsp;<\/p>\n<p style=\"text-align: right;\"><span style=\"font-family: comic sans ms, sans-serif; font-size: 14pt;\">Mars 2020<\/span><\/p>\n<p>&nbsp;<\/p>\n<p>&nbsp;<\/p>\n<p>&nbsp;<\/p>\n","protected":false},"excerpt":{"rendered":"<p>&nbsp; &nbsp; &nbsp; &nbsp; &nbsp; &nbsp; Dans l\u2019Europe du virus\u00a0 arrivent les bombardiers USA\u00a0 d\u2019attaque nucl\u00e9aire &nbsp; Manlio Dinucci \u2013 il manifesto \u2013 17.3.2020 Traduction\u00a0: Marie-Ange Patrizio \u00a0 &nbsp; \u00a0 Bombardier furtif B-32 \u00ab\u00a0Spirit\u00a0\u00bb &nbsp; &nbsp; &nbsp; \u00c0 cause du Coronavirus les American Airlines et autres compagnies a\u00e9riennes \u00e9tasuniennes ont supprim\u00e9 de nombreux vols pour&#8230;<\/p>\n","protected":false},"author":1,"featured_media":0,"parent":0,"menu_order":0,"comment_status":"open","ping_status":"open","template":"","meta":[],"_links":{"self":[{"href":"https:\/\/blog.lesgrossesorchadeslesamplesthalameges.fr\/index.php\/wp-json\/wp\/v2\/pages\/8978"}],"collection":[{"href":"https:\/\/blog.lesgrossesorchadeslesamplesthalameges.fr\/index.php\/wp-json\/wp\/v2\/pages"}],"about":[{"href":"https:\/\/blog.lesgrossesorchadeslesamplesthalameges.fr\/index.php\/wp-json\/wp\/v2\/types\/page"}],"author":[{"embeddable":true,"href":"https:\/\/blog.lesgrossesorchadeslesamplesthalameges.fr\/index.php\/wp-json\/wp\/v2\/users\/1"}],"replies":[{"embeddable":true,"href":"https:\/\/blog.lesgrossesorchadeslesamplesthalameges.fr\/index.php\/wp-json\/wp\/v2\/comments?post=8978"}],"version-history":[{"count":0,"href":"https:\/\/blog.lesgrossesorchadeslesamplesthalameges.fr\/index.php\/wp-json\/wp\/v2\/pages\/8978\/revisions"}],"wp:attachment":[{"href":"https:\/\/blog.lesgrossesorchadeslesamplesthalameges.fr\/index.php\/wp-json\/wp\/v2\/media?parent=8978"}],"curies":[{"name":"wp","href":"https:\/\/api.w.org\/{rel}","templated":true}]}}