{"id":9114,"date":"2020-03-26T00:32:34","date_gmt":"2020-03-25T23:32:34","guid":{"rendered":"http:\/\/blog.lesgrossesorchadeslesamplesthalameges.fr\/?page_id=9114"},"modified":"2020-03-26T02:18:12","modified_gmt":"2020-03-26T01:18:12","slug":"9114-2","status":"publish","type":"page","link":"https:\/\/blog.lesgrossesorchadeslesamplesthalameges.fr\/index.php\/9114-2\/","title":{"rendered":"LI\u00c8GE \u2013 Un m\u00e9decin urgentiste : \u00ab je ne supporte pas les gens qui applaudissent les soignants \u00bb"},"content":{"rendered":"<p>&nbsp;<\/p>\n<p>&nbsp;<\/p>\n<p>&nbsp;<\/p>\n<p>&nbsp;<\/p>\n<p>&nbsp;<\/p>\n<p>&nbsp;<\/p>\n<p style=\"text-align: center;\"><span style=\"font-family: times new roman, times, serif; font-size: 36pt;\"><strong>LI\u00c8GE \u2013 Un m\u00e9decin urgentiste : \u00ab\u00a0je ne supporte pas les gens qui applaudissent les soignants\u00a0\u00bb<\/strong><\/span><\/p>\n<p style=\"text-align: justify;\"><span style=\"font-family: times new roman, times, serif; font-size: 14pt;\"><strong><em>\u00a0<\/em><\/strong><\/span><\/p>\n<p style=\"text-align: center;\"><span style=\"font-family: times new roman, times, serif; font-size: 18pt;\"><strong><em>Le Vif\/L\u2019Express<\/em><\/strong><strong> \u2013 20-21.34.2020<\/strong><\/span><\/p>\n<p>&nbsp;<\/p>\n<p>&nbsp;<\/p>\n<p style=\"text-align: center;\"><a href=\"http:\/\/blog.lesgrossesorchadeslesamplesthalameges.fr\/wp-content\/uploads\/2020\/03\/M\u00e9decin-Li\u00e8ge-1.jpg\"><img loading=\"lazy\" class=\"alignnone wp-image-9116 size-full\" src=\"http:\/\/blog.lesgrossesorchadeslesamplesthalameges.fr\/wp-content\/uploads\/2020\/03\/M\u00e9decin-Li\u00e8ge-1.jpg\" alt=\"\" width=\"600\" height=\"400\" srcset=\"https:\/\/blog.lesgrossesorchadeslesamplesthalameges.fr\/wp-content\/uploads\/2020\/03\/M\u00e9decin-Li\u00e8ge-1.jpg 600w, https:\/\/blog.lesgrossesorchadeslesamplesthalameges.fr\/wp-content\/uploads\/2020\/03\/M\u00e9decin-Li\u00e8ge-1-300x200.jpg 300w\" sizes=\"(max-width: 600px) 100vw, 600px\" \/><\/a><\/p>\n<p>&nbsp;<\/p>\n<p>&nbsp;<\/p>\n<p><a href=\"http:\/\/blog.lesgrossesorchadeslesamplesthalameges.fr\/wp-content\/uploads\/2020\/03\/Micro-GIF-1.gif\"><img loading=\"lazy\" class=\"alignnone size-full wp-image-9117\" src=\"http:\/\/blog.lesgrossesorchadeslesamplesthalameges.fr\/wp-content\/uploads\/2020\/03\/Micro-GIF-1.gif\" alt=\"\" width=\"80\" height=\"80\" \/><\/a><\/p>\n<p style=\"text-align: justify;\"><span style=\"font-family: times new roman, times, serif; font-size: 14pt;\"><a href=\"https:\/\/www.levif.be\/actualite\/auteurs\/carte-blanche-855.html\">Carte blanche<\/a><\/span><\/p>\n<p style=\"text-align: justify;\"><span style=\"font-family: tahoma, arial, helvetica, sans-serif; font-size: 14pt;\"><strong>Depuis mercredi, les Belges sont appel\u00e9s \u00e0 applaudir, tous les soirs \u00e0 20 heures, le personnel soignant, en premi\u00e8re ligne dans la lutte contre la propagation du coronavirus. Face \u00e0 ce soutien populaire, un m\u00e9decin urgentiste li\u00e9geois a voulu pousser un \u00ab\u00a0coup de gueule\u00a0\u00bb.<\/strong><\/span><\/p>\n<p>&nbsp;<\/p>\n<p style=\"text-align: justify;\"><span style=\"font-family: times new roman, times, serif; font-size: 14pt;\">Je pense que je suis aigri, en mode lendemain de garde (24h d&rsquo;affil\u00e9e en ayant peu dormi). Mais globalement <strong>je ne supporte pas les gens qui applaudissent : les h\u00f4pitaux n&rsquo;ont pas attendu le Covid-19 pour \u00eatre dans la gal\u00e8re<\/strong>, en surbooking permanent.<\/span><\/p>\n<p style=\"text-align: justify;\"><span style=\"font-family: times new roman, times, serif; font-size: 14pt;\">Les services d&rsquo;urgences n&rsquo;ont pas attendu non plus d&rsquo;\u00eatre surcharg\u00e9s, en manque de personnel (infirmier.es surtout), dans des locaux v\u00e9tustes ou sous-dimensionn\u00e9s. <a href=\"https:\/\/www.levif.be\/actualite\/belgique\/les-hopitaux-ont-besoin-de-vous-voici-la-liste-du-materiel-manquant\/article-normal-1266677.html\">Que Saint-Pierre doive faire la manche pour avoir des respirateurs<\/a>, c&rsquo;est une honte totale !<\/span><\/p>\n<p style=\"text-align: justify;\"><span style=\"font-family: times new roman, times, serif; font-size: 14pt;\">On est o\u00f9 ? MSF va d\u00e9barquer ? Une bonne partie <a href=\"https:\/\/www.levif.be\/actualite\/positif\/les-belges-appellent-a-applaudir-depuis-leur-balcon-le-personnel-soignant\/article-normal-1266501.html\">des gens qui applaudissent<\/a>, votent chaque ann\u00e9e pour les connards qui diminuent les budgets, font des hashtags <a href=\"https:\/\/twitter.com\/search?q=%23KeepSophie&amp;src=typeahead_click\">#keepsophie<\/a> en oubliant qu&rsquo;elle a \u00e9t\u00e9 ministre du Budget d&rsquo;un gouvernement qui a retir\u00e9 plusieurs milliards d&rsquo;euros dans les soins de sant\u00e9.<\/span><\/p>\n<p style=\"text-align: justify;\"><span style=\"font-family: times new roman, times, serif; font-size: 14pt;\">Et soi-disant, ils ont peur parce qu&rsquo;on risque nos vies ?! <strong>Les gens qui font des pauses et des boulots stressants par manque de moyens ne meurent pas d&rsquo;infection.<\/strong> Ils meurent de leur boulot aux cadences infernales en perdant 10-15-20 ans d&rsquo;esp\u00e9rance de vie.<\/span><\/p>\n<p style=\"text-align: justify;\"><span style=\"font-family: times new roman, times, serif; font-size: 14pt;\">Donc merci quand m\u00eame pour vos applaudissements, mais <strong>\u00e7a fait des ann\u00e9es que le personnel hospitalier travaille dans des conditions de merde et se nique la sant\u00e9 en faisant son job du mieux possible. <\/strong><\/span><\/p>\n<p style=\"text-align: justify;\"><span style=\"font-family: times new roman, times, serif; font-size: 14pt;\">La prochaine fois que vous voyez des manifestations pour refinancer les soins de sant\u00e9, soutenez-nous.<\/span><\/p>\n<p style=\"text-align: justify;\"><span style=\"font-family: times new roman, times, serif; font-size: 14pt;\">Et quand vous retournerez glisser un bulletin dans l&rsquo;urne, r\u00e9fl\u00e9chissez-y \u00e0 deux fois !<\/span><\/p>\n<p>&nbsp;<\/p>\n<p style=\"text-align: left;\"><span style=\"font-family: times new roman, times, serif; font-size: 14pt;\"><strong>Antoine Dumont m\u00e9decin assistant aux urgences \u00e0 Li\u00e8ge, cosign\u00e9 par Mathilde Dumont infirmi\u00e8re SIAMU aux urgences \u00e0 Bruxelles<\/strong><\/span><\/p>\n<p>&nbsp;<\/p>\n<p style=\"text-align: justify;\"><span style=\"font-family: times new roman, times, serif; font-size: 14pt;\"><em>PS : Si vous applaudissez \u00e0 20h, pensez aussi \u00e0 tous les travailleurs de la grande distribution, les cr\u00e8ches, les \u00e9boueurs, eux ils n&rsquo;avaient pas sign\u00e9 pour \u00e7a \u00e0 la base et ils sont tr\u00e8s mal pay\u00e9s.<\/em><\/span><\/p>\n<p>&nbsp;<\/p>\n<p style=\"text-align: left;\"><span style=\"font-family: times new roman, times, serif; font-size: 14pt;\">Source\u00a0: <a href=\"https:\/\/www.levif.be\/actualite\/belgique\/un-medecin-urgentiste-je-ne-supporte-pas-les-gens-qui-applaudissent-les-soignants\/article-opinion-1267195.html?cookie_check=1584737128\">https:\/\/www.levif.be\/actualite\/belgique\/un-medecin-urgentiste-je-ne-supporte-pas-les-gens-qui-applaudissent-les-soignants\/article-opinion-1267195.html?cookie_check=1584737128<\/a><br \/>\n<\/span><\/p>\n<p style=\"text-align: left;\"><strong><span style=\"font-family: times new roman, times, serif;\">URL de cet article :<\/span><\/strong> <a href=\"http:\/\/blog.lesgrossesorchadeslesamplesthalameges.fr\/index.php\/9114-2\/\">http:\/\/blog.lesgrossesorchadeslesamplesthalameges.fr\/index.php\/9114-2\/<\/a><\/p>\n<p>&nbsp;<\/p>\n<p>&nbsp;<\/p>\n<p style=\"text-align: center;\"><a href=\"http:\/\/blog.lesgrossesorchadeslesamplesthalameges.fr\/wp-content\/uploads\/2020\/03\/Ob\u00e9is-GIF.gif\"><img loading=\"lazy\" class=\"alignnone wp-image-9087\" src=\"http:\/\/blog.lesgrossesorchadeslesamplesthalameges.fr\/wp-content\/uploads\/2020\/03\/Ob\u00e9is-GIF.gif\" alt=\"\" width=\"130\" height=\"99\" \/><\/a><\/p>\n<p>&nbsp;<\/p>\n<p>&nbsp;<\/p>\n<p style=\"text-align: right;\"><span style=\"font-family: comic sans ms, sans-serif; font-size: 14pt;\">Mars 2020<\/span><\/p>\n<p>&nbsp;<\/p>\n<p>&nbsp;<\/p>\n","protected":false},"excerpt":{"rendered":"<p>&nbsp; &nbsp; &nbsp; &nbsp; &nbsp; &nbsp; LI\u00c8GE \u2013 Un m\u00e9decin urgentiste : \u00ab\u00a0je ne supporte pas les gens qui applaudissent les soignants\u00a0\u00bb \u00a0 Le Vif\/L\u2019Express \u2013 20-21.34.2020 &nbsp; &nbsp; &nbsp; &nbsp; Carte blanche Depuis mercredi, les Belges sont appel\u00e9s \u00e0 applaudir, tous les soirs \u00e0 20 heures, le personnel soignant, en premi\u00e8re ligne dans la&#8230;<\/p>\n","protected":false},"author":1,"featured_media":0,"parent":0,"menu_order":0,"comment_status":"open","ping_status":"open","template":"","meta":[],"_links":{"self":[{"href":"https:\/\/blog.lesgrossesorchadeslesamplesthalameges.fr\/index.php\/wp-json\/wp\/v2\/pages\/9114"}],"collection":[{"href":"https:\/\/blog.lesgrossesorchadeslesamplesthalameges.fr\/index.php\/wp-json\/wp\/v2\/pages"}],"about":[{"href":"https:\/\/blog.lesgrossesorchadeslesamplesthalameges.fr\/index.php\/wp-json\/wp\/v2\/types\/page"}],"author":[{"embeddable":true,"href":"https:\/\/blog.lesgrossesorchadeslesamplesthalameges.fr\/index.php\/wp-json\/wp\/v2\/users\/1"}],"replies":[{"embeddable":true,"href":"https:\/\/blog.lesgrossesorchadeslesamplesthalameges.fr\/index.php\/wp-json\/wp\/v2\/comments?post=9114"}],"version-history":[{"count":0,"href":"https:\/\/blog.lesgrossesorchadeslesamplesthalameges.fr\/index.php\/wp-json\/wp\/v2\/pages\/9114\/revisions"}],"wp:attachment":[{"href":"https:\/\/blog.lesgrossesorchadeslesamplesthalameges.fr\/index.php\/wp-json\/wp\/v2\/media?parent=9114"}],"curies":[{"name":"wp","href":"https:\/\/api.w.org\/{rel}","templated":true}]}}