{"id":9166,"date":"2020-03-26T01:46:29","date_gmt":"2020-03-26T00:46:29","guid":{"rendered":"http:\/\/blog.lesgrossesorchadeslesamplesthalameges.fr\/?page_id=9166"},"modified":"2020-03-26T01:47:30","modified_gmt":"2020-03-26T00:47:30","slug":"litalie-recoit-laide-chinoise-cubaine-russe-et-venezuelienne","status":"publish","type":"page","link":"https:\/\/blog.lesgrossesorchadeslesamplesthalameges.fr\/index.php\/litalie-recoit-laide-chinoise-cubaine-russe-et-venezuelienne\/","title":{"rendered":"L\u2019Italie re\u00e7oit l\u2019aide chinoise, cubaine, russe et v\u00e9n\u00e9zu\u00e9lienne"},"content":{"rendered":"<p>&nbsp;<\/p>\n<p>&nbsp;<\/p>\n<p>&nbsp;<\/p>\n<p>&nbsp;<\/p>\n<p>&nbsp;<\/p>\n<p>&nbsp;<\/p>\n<p style=\"text-align: center;\"><span style=\"font-family: times new roman, times, serif; font-size: 36pt;\"><strong>L\u2019Italie re\u00e7oit l\u2019aide chinoise, cubaine, russe et v\u00e9n\u00e9zu\u00e9lienne<\/strong><\/span><\/p>\n<p style=\"text-align: justify;\"><span style=\"font-family: times new roman, times, serif; font-size: 14pt;\"><strong>\u00a0<\/strong><\/span><\/p>\n<p style=\"text-align: center;\"><span style=\"font-family: times new roman, times, serif; font-size: 18pt;\"><strong>Jo\u00ebl P\u00e9richaud \u2013 <\/strong><a href=\"https:\/\/pardem.org\/\"><strong><em>PARDEM<\/em><\/strong><\/a> <strong>\u2013 24.3.2020<\/strong><\/span><\/p>\n<p style=\"text-align: justify;\"><span style=\"font-family: times new roman, times, serif; font-size: 14pt;\"><strong>\u00a0<\/strong><\/span><\/p>\n<p>&nbsp;<\/p>\n<p style=\"text-align: center;\"><span style=\"font-family: times new roman, times, serif; font-size: 14pt;\"><strong><em>.<a href=\"http:\/\/blog.lesgrossesorchadeslesamplesthalameges.fr\/wp-content\/uploads\/2020\/03\/Cubains-drapeaux-1.jpg\"><img loading=\"lazy\" class=\"alignnone wp-image-9169 size-full\" src=\"http:\/\/blog.lesgrossesorchadeslesamplesthalameges.fr\/wp-content\/uploads\/2020\/03\/Cubains-drapeaux-1.jpg\" alt=\"\" width=\"600\" height=\"288\" srcset=\"https:\/\/blog.lesgrossesorchadeslesamplesthalameges.fr\/wp-content\/uploads\/2020\/03\/Cubains-drapeaux-1.jpg 600w, https:\/\/blog.lesgrossesorchadeslesamplesthalameges.fr\/wp-content\/uploads\/2020\/03\/Cubains-drapeaux-1-300x144.jpg 300w\" sizes=\"(max-width: 600px) 100vw, 600px\" \/><\/a><\/em><\/strong><\/span><\/p>\n<p>&nbsp;<\/p>\n<p>&nbsp;<\/p>\n<p style=\"text-align: justify;\"><span style=\"font-family: tahoma, arial, helvetica, sans-serif;\"><strong><span style=\"font-size: 14pt;\">Chine, Cuba, Venezuela, Russie (communistes et ou ex-communistes n\u2019en d\u00e9plaisent \u00e0 nos dirigeants), ces quatre pays r\u00e9guli\u00e8rement qualifi\u00e9s par l\u2019Union europ\u00e9enne de \u00ab\u00a0dictatures\u00a0\u00bb sont aujourd\u2019hui aux c\u00f4t\u00e9s de l\u2019Italie alors que les \u00ab\u00a0alli\u00e9s europ\u00e9ens\u00a0\u00bb en t\u00eate desquels la France et l\u2019Allemagne, sont absents et sourds. Le constat est l\u00e0 : chaque pays g\u00e8re la crise sanitaire comme il le peut sur le mode \u00ab\u00a0sauve qui peut\u00a0\u00bb, l\u00e9gif\u00e8re nationalement. Un point commun tragique cependant\u00a0: les syst\u00e8mes hospitaliers ont tous subi la m\u00eame saign\u00e9e n\u00e9olib\u00e9rale au nom de la r\u00e9duction de la dette publique (supprimer des fonctionnaires, diminuer les moyens et le mat\u00e9riel, fermer des lits) et de la directive services de 2009 !<\/span><\/strong><\/span><\/p>\n<p>&nbsp;<\/p>\n<p style=\"text-align: justify;\"><span style=\"font-family: times new roman, times, serif; font-size: 14pt;\">Ces quatre pays donc ont d\u00e9cid\u00e9 de r\u00e9pondre favorablement \u00e0 l\u2019appel de la Lombardie et d\u2019envoyer du mat\u00e9riel et des sp\u00e9cialistes en Italie, une solidarit\u00e9 salu\u00e9e par le peuple italien comme le prouve la <em>standing ovation<\/em> dans un a\u00e9roport \u00e0 l\u2019arriv\u00e9e des m\u00e9decins cubains en Italie (<a href=\"http:\/\/www.wftucentral.org\/italie-lusb-salue-et-remercie-les-medecins-et-le-gouvernement-de-cuba\/?lang=fr\">http:\/\/www.wftucentral.org\/italie-lusb-salue-et-remercie-les-medecins-et-le-gouvernement-de-cuba\/?lang=fr<\/a>). Ces m\u00e9decins sont r\u00e9put\u00e9s pour avoir lutt\u00e9 contre le virus Ebola. M\u00eame attitude de la Russie, la Chine et le Venezuela qui envoient depuis la fin de semaine derni\u00e8re des sp\u00e9cialistes, des \u00e9quipements pour venir en aide \u00e0 l\u2019Italie.<\/span><\/p>\n<p style=\"text-align: justify;\"><span style=\"font-family: times new roman, times, serif; font-size: 14pt;\">Pendant ce temps, l\u2019Union europ\u00e9enne fait la sourde oreille, chacun des 27 pays ayant d\u00e9cid\u00e9 de g\u00e9rer la crise \u00e0 son niveau, voire de profiter de la d\u00e9tresse des autres. Les autorit\u00e9s de la R\u00e9publique Tch\u00e8que n\u2019ont par exemple pas h\u00e9sit\u00e9 \u00e0 voler 650 000 masques envoy\u00e9s par la Chine \u00e0 l\u2019Italie. Un vol d\u2019une inhumanit\u00e9 incroyable entre deux pays europ\u00e9ens dont l\u2019un fait face \u00e0 une crise sanitaire qui a d\u00e9j\u00e0 caus\u00e9 plus de 3 000 morts. La solidarit\u00e9 europ\u00e9enne en action sans doute\u2026<\/span><\/p>\n<p style=\"text-align: justify;\"><span style=\"font-family: times new roman, times, serif; font-size: 14pt;\">Face \u00e0 cette d\u00e9monstration de l\u2019incurie de l\u2019Union europ\u00e9enne en mati\u00e8re sociale, sanitaire et de solidarit\u00e9, preuve est faite \u00e0 nouveau que sa seule raison d\u2019\u00eatre est bien le libre-\u00e9change. Pilier de l\u2019ordre n\u00e9olib\u00e9ral, sans d\u00e9mocratie et sans peuple europ\u00e9en (faute de son existence) la v\u00e9rit\u00e9 explose aux yeux de tous en temps de crise. Il n\u2019y a rien \u00e0 entendre et au contraire tout \u00e0 en craindre. Faudra bien tirer les le\u00e7ons politiques un de ces jours, non ?<\/span><\/p>\n<p style=\"text-align: justify;\"><span style=\"font-family: times new roman, times, serif; font-size: 14pt;\">Nous publions ci-dessous l\u2019article paru dans le journal Granma (organe de presse officiel du Comit\u00e9 Central du Parti communiste cubain) dans lequel le gouvernement cubain s\u2019engage \u00e0 garantir la production des 22 m\u00e9dicaments pour le traitement du Civid-19\u2026<\/span><\/p>\n<p style=\"text-align: justify;\"><span style=\"font-family: times new roman, times, serif; font-size: 14pt;\"><strong>BioCubaFarma garantira la production des 22 m\u00e9dicaments pour le traitement du Covid-19: le pays dispose en particulier de l\u2019Interferon Alfa 2B pour les cas qui pourraient se pr\u00e9senter dans une p\u00e9riode de 3 \u00e0 6 mois.<\/strong><\/span><\/p>\n<p style=\"text-align: justify;\"><span style=\"font-family: times new roman, times, serif; font-size: 14pt;\">Article publi\u00e9 le 17 mars 2020 dans le journal Granma (organe de presse officiel du CC du Parti Communiste Cubain)<\/span><\/p>\n<p style=\"text-align: justify;\"><span style=\"font-family: times new roman, times, serif; font-size: 14pt;\">Auteurs: Walkiria Sanchez et Yaditza del Sol Gonzalez<\/span><\/p>\n<p style=\"text-align: justify;\"><span style=\"font-family: times new roman, times, serif; font-size: 14pt;\">Bien qu&rsquo;il n&rsquo;existe actuellement aucun vaccin pr\u00e9ventif ni traitement sp\u00e9cifique pour le nouveau coronavirus SRAS CoV-2, qui provoque la maladie Covid-19, l&rsquo;industrie pharmaceutique cubaine garantit la production de m\u00e9dicaments \u00e9prouv\u00e9s et tr\u00e8s efficaces tels que l&rsquo;Interf\u00e9ron humain recombinant Alpha 2B, ainsi que d\u2019autres m\u00e9dicaments, qui font partie du protocole de traitement des patients atteints de cette maladie et les complications qui peuvent survenir.<\/span><\/p>\n<p style=\"text-align: justify;\"><span style=\"font-family: times new roman, times, serif; font-size: 14pt;\">Selon le directeur de BioCubaFarma, le Dr Eduardo Martinez Diaz, dans cette proc\u00e9dure, le groupe d&rsquo;entreprises a pris en compte l&rsquo;exp\u00e9rience de la Chine, \u00e0 travers un travail publi\u00e9 par une association pharmaceutique de ce pays, qui fournit un guide pour la d\u00e9tection et le traitement du virus.<\/span><\/p>\n<p style=\"text-align: justify;\"><span style=\"font-family: times new roman, times, serif; font-size: 14pt;\">Ce guide, dit-il, recommande l&rsquo;interf\u00e9ron comme premier m\u00e9dicament. Un produit que nous sommes en mesure de fournir au syst\u00e8me de sant\u00e9, aussi bien sur l&rsquo;\u00eele qu&rsquo;au niveau international.<\/span><\/p>\n<p style=\"text-align: justify;\"><span style=\"font-family: times new roman, times, serif; font-size: 14pt;\">Cuba dispose de ce m\u00e9dicament, qui est produit avec la technologie cubaine \u00e0 l\u2019entreprise mixte Changchun Heber Biological Technology, situ\u00e9e \u00e0 Jilin, en Chine. Il est actuellement utilis\u00e9 de mani\u00e8re pr\u00e9ventive chez le personnel vuln\u00e9rable et le personnel de sant\u00e9, ainsi que chez les patients atteints de Covid-19 sous forme de n\u00e9bulisation, car c&rsquo;est un moyen rapide d&rsquo;atteindre les poumons et d&rsquo;agir dans les premiers stades de l&rsquo;infection, a d\u00e9clar\u00e9 Marta Ayala Avila, directrice adjointe du Centre de g\u00e9nie g\u00e9n\u00e9tique et de biotechnologie (CIGB).<\/span><\/p>\n<p style=\"text-align: justify;\"><span style=\"font-family: times new roman, times, serif; font-size: 14pt;\">Parall\u00e8lement, a-t-elle dit, nous nous sommes pr\u00e9par\u00e9s \u00e0 l&rsquo;utilisation de l&rsquo;interf\u00e9ron \u00e0 Cuba, car nous avons des capacit\u00e9s dans l\u2019entreprise mixte, mais aussi dans le pays.<\/span><\/p>\n<p style=\"text-align: justify;\"><span style=\"font-family: times new roman, times, serif; font-size: 14pt;\">\u00c0 propos de ce m\u00e9dicament th\u00e9rapeutique \u00e0 action antivirale, la directrice adjointe a expliqu\u00e9 que les interf\u00e9rons sont des mol\u00e9cules produites par l&rsquo;organisme lui-m\u00eame en r\u00e9ponse aux attaques virales, aussi constituent-ils la premi\u00e8re r\u00e9ponse organique du syst\u00e8me immunitaire pour combattre la maladie.<\/span><\/p>\n<p style=\"text-align: justify;\"><span style=\"font-family: times new roman, times, serif; font-size: 14pt;\">Lors des pr\u00e9c\u00e9dentes \u00e9pid\u00e9mies de coronavirus, le SRAS en 2002 et le MERS en 2012, les interf\u00e9rons ont \u00e9t\u00e9 \u00e9galement utilis\u00e9s pour les soins et le traitement des personnes infect\u00e9es. Des \u00e9tudes publi\u00e9es par la suite ont montr\u00e9 que ces virus, au lieu d&rsquo;induire la cr\u00e9ation d&rsquo;interf\u00e9ron dans l&rsquo;organisme, diminuent la production de ces mol\u00e9cules, d&rsquo;o\u00f9 l&rsquo;efficacit\u00e9 du m\u00e9dicament dans le traitement du Covid-19, a pr\u00e9cis\u00e9 Ayala Avila.<\/span><\/p>\n<p style=\"text-align: justify;\"><span style=\"font-family: times new roman, times, serif; font-size: 14pt;\">Pour sa part, Eulogio Pimentel Vazquez, directeur g\u00e9n\u00e9ral de la CIGB, a indiqu\u00e9 qu&rsquo;ils disposent d\u2019une quantit\u00e9 d&rsquo;interf\u00e9ron pour les cas estim\u00e9s, qui pourraient se produire \u00e0 Cuba dans une p\u00e9riode de trois \u00e0 six mois. En outre, a-t-il d\u00e9clar\u00e9, \u00ab\u00a0nous avons en stock ce produit en cours de fabrication qui serait pratiquement \u00e9quivalent \u00e0 la quantit\u00e9 n\u00e9cessaire pour traiter compl\u00e8tement toutes les infections survenues en Chine\u00a0\u00bb.<\/span><\/p>\n<p style=\"text-align: justify;\"><span style=\"font-family: times new roman, times, serif; font-size: 14pt;\">Actuellement, ce m\u00e9dicament fait partie des protocoles du minist\u00e8re de la Sant\u00e9 publique (Minsap) pour la prise en charge des patients atteints du nouveau coronavirus, et des demandes arrivent de minist\u00e8res de la sant\u00e9 de plusieurs pays. Dans ce sens, Pimentel a d\u00e9clar\u00e9 que le centre avait la capacit\u00e9 non seulement de r\u00e9pondre \u00e0 une \u00e9ventuelle croissance de la demande dans le pays, mais aussi de satisfaire les 15 demandes qui ont \u00e9t\u00e9 re\u00e7ues jusqu&rsquo;\u00e0 pr\u00e9sent de la part d&rsquo;autres pays, soit pour information soit pour l&rsquo;acquisition de ce produit.<\/span><\/p>\n<p style=\"text-align: justify;\"><span style=\"font-family: times new roman, times, serif; font-size: 14pt;\">\u00a0<\/span><\/p>\n<p style=\"text-align: left;\"><strong><span style=\"font-family: times new roman, times, serif; font-size: 14pt;\">ASSURANCE ET CAPACIT\u00c9 DE PRODUCTION D\u2019AUTRES M\u00c9DICAMENTS DU PROTOCOLE<\/span><\/strong><\/p>\n<p style=\"text-align: justify;\"><span style=\"font-family: times new roman, times, serif; font-size: 14pt;\">M\u00eame si l&rsquo;interf\u00e9ron humain recombinant Alpha 2B a fait les gros titres ces derniers jours dans plusieurs m\u00e9dias internationaux en raison de son efficacit\u00e9 dans le traitement des patients infect\u00e9s par le nouveau coronavirus, ce n&rsquo;est pas le seul m\u00e9dicament dont dispose Cuba pour faire face \u00e0 cette pand\u00e9mie mondiale.<\/span><\/p>\n<p style=\"text-align: justify;\"><span style=\"font-family: times new roman, times, serif; font-size: 14pt;\">Il y a 21 autres produits qui font partie du protocole sanitaire \u00e0 Cuba, parmi lesquels des antiviraux, des antirythmiques et des antibiotiques, pour le traitement des complications des patients qui sont infect\u00e9s par le Covid-19, et notre industrie en assure la production, a soulign\u00e9 Martinez Diaz.<\/span><\/p>\n<p style=\"text-align: justify;\"><span style=\"font-family: times new roman, times, serif; font-size: 14pt;\">Par exemple, les laboratoires de l&rsquo;AICA fabriquent 170 m\u00e9dicaments injectables ou gouttes ophtalmiques st\u00e9riles, et cinq d&rsquo;entre eux sont inclus dans le protocole de base pour les soins aux patients, a d\u00e9clar\u00e9 son directeur g\u00e9n\u00e9ral, Antonio Vallin.<\/span><\/p>\n<p style=\"text-align: justify;\"><span style=\"font-family: times new roman, times, serif; font-size: 14pt;\">Sur cette base, l&rsquo;entreprise a revu sa couverture au niveau national, de produits interm\u00e9diaires et finis au sein de l\u2019entreprise, ainsi que sa capacit\u00e9 \u00e0 poursuivre la fabrication, tout en travaillant sur des produits naturels qui peuvent aider le syst\u00e8me immunitaire \u00e0 accro\u00eetre sa capacit\u00e9 \u00e0 r\u00e9pondre \u00e0 n&rsquo;importe quel virus, a-t-il ajout\u00e9.<\/span><\/p>\n<p style=\"text-align: justify;\"><span style=\"font-family: times new roman, times, serif; font-size: 14pt;\">Rita Maria Garcia, directrice des op\u00e9rations et de la technologie de BioCubaFarma, a d\u00e9clar\u00e9 que l\u2019entreprise s\u2019est pr\u00e9par\u00e9e \u00e0 l&rsquo;avance pour faire face \u00e0 la situation actuelle et que dans les \u00e9tablissements de sant\u00e9, le niveau est stable, bien que des strat\u00e9gies sont mises en place pour augmenter la couverture.<\/span><\/p>\n<p style=\"text-align: justify;\"><span style=\"font-family: times new roman, times, serif; font-size: 14pt;\">Il s&rsquo;agit par exemple de l&rsquo;azithromycine sous forme de comprim\u00e9s et de suspensions, de la vancomycine injectable, de l&rsquo;at\u00e9nolol, de la m\u00e9thylprednisolone, du diaz\u00e9pam, du midazolam, du parac\u00e9tamol, de l&rsquo;ibuprof\u00e8ne, de la dipyrone, des anesth\u00e9siques g\u00e9n\u00e9raux, ainsi que des solutions parent\u00e9rales, n\u00e9cessaires pour les soins intensifs, comme les volumes de dextrose, de ringer et d&rsquo;albumine, entre autres.<\/span><\/p>\n<p style=\"text-align: justify;\"><span style=\"font-family: times new roman, times, serif; font-size: 14pt;\">Au sujet de la dipyrone, le directeur de BioCubaFarma a pr\u00e9cis\u00e9 que le pays a besoin de 600 millions de comprim\u00e9s, et bien que la capacit\u00e9 de production pour assurer une telle quantit\u00e9 n&rsquo;existe pas aujourd&rsquo;hui, sa couverture pour l&rsquo;usage hospitalier est garantie.<\/span><\/p>\n<p style=\"text-align: justify;\"><span style=\"font-family: times new roman, times, serif; font-size: 14pt;\">Nous esp\u00e9rons qu&rsquo;avec les mesures de confinement et de surveillance \u00e9pid\u00e9miologique que Minsap a mises en place, il n&rsquo;y aura pas un nombre \u00e9lev\u00e9 d&rsquo;infections dans le pays. Cependant, a-t-il dit, nous sommes pr\u00eats \u00e0 ce que ces 22 m\u00e9dicaments couvrent le traitement de milliers de patients potentiels.<\/span><\/p>\n<p style=\"text-align: justify;\"><span style=\"font-family: times new roman, times, serif; font-size: 14pt;\">Martinez Diaz a soulign\u00e9 qu&rsquo;il est vrai qu&rsquo;aujourd&rsquo;hui 15% des m\u00e9dicaments fournis par l&rsquo;industrie sont en manque dans nos pharmacies et que les cycles de distribution ont d\u00fb \u00eatre allong\u00e9s. Cette situation a pour origine les difficult\u00e9s que nous rencontrons pour acheter les mati\u00e8res premi\u00e8res n\u00e9cessaires et le manque de pi\u00e8ces de rechange pour les \u00e9quipements utilis\u00e9s dans les cha\u00eenes de fabrication, a-t-il dit.<\/span><\/p>\n<p style=\"text-align: justify;\"><span style=\"font-family: times new roman, times, serif; font-size: 14pt;\">En ce sens, a-t-il dit, le blocus nous frappe de mani\u00e8re significative, car certains fournisseurs refusent de nous vendre ce mat\u00e9riel en raison de la traque financi\u00e8re dont ils sont l\u2019objet, d&rsquo;autres ne veulent pas \u00e9tablir de nouveaux contrats, et ceux qui maintiennent des relations commerciales avec nous, doivent faire face \u00e0 de nombreux obstacles.<\/span><\/p>\n<p style=\"text-align: justify;\"><span style=\"font-family: times new roman, times, serif; font-size: 14pt;\">En fait, nous disposons d&rsquo;une quantit\u00e9 importante de ressources financi\u00e8res que nous n&rsquo;avons pas pu faire entrer dans le pays en raison des restrictions du blocus impos\u00e9es aux banques, a-t-il d\u00e9clar\u00e9.<\/span><\/p>\n<p style=\"text-align: justify;\"><span style=\"font-family: times new roman, times, serif; font-size: 14pt;\">Par ailleurs, un m\u00e9dicament qui est \u00e9galement envisag\u00e9 comme alternative pour traiter le nouveau coronavirus, est la Biomoduline T. Selon Mary Carmen Reyes, sp\u00e9cialiste en immunologie et chef du groupe des Essais cliniques au Centre national des bio-pr\u00e9parations (BioCen), il s&rsquo;agit d&rsquo;un modulateur, inclus dans la liste des m\u00e9dicaments de base, qui est utilis\u00e9 pour traiter les infections respiratoires et les infections \u00e0 r\u00e9p\u00e9tition chez les personnes \u00e2g\u00e9es, car il renforce les d\u00e9fenses du patient.<\/span><\/p>\n<p style=\"text-align: justify;\"><span style=\"font-family: times new roman, times, serif; font-size: 14pt;\">Nous avons l&rsquo;exp\u00e9rience de son utilisation, avec une grande efficacit\u00e9 et s\u00e9curit\u00e9, et tr\u00e8s peu d&rsquo;effets ind\u00e9sirables, a-t-il ajout\u00e9.<\/span><\/p>\n<p style=\"text-align: justify;\"><span style=\"font-family: times new roman, times, serif; font-size: 14pt;\">Dans le cas du Covid-19, a-t-il dit, les donn\u00e9es publi\u00e9es dans des articles scientifiques montrent comment le virus affecte la r\u00e9ponse immunitaire chez les patients infect\u00e9s et fait baisser le nombre de cellules T. En r\u00e9ponse, ce m\u00e9dicament a pr\u00e9cis\u00e9ment la capacit\u00e9 de stimuler la production de ces cellules.<\/span><\/p>\n<p style=\"text-align: justify;\"><span style=\"font-family: times new roman, times, serif; font-size: 14pt;\">En outre, \u00e9tant donn\u00e9 que les patients les plus susceptibles de voir leur \u00e9tat s&rsquo;aggraver sont les personnes \u00e2g\u00e9es, dont le syst\u00e8me immunitaire est plus affaibli physiologiquement, il est possible de l&rsquo;utiliser aussi bien chez les patients infect\u00e9s que chez les patients \u00e0 risque et le personnel de sant\u00e9.<\/span><\/p>\n<p>&nbsp;<\/p>\n<p style=\"text-align: justify;\"><strong><span style=\"font-family: times new roman, times, serif; font-size: 14pt;\">LA \u00ab\u00a0R ET D\u00a0\u00bb FACE \u00c0 LA PAND\u00c9MIE<\/span><\/strong><\/p>\n<p style=\"text-align: justify;\"><span style=\"font-family: times new roman, times, serif; font-size: 14pt;\">Une autre strat\u00e9gie suivie par l&rsquo;industrie pharmaceutique cubaine est la recherche et le d\u00e9veloppement (R et D) de nouveaux produits qui pourraient \u00eatre utilis\u00e9s dans le traitement de cette maladie, lesquels, bien qu\u2019ils soient en phase de d\u00e9veloppement, ont la propri\u00e9t\u00e9 d\u2019inhiber la reproduction des virus.<\/span><\/p>\n<p style=\"text-align: justify;\"><span style=\"font-family: times new roman, times, serif; font-size: 14pt;\">Selon Gerardo Enrique Guill\u00e9n Nieto, directeur de la recherche biom\u00e9dicale au CIGB, le travail porte sur deux peptides inhibiteurs sont actuellement.<\/span><\/p>\n<p style=\"text-align: justify;\"><span style=\"font-family: times new roman, times, serif; font-size: 14pt;\">L&rsquo;un d&rsquo;eux est le CIGB 210, un projet en d\u00e9veloppement depuis quelques ann\u00e9es comme antiviral contre le virus du SIDA. \u00ab\u00a0Sur la base des preuves qui existent dans la litt\u00e9rature, nous exp\u00e9rimentons actuellement l&rsquo;effet de ce peptide sur un coronavirus d&rsquo;origine bovine, afin d&rsquo;\u00e9valuer sa capacit\u00e9 d&rsquo;inhibition. Si cela s\u2019av\u00e9rait efficace, en coop\u00e9ration avec des laboratoires en Chine, nous analyserions son effet contre le nouveau coronavirus.\u00a0\u00bb<\/span><\/p>\n<p style=\"text-align: justify;\"><span style=\"font-family: times new roman, times, serif; font-size: 14pt;\">L&rsquo;autre projet en cours d&rsquo;\u00e9valuation, avec le code CIGB 300, est utilis\u00e9 pour traiter diff\u00e9rents types de cancer, tels que le cancer du col de l&rsquo;ut\u00e9rus et du poumon, et sa capacit\u00e9 antivirale a \u00e9galement \u00e9t\u00e9 \u00e9valu\u00e9e contre le virus du sida et l&rsquo;h\u00e9patite C, entre autres, a-t-il pr\u00e9cis\u00e9.<\/span><\/p>\n<p style=\"text-align: justify;\"><span style=\"font-family: times new roman, times, serif; font-size: 14pt;\">Parall\u00e8lement, un projet de vaccin est en cours de conception, bas\u00e9 sur la plateforme des particules de type viral et la plateforme de l&rsquo;immunisation nasale comme voie d&rsquo;administration, une m\u00e9thode utilis\u00e9e pour le vaccin th\u00e9rapeutique contre l&rsquo;h\u00e9patite B chronique, d\u00e9velopp\u00e9 au CIGB. Ce projet a \u00e9t\u00e9 mis \u00e0 la disposition des autorit\u00e9s sanitaires chinoises afin de travailler ensemble \u00e0 son d\u00e9veloppement, a-t-il conclu.<\/span><\/p>\n<p style=\"text-align: justify;\"><span style=\"font-family: times new roman, times, serif; font-size: 14pt;\"><strong><em>Jo\u00ebl Perichaud <\/em><\/strong><em>est Secr\u00e9taire national du Parti de la D\u00e9mondialistion charg\u00e9 des relations internationales <\/em><\/span><\/p>\n<p style=\"text-align: left;\"><span style=\"font-family: times new roman, times, serif; font-size: 14pt;\">Source\u00a0: <a href=\"https:\/\/pardem.org\/actualite\/1026-l-italie-recoit-l-aide-chinoise-cubaine-russe-et-venezue-lienne\">https:\/\/pardem.org\/actualite\/1026-l-italie-recoit-l-aide-chinoise-cubaine-russe-et-venezue-lienne<\/a><\/span><\/p>\n<p style=\"text-align: left;\"><span style=\"font-family: times new roman, times, serif; font-size: 14pt;\"><strong>URL de cet article\u00a0: <\/strong><a href=\"http:\/\/blog.lesgrossesorchadeslesamplesthalameges.fr\/index.php\/litalie-recoit-laide-chinoise-cubaine-russe-et-venezuelienne\/\">http:\/\/blog.lesgrossesorchadeslesamplesthalameges.fr\/index.php\/litalie-recoit-laide-chinoise-cubaine-russe-et-venezuelienne\/<\/a><strong><br \/>\n<\/strong><\/span><\/p>\n<p style=\"text-align: justify;\"><span style=\"font-family: times new roman, times, serif; font-size: 14pt;\"><strong>\u00a0<\/strong><\/span><\/p>\n<p>&nbsp;<\/p>\n<p style=\"text-align: center;\"><a href=\"http:\/\/blog.lesgrossesorchadeslesamplesthalameges.fr\/wp-content\/uploads\/2020\/03\/Ob\u00e9is-GIF.gif\"><img loading=\"lazy\" class=\"alignnone wp-image-9087\" src=\"http:\/\/blog.lesgrossesorchadeslesamplesthalameges.fr\/wp-content\/uploads\/2020\/03\/Ob\u00e9is-GIF.gif\" alt=\"\" width=\"130\" height=\"99\" \/><\/a><\/p>\n<p>&nbsp;<\/p>\n<p style=\"text-align: right;\"><span style=\"font-family: comic sans ms, sans-serif; font-size: 14pt;\">Mars 2020<\/span><\/p>\n<p>&nbsp;<\/p>\n","protected":false},"excerpt":{"rendered":"<p>&nbsp; &nbsp; &nbsp; &nbsp; &nbsp; &nbsp; L\u2019Italie re\u00e7oit l\u2019aide chinoise, cubaine, russe et v\u00e9n\u00e9zu\u00e9lienne \u00a0 Jo\u00ebl P\u00e9richaud \u2013 PARDEM \u2013 24.3.2020 \u00a0 &nbsp; . &nbsp; &nbsp; Chine, Cuba, Venezuela, Russie (communistes et ou ex-communistes n\u2019en d\u00e9plaisent \u00e0 nos dirigeants), ces quatre pays r\u00e9guli\u00e8rement qualifi\u00e9s par l\u2019Union europ\u00e9enne de \u00ab\u00a0dictatures\u00a0\u00bb sont aujourd\u2019hui aux c\u00f4t\u00e9s de l\u2019Italie&#8230;<\/p>\n","protected":false},"author":1,"featured_media":0,"parent":0,"menu_order":0,"comment_status":"open","ping_status":"open","template":"","meta":[],"_links":{"self":[{"href":"https:\/\/blog.lesgrossesorchadeslesamplesthalameges.fr\/index.php\/wp-json\/wp\/v2\/pages\/9166"}],"collection":[{"href":"https:\/\/blog.lesgrossesorchadeslesamplesthalameges.fr\/index.php\/wp-json\/wp\/v2\/pages"}],"about":[{"href":"https:\/\/blog.lesgrossesorchadeslesamplesthalameges.fr\/index.php\/wp-json\/wp\/v2\/types\/page"}],"author":[{"embeddable":true,"href":"https:\/\/blog.lesgrossesorchadeslesamplesthalameges.fr\/index.php\/wp-json\/wp\/v2\/users\/1"}],"replies":[{"embeddable":true,"href":"https:\/\/blog.lesgrossesorchadeslesamplesthalameges.fr\/index.php\/wp-json\/wp\/v2\/comments?post=9166"}],"version-history":[{"count":0,"href":"https:\/\/blog.lesgrossesorchadeslesamplesthalameges.fr\/index.php\/wp-json\/wp\/v2\/pages\/9166\/revisions"}],"wp:attachment":[{"href":"https:\/\/blog.lesgrossesorchadeslesamplesthalameges.fr\/index.php\/wp-json\/wp\/v2\/media?parent=9166"}],"curies":[{"name":"wp","href":"https:\/\/api.w.org\/{rel}","templated":true}]}}