{"id":9359,"date":"2020-04-02T23:15:26","date_gmt":"2020-04-02T21:15:26","guid":{"rendered":"http:\/\/blog.lesgrossesorchadeslesamplesthalameges.fr\/?page_id=9359"},"modified":"2020-04-02T23:16:32","modified_gmt":"2020-04-02T21:16:32","slug":"covid-19-la-vaccination-massive-explique-t-elle-le-taux-de-mortalite-en-italie","status":"publish","type":"page","link":"https:\/\/blog.lesgrossesorchadeslesamplesthalameges.fr\/index.php\/covid-19-la-vaccination-massive-explique-t-elle-le-taux-de-mortalite-en-italie\/","title":{"rendered":"Covid-19 : La vaccination massive explique-t-elle le taux de mortalit\u00e9 en Italie ?"},"content":{"rendered":"<p><span style=\"font-family: times new roman, times, serif; font-size: 14pt;\"><strong>\u00a0<\/strong><\/span><\/p>\n<p>&nbsp;<\/p>\n<p>&nbsp;<\/p>\n<p>&nbsp;<\/p>\n<p>&nbsp;<\/p>\n<p>&nbsp;<\/p>\n<p>&nbsp;<\/p>\n<p style=\"text-align: center;\"><span style=\"font-family: times new roman, times, serif; font-size: 36pt;\"><strong>Covid-19\u00a0: la vaccination massive explique-t-elle le taux de mortalit\u00e9 en Italie\u00a0?<\/strong><\/span><\/p>\n<p style=\"text-align: center;\"><span style=\"font-family: times new roman, times, serif; font-size: 14pt;\"><strong>\u00a0<\/strong><\/span><\/p>\n<p style=\"text-align: center;\"><span style=\"font-family: times new roman, times, serif; font-size: 18pt;\"><strong>Yves Rasir \u2013 <em>N\u00e9oSant\u00e9 Hebdo<\/em>\u00a0 \u2013 31.3.2020<\/strong><\/span><\/p>\n<p style=\"text-align: center;\"><span style=\"font-family: times new roman, times, serif; font-size: 18pt;\">Via<strong> <em>E &amp; R<\/em><\/strong><\/span><\/p>\n<p><span style=\"font-family: times new roman, times, serif; font-size: 14pt;\"><strong>\u00a0<\/strong><\/span><\/p>\n<p>&nbsp;<\/p>\n<p style=\"text-align: center;\"><a href=\"http:\/\/blog.lesgrossesorchadeslesamplesthalameges.fr\/wp-content\/uploads\/2020\/04\/VACCIN-1.jpg\"><img loading=\"lazy\" class=\"alignnone wp-image-9360\" src=\"http:\/\/blog.lesgrossesorchadeslesamplesthalameges.fr\/wp-content\/uploads\/2020\/04\/VACCIN-1-300x201.jpg\" alt=\"\" width=\"500\" height=\"334\" srcset=\"https:\/\/blog.lesgrossesorchadeslesamplesthalameges.fr\/wp-content\/uploads\/2020\/04\/VACCIN-1-300x201.jpg 300w, https:\/\/blog.lesgrossesorchadeslesamplesthalameges.fr\/wp-content\/uploads\/2020\/04\/VACCIN-1.jpg 320w\" sizes=\"(max-width: 500px) 100vw, 500px\" \/><\/a><\/p>\n<p>&nbsp;<\/p>\n<p><span style=\"font-family: times new roman, times, serif; font-size: 14pt;\">\u00a0<\/span><\/p>\n<p style=\"text-align: justify;\"><span style=\"font-family: tahoma, arial, helvetica, sans-serif; font-size: 14pt;\"><strong>\u00c7a va, vous tenez le coup dans ce monde devenu fou\u00a0? Moi, je vous avoue que la situation commence d\u00e9j\u00e0 \u00e0 me peser. Je n\u2019ai jamais support\u00e9 que mes enfants soient tristes, or ma fille a\u00een\u00e9e m\u2019a confi\u00e9 hier sa tristesse d\u2019avoir assist\u00e9 \u00e0 une violente dispute dans un magasin entre trois personnes\u00a0: l\u2019une d\u2019entre elles avait approch\u00e9 les deux autres \u00e0 moins d\u20191,5 m, ce qui ne leur a pas plu du tout\u00a0! Voil\u00e0 o\u00f9 nous conduit cette virophobie d\u00e9mentielle ayant accouch\u00e9 du confinement g\u00e9n\u00e9ralis\u00e9. Il faut stopper ce cauchemar au plus vite<\/strong><strong>\u00a0!<\/strong><\/span><\/p>\n<p>&nbsp;<\/p>\n<p style=\"text-align: justify;\"><span style=\"font-family: times new roman, times, serif; font-size: 14pt;\">Cette semaine, je pare au plus press\u00e9 et je me focalise sur la situation en Italie. Comme le r\u00e9p\u00e8te invariablement l\u2019infectiologue Didier Raoult dans ses vid\u00e9os devenue virales, les pand\u00e9mies sont une fiction. \u00c7a n\u2019existe pas, \u00e7a n\u2019a jamais exist\u00e9 et \u00e7a n\u2019existera sans doute jamais. Les flamb\u00e9es \u00e9pid\u00e9miques sont \u00e9cosyst\u00e9miques et doivent s\u2019analyser dans leur contexte biotopique. De quel(s) d\u00e9s\u00e9quilibre(s) relationnel(s) entre les \u00eatres humains et leur environnement sont-elles la cons\u00e9quence\u00a0?<\/span><\/p>\n<p style=\"text-align: justify;\"><span style=\"font-family: times new roman, times, serif; font-size: 14pt;\">Concernant Wuhan, nous en sommes r\u00e9duits au jeu des hypoth\u00e8ses. Selon une source que je ne citerai pas encore car je n\u2019ai pas pu la recouper, une pollution majeure suivie d\u2019une vive protestation populaire durement r\u00e9prim\u00e9e pourrait avoir \u00e9t\u00e9 le facteur d\u00e9clencheur. Mais il faudrait pouvoir longuement enqu\u00eater sur place pour \u00e9tayer cette possibilit\u00e9. Laissons la Chine de c\u00f4t\u00e9 puisque, de toute fa\u00e7on, la maladie baptis\u00e9e \u00ab\u00a0Covid-19\u00a0\u00bb et attribu\u00e9e au coronavirus SARS-Cov2 y a quasiment disparu. Ce qui n\u2019est pas du tout le cas de l\u2019Italie qui a enregistr\u00e9 presque le double de d\u00e9c\u00e8s avec une population 22 fois inf\u00e9rieure. Comment expliquer une telle trag\u00e9die\u00a0?<\/span><\/p>\n<p style=\"text-align: justify;\"><span style=\"font-family: times new roman, times, serif; font-size: 14pt;\">Deux observations s\u2019imposent d\u2019embl\u00e9e. La premi\u00e8re, c\u2019est qu\u2019il ne s\u2019agit pas d\u2019une crise frappant l\u2019Italie dans son ensemble, ni m\u00eame l\u2019Italie du Nord qui compte 3\/4 des victimes. L\u2019\u00e9picentre de l\u2019\u00e9pid\u00e9mie italienne se situe plus pr\u00e9cis\u00e9ment en Lombardie, r\u00e9gion qui s\u2019octroie 2\/3 du fromage macabre. C\u2019est impressionnant et \u00e7a s\u2019est concr\u00e8tement traduit par des cr\u00e9matoriums d\u00e9bord\u00e9s et des colonnes de v\u00e9hicules militaires emportant les cercueils vers d\u2019autres cimeti\u00e8res que ceux de Bergame et Brescia. Images gla\u00e7antes qui parlent mieux que les statistiques. La deuxi\u00e8me chose \u00e0 noter, c\u2019est que les m\u00e9dias se trompent et nous trompent en affirmant sans cesse que \u00ab\u00a0cette maladie concerne tout le monde\u00a0\u00bb. <a href=\"https:\/\/www.epicentro.iss.it\/coronavirus\/bollettino\/Report-COVID-2019_17_marzo-v2.pdf\"><strong>Selon le rapport officiel du 17 mars de l\u2019Istituto Superiore di Sanit\u00e0<\/strong><\/a>, l\u2019\u00e2ge moyen des personnes d\u00e9c\u00e9d\u00e9es \u00e9tait de 79,5 ans (3 ans de moins que l\u2019esp\u00e9rance de vie \u00e0 la naissance) et seulement 0,8\u00a0% des victimes n\u2019avaient pas de pathologies ant\u00e9rieures. Un quart en avait une, un autre quart deux et la moiti\u00e9 trois. Dans l\u2019ordre, les plus fr\u00e9quentes \u00e9taient l\u2019hypertension art\u00e9rielle, le diab\u00e8te et les cardiopathies isch\u00e9miques. Dans 20\u00a0% des cas, il y avait pr\u00e9sence d\u2019un cancer et dans 13\u00a0% des cas, celle d\u2019une BPCO (Bronchopneumopathie Chronique Obstructive). Qu\u2019on le veuille ou non, que \u00e7a plaise ou non, la Covid-19 fauche tr\u00e8s pr\u00e9f\u00e9rentiellement les vieilles personnes d\u00e9j\u00e0 tr\u00e8s malades. Il n\u2019y a aucun cynisme \u00e0 constater cette r\u00e9alit\u00e9. Si on pense, comme moi, que le virus n\u2019est pas seul en cause, il reste cependant \u00e0 \u00e9lucider la surmortalit\u00e9 lombarde. Pollution automobile\u00a0? Le trafic \u00e0 Milan est beaucoup plus intense que dans les villes les plus touch\u00e9es, et pas plus dantesque que dans d\u2019autres m\u00e9tropoles. D\u00e9faillances du syst\u00e8me de sant\u00e9\u00a0? Au contraire, donn\u00e9es et t\u00e9moignages indiquent que les infrastructures et le personnel m\u00e9dical sont ce qui se fait de mieux en Italie, pays o\u00f9 les soins sont totalement gratuits. \u00c0 mon avis, c\u2019est justement l\u2019acc\u00e8s facile \u00e0 cette offre abondante qui pose question. Dans un de ses ouvrages majeurs (<em>N\u00e9m\u00e9sis m\u00e9dicale<\/em>, 1975), le penseur \u00e9cologiste Ivan Illich montrait d\u00e9j\u00e0 que pass\u00e9 un seuil de d\u00e9veloppement, la m\u00e9decine occidentale moderne devient \u00ab\u00a0contre-productive\u00a0\u00bb, c\u2019est-dire que ses inconv\u00e9nients commencent \u00e0 d\u00e9passer ses avantages, ses risques \u00e0 peser plus lourds que ses b\u00e9n\u00e9fices. Dans le monde industrialis\u00e9, l\u2019art de gu\u00e9rir est ainsi devenu celui de nuire \u00e0 la sant\u00e9. S\u2019il parvient paradoxalement \u00e0 repousser l\u2019\u00e2ge de la mort, c\u2019est au prix d\u2019une morbidit\u00e9 (nombre de malades dans la soci\u00e9t\u00e9) plus r\u00e9pandue.<\/span><\/p>\n<p style=\"text-align: justify;\"><span style=\"font-family: times new roman, times, serif; font-size: 14pt;\">Vous me voyez venir\u00a0? J\u2019insiste en effet sur la composante iatrog\u00e9nique de la crise sanitaire italienne. Selon le rapport cit\u00e9 plus haut\u00a0[<a href=\"https:\/\/www.egaliteetreconciliation.fr\/Covid-19-la-vaccination-massive-explique-t-elle-le-taux-de-mortalite-en-Italie-58780.html#nb1\">1<\/a>], 83\u00a0% des patients diagnostiqu\u00e9s, pris en charge et d\u00e9c\u00e9d\u00e9s ont re\u00e7u des antibiotiques, 52\u00a0% des m\u00e9dicaments antiviraux et 27\u00a0% de la cortisone. On peut bien s\u00fbr supposer que nombre d\u2019entre eux ont re\u00e7u les trois traitements en m\u00eame temps. Le rapport est muet sur l\u2019usage d\u2019antipyr\u00e9tiques et d\u2019anti-inflammatoires non-st\u00e9ro\u00efdiens (AINS) mais on peut \u00e9galement se douter que ces substances chimiques sapant le pouvoir d\u2019auto-gu\u00e9rison sont employ\u00e9es sans retenue et sans discernement. Selon une de mes amies habitant l\u00e0-bas et lisant la presse locale, la chloroquine fait aussi partie de l\u2019arsenal m\u00e9dical d\u2019au moins un h\u00f4pital. Or si elle est certainement peu nocive (le contraire se saurait puisqu\u2019 on l\u2019emploie depuis plus de 70 ans), la mol\u00e9cule pr\u00e9conis\u00e9e par le Dr Raoult n\u2019est quand m\u00eame pas un bonbon pour la toux. Au-del\u00e0 d\u20191 g par jour, elle peut mener \u00e0 l\u2019intoxication et celle-ci est fatale dans 20\u00a0% des cas. La mise sous oxyg\u00e8ne\u00a0? Dans une infolettre pr\u00e9c\u00e9dente, je vous ai signal\u00e9 que cette pratique \u00e9tait loin d\u2019\u00eatre anodine et qu\u2019elle pouvait s\u00e9rieusement l\u00e9ser les poumons. Mais savez-vous que la version sup\u00e9rieure de cette technique, le respirateur artificiel, n\u00e9cessite d\u2019endormir les patients\u00a0? L\u2019anesth\u00e9sie g\u00e9n\u00e9rale, ce n\u2019est pas non plus un geste m\u00e9dical d\u00e9pourvu de risque l\u00e9tal. En additionnant tous ces facteurs potentiellement iatrog\u00e8nes, on obtient une explication non n\u00e9gligeable du d\u00e9sastre nord-italien. Toutefois, je vous avoue que je gambergeais pas mal ces deux derni\u00e8res semaines\u00a0: m\u00eame si elle compte pour beaucoup, la iatrog\u00e9nie subie peu avant ou pendant les soins intensifs ne suffit certainement pas \u00e0 expliquer l\u2019ampleur du drame en Italie. Il y avait forc\u00e9ment autre chose, mais quoi\u00a0?<\/span><\/p>\n<p style=\"text-align: justify;\"><span style=\"font-family: times new roman, times, serif; font-size: 14pt;\">La semaine derni\u00e8re, je mentionnais une \u00e9tude am\u00e9ricaine montrant que la vaccination anti-grippale favorise les infections \u00e0 coronavirus. C\u2019est une pi\u00e8ce importante \u00e0 verser au dossier mais \u00e7a n\u2019explique toujours pas la flamb\u00e9e lombarde. Ailleurs dans le pays et dans plein d\u2019autres pays, ce vaccin inutile et dangereux est conseill\u00e9 et inject\u00e9 \u00e0 de nombreux vieux de plus de 60 ans. Si la valence <em>influenza<\/em> \u00e9tait si d\u00e9l\u00e9t\u00e8re, \u00e7a se verrait davantage. J\u2019en \u00e9tais encore \u00e0 me creuser la cervelle quand j\u2019ai re\u00e7u, il y a deux jours, un article saisissant de Dominique Guillet. Pour ceux qui ne le connaissent pas, cet explorateur de l\u2019univers v\u00e9g\u00e9tal est le fondateur de l\u2019association fran\u00e7aise Kokopelli, qui a men\u00e9 avec succ\u00e8s le combat pour la libert\u00e9 de commercialiser et d\u2019\u00e9changer des semences non inscrites aux catalogues officiels. Ent\u00e9rin\u00e9e par une d\u00e9cision europ\u00e9enne, cette victoire devrait lui valoir mille fois le prix Nobel alternatif. Quand il ne poursuit pas cette lutte libertaire et qu\u2019il ne r\u00e9dige pas des monographies sur des plantes alimentaires ou m\u00e9dicinales, Dominique Guillet fait du journalisme citoyen et publie le r\u00e9sultat de ses investigations sur son site internet. Dans le long article qu\u2019il a mis en ligne avant-hier <a href=\"http:\/\/xochipelli.fr\/2020\/03\/psychose-macronavirose-vaccinose-et-pot-aux-roses\/?fbclid=IwAR092XRJhyzXdfiwO9Z6W07MbEVhBMLuiEbhJFEMZmwbLZlwbAuboDw9yVU\"><strong>et que vous pouvez lire en cliquant ici<\/strong><\/a>, le fouineur amateur (mais n\u00e9anmoins tr\u00e8s pro) r\u00e9v\u00e8le une information \u00e0 mes yeux capitale\u00a0: en janvier dernier, la Lombardie a \u00e9t\u00e9 le th\u00e9\u00e2tre d\u2019une grande campagne de vaccination contre les m\u00e9ningocoques. Suite \u00e0 une mini-\u00e9pid\u00e9mie de m\u00e9ningite bact\u00e9rienne ayant impact\u00e9\u2026 6 personnes (avec 2 d\u00e9c\u00e8s), les autorit\u00e9s r\u00e9gionales ont en effet d\u00e9cid\u00e9 de vacciner massivement et gratuitement la population. En quelques semaines, plus de 33 000 personnes ont re\u00e7u le vaccin. Hier, Dominique m\u2019a envoy\u00e9 une information suppl\u00e9mentaire tout aussi cruciale\u00a0: <a href=\"https:\/\/www.ats-brianza.it\/index.php\/it\/vaccinazioni\/634-vaccinazioni-antimeningococco-in-regione-lombardia\"><strong>comme vous pouvez le v\u00e9rifier en cliquant ici<\/strong><\/a> la campagne de vaccination \u00e9tait d\u00e9j\u00e0 en cours \u00e0 l\u2019automne 2019\u00a0! Ce d\u00e9tail est essentiel parce c\u2019est aussi en automne qu\u2019est apparue en Lombardie une \u00e9trange \u00e9pid\u00e9mie de pneumonies bizarres n\u00e9cessitant des examens radiologiques sp\u00e9ciaux. Vous ne le croyez pas\u00a0? <a href=\"https:\/\/www.youtube.com\/watch?v=RhoWUOayD6I&amp;feature=youtu.be\"><strong>Regardez cette s\u00e9quence t\u00e9l\u00e9vis\u00e9e<\/strong><\/a> o\u00f9 le professeur Giuseppe Remuzzi, Directeur de l\u2019Institut Mario Negri de Recherches Pharmacologiques de Milan, r\u00e9pond aux questions d\u2019un journaliste plut\u00f4t \u00e9nerv\u00e9. Incroyable mais vrai, cette interview est pass\u00e9e le 22 mars sur CGTN, cha\u00eene de t\u00e9l\u00e9vision internationale\u2026 chinoise, sorte de Russia Today \u00e0 la sauce Xi Jinping\u00a0! <a href=\"http:\/\/french.xinhuanet.com\/2020-03\/22\/c_138904864.htm\"><strong>Comme en atteste ce communiqu\u00e9<\/strong><\/a>, la presse chinoise met le paquet sur cette enqu\u00eate car elle soup\u00e7onne le coronavirus d\u2019avoir \u00e9t\u00e9 import\u00e9 d\u2019Italie en Chine\u00a0! Je m\u2019interroge\u00a0: comment se fait-il que cette nouvelle sensationnelle n\u2019ait pas encore fait le <em>buzz<\/em> dans toutes les r\u00e9dactions du globe\u00a0? Si j\u2019ai loup\u00e9 cet \u00e9norme scoop dans l\u2019actualit\u00e9, merci de me corriger.<\/span><\/p>\n<p style=\"text-align: justify;\"><span style=\"font-family: times new roman, times, serif; font-size: 14pt;\">En fait, on se fiche un peu de savoir dans quel sens a voyag\u00e9 un hypoth\u00e9tique virus relativement inoffensif. Ce qui est tr\u00e8s important \u00e0 v\u00e9rifier, c\u2019est s\u2019il y a un lien entre la vaccination et la multiplication de pneumonies atypiques en Italie. Vous en doutez\u00a0? La probabilit\u00e9 est pourtant tr\u00e8s \u00e9lev\u00e9e. Parmi leurs effets secondaires tr\u00e8s pervers, les vaccins ont en effet pour cons\u00e9quence de modifier l\u2019\u00e9cologie microbienne. La nature ayant horreur du vide, la niche \u00e9cologique devenue vacante par l\u2019immunisation artificielle est imm\u00e9diatement occup\u00e9e par d\u2019autres esp\u00e8ces de bact\u00e9ries, plus insidieuses ou plus dangereuses. C\u2019est ainsi que les \u00e9pid\u00e9mies de poliomy\u00e9lite ont surgi dans la foul\u00e9e de la vaccination massive contre la dipht\u00e9rie, ou que de nouvelles formes d\u2019h\u00e9patite (C,D, E, etc..) sont apparues en ran\u00e7on des vaccinations contre les formes A et B. Ou encore que les m\u00e9ningites ont gagn\u00e9 en fr\u00e9quence et en s\u00e9v\u00e9rit\u00e9 depuis qu\u2019on les combat vaccinalement. Bien \u00e9tudi\u00e9, ce ph\u00e9nom\u00e8ne de \u00ab\u00a0remplacement \u00e9pid\u00e9mique\u00a0\u00bb a r\u00e9cemment fait l\u2019objet d\u2019une analyse par le Dr Michel de Lorgeril dans le 5\u00e8me livre de sa s\u00e9rie \u00ab\u00a0Vaccins et soci\u00e9t\u00e9\u00a0\u00bb, celui consacr\u00e9 aux m\u00e9ningites bact\u00e9riennes. D\u00e8s janvier 2012, la revue <em>N\u00e9osant\u00e9<\/em> avait lanc\u00e9 l\u2019alerte sur cette catastrophe \u00e9colo-sanitaire en publiant un dossier intitul\u00e9 \u00ab\u00a0Vaccins et microbes\u00a0: les relations d\u00e9sastreuses\u00a0\u00bb, r\u00e9dig\u00e9 par notre collaboratrice fran\u00e7aise Fran\u00e7oise Jo\u00ebt, ex-pr\u00e9sidente de l\u2019ALIS (Association Libert\u00e9 Information Sant\u00e9). Cet article magistral et toujours actuel est en acc\u00e8s libre sur notre site <a href=\"https:\/\/www.neosante.eu\/vaccins-microbes-les-relations-desastreuses\/\"><strong>et vous pouvez le consulter en cliquant ici<\/strong><\/a>.<\/span><\/p>\n<p style=\"text-align: justify;\"><span style=\"font-family: times new roman, times, serif; font-size: 14pt;\">Que devrait-on faire maintenant que le suspect vaccin est identifi\u00e9\u00a0? \u00c0 mon sens, il faudrait d\u2019urgence v\u00e9rifier le statut vaccinal des d\u00e9c\u00e9d\u00e9s italiens et de leurs proches. Le v\u00e9rifier aussi dans les autres r\u00e9gions (fran\u00e7aises, espagnoles\u2026) o\u00f9 un nombre anormalement grand de graves pneumonies sont signal\u00e9es. Certes, l\u2019\u00e9ventuelle corr\u00e9lation ne va pas d\u00e9montrer un lien de causalit\u00e9. Et le cas \u00e9ch\u00e9ant, le puissant lobby vaccinaliste investirait les m\u00e9dias \u00e0 leur solde pour brandir l\u2019argument habituel de la \u00ab\u00a0co\u00efncidence temporelle\u00a0\u00bb entre vaccinations et maladies. Mais qui serait encore dupe\u00a0? Qui croirait encore \u00e0 la pertinence des dogmes pasteuriens\u00a0? Pour ma part, je lance un appel solennel \u00e0 l\u2019exploitation de cette piste potentielle. Et je compte sur vous pour faire un maximum de bruit en diffusant ce billet tous azimuts. Je vous embrasse d\u2019avance\u2026 sans distanciation sociale.<\/span><\/p>\n<p>_________________<\/p>\n<p style=\"text-align: justify;\"><span style=\"font-family: times new roman, times, serif; font-size: 14pt;\"><strong>Notes<\/strong><\/span><\/p>\n<p style=\"text-align: justify;\"><span style=\"font-family: times new roman, times, serif; font-size: 14pt;\">[<a href=\"https:\/\/www.egaliteetreconciliation.fr\/Covid-19-la-vaccination-massive-explique-t-elle-le-taux-de-mortalite-en-Italie-58780.html#nh1\">1<\/a>] Tr\u00e8s troublant\u00a0: dans son dernier rapport du 20 mars, l\u2019Institut Sup\u00e9rieur de la Sant\u00e9 italien ne d\u00e9taille plus les traitements administr\u00e9s aux patients. Vous avez dit omert\u00e0\u00a0?<\/span><\/p>\n<p>&nbsp;<\/p>\n<p style=\"text-align: justify;\"><span style=\"font-family: times new roman, times, serif; font-size: 14pt;\">Sources\u00a0: <\/span><\/p>\n<p style=\"text-align: justify;\"><span style=\"font-family: times new roman, times, serif; font-size: 14pt;\"><a href=\"https:\/\/mailchi.mp\/neosante\/covid-19-on-tient-un%20suspect?e=55525d8c57\">https:\/\/mailchi.mp\/neosante\/covid-19-on-tient-un suspect?e=55525d8c57<\/a><\/span><\/p>\n<p style=\"text-align: justify;\"><span style=\"font-family: times new roman, times, serif; font-size: 14pt;\"><a href=\"https:\/\/www.egaliteetreconciliation.fr\/Covid-19-la-vaccination-massive-explique-t-elle-le-taux-de-mortalite-en-Italie-58780.html\">https:\/\/www.egaliteetreconciliation.fr\/Covid-19-la-vaccination-massive-explique-t-elle-le-taux-de-mortalite-en-Italie-58780.html<\/a><\/span><\/p>\n<p>&nbsp;<\/p>\n<p style=\"text-align: left;\"><span style=\"font-family: times new roman, times, serif; font-size: 14pt;\"><strong>URL de cet article\u00a0: <\/strong><a href=\"http:\/\/blog.lesgrossesorchadeslesamplesthalameges.fr\/index.php\/covid-19-la-vaccination-massive-explique-t-elle-le-taux-de-mortalite-en-italie\/\">http:\/\/blog.lesgrossesorchadeslesamplesthalameges.fr\/index.php\/covid-19-la-vaccination-massive-explique-t-elle-le-taux-de-mortalite-en-italie\/<\/a><strong><br \/>\n<\/strong><\/span><\/p>\n<p>&nbsp;<\/p>\n<p>&nbsp;<\/p>\n<p style=\"text-align: center;\"><a href=\"http:\/\/blog.lesgrossesorchadeslesamplesthalameges.fr\/wp-content\/uploads\/2020\/04\/MASQUE-GIF.gif\"><img loading=\"lazy\" class=\"alignnone wp-image-9299\" src=\"http:\/\/blog.lesgrossesorchadeslesamplesthalameges.fr\/wp-content\/uploads\/2020\/04\/MASQUE-GIF-300x188.gif\" alt=\"\" width=\"200\" height=\"125\" \/><\/a><\/p>\n<p>&nbsp;<\/p>\n<p style=\"text-align: right;\"><span style=\"font-family: comic sans ms, sans-serif; font-size: 14pt;\">Avril 2020<\/span><\/p>\n<p>&nbsp;<\/p>\n<p>&nbsp;<\/p>\n","protected":false},"excerpt":{"rendered":"<p>\u00a0 &nbsp; &nbsp; &nbsp; &nbsp; &nbsp; &nbsp; Covid-19\u00a0: la vaccination massive explique-t-elle le taux de mortalit\u00e9 en Italie\u00a0? \u00a0 Yves Rasir \u2013 N\u00e9oSant\u00e9 Hebdo\u00a0 \u2013 31.3.2020 Via E &amp; R \u00a0 &nbsp; &nbsp; \u00a0 \u00c7a va, vous tenez le coup dans ce monde devenu fou\u00a0? Moi, je vous avoue que la situation commence d\u00e9j\u00e0 \u00e0&#8230;<\/p>\n","protected":false},"author":1,"featured_media":0,"parent":0,"menu_order":0,"comment_status":"open","ping_status":"open","template":"","meta":[],"_links":{"self":[{"href":"https:\/\/blog.lesgrossesorchadeslesamplesthalameges.fr\/index.php\/wp-json\/wp\/v2\/pages\/9359"}],"collection":[{"href":"https:\/\/blog.lesgrossesorchadeslesamplesthalameges.fr\/index.php\/wp-json\/wp\/v2\/pages"}],"about":[{"href":"https:\/\/blog.lesgrossesorchadeslesamplesthalameges.fr\/index.php\/wp-json\/wp\/v2\/types\/page"}],"author":[{"embeddable":true,"href":"https:\/\/blog.lesgrossesorchadeslesamplesthalameges.fr\/index.php\/wp-json\/wp\/v2\/users\/1"}],"replies":[{"embeddable":true,"href":"https:\/\/blog.lesgrossesorchadeslesamplesthalameges.fr\/index.php\/wp-json\/wp\/v2\/comments?post=9359"}],"version-history":[{"count":0,"href":"https:\/\/blog.lesgrossesorchadeslesamplesthalameges.fr\/index.php\/wp-json\/wp\/v2\/pages\/9359\/revisions"}],"wp:attachment":[{"href":"https:\/\/blog.lesgrossesorchadeslesamplesthalameges.fr\/index.php\/wp-json\/wp\/v2\/media?parent=9359"}],"curies":[{"name":"wp","href":"https:\/\/api.w.org\/{rel}","templated":true}]}}