{"id":9561,"date":"2020-04-11T21:01:52","date_gmt":"2020-04-11T19:01:52","guid":{"rendered":"http:\/\/blog.lesgrossesorchadeslesamplesthalameges.fr\/?page_id=9561"},"modified":"2020-04-11T21:04:04","modified_gmt":"2020-04-11T19:04:04","slug":"carnage-massacre-social","status":"publish","type":"page","link":"https:\/\/blog.lesgrossesorchadeslesamplesthalameges.fr\/index.php\/carnage-massacre-social\/","title":{"rendered":"Carnage, massacre social !"},"content":{"rendered":"<p>&nbsp;<\/p>\n<p>&nbsp;<\/p>\n<p>&nbsp;<\/p>\n<p>&nbsp;<\/p>\n<p>&nbsp;<\/p>\n<p>&nbsp;<\/p>\n<p style=\"text-align: center;\"><span style=\"font-family: times new roman, times, serif; font-size: 36pt;\"><strong>Carnage, massacre social ! 1.25 milliards de gens risquent de perdre leur travail !<\/strong><\/span><\/p>\n<p>&nbsp;<\/p>\n<p style=\"text-align: center;\"><span style=\"font-family: times new roman, times, serif; font-size: 18pt;\"><strong>Charles Sannat \u2013 <em>Insolentiae <\/em>\u2013 8.4.2020<\/strong><\/span><\/p>\n<p style=\"text-align: justify;\"><span style=\"font-family: times new roman, times, serif; font-size: 18pt;\"><strong>\u00a0<\/strong><\/span><\/p>\n<p>&nbsp;<\/p>\n<p style=\"text-align: center;\"><span style=\"font-family: times new roman, times, serif; font-size: 14pt;\"><strong>\u00a0<a href=\"http:\/\/blog.lesgrossesorchadeslesamplesthalameges.fr\/wp-content\/uploads\/2020\/04\/CHOMEUR-1.png\"><img loading=\"lazy\" class=\"alignnone wp-image-9562 size-full\" src=\"http:\/\/blog.lesgrossesorchadeslesamplesthalameges.fr\/wp-content\/uploads\/2020\/04\/CHOMEUR-1.png\" alt=\"\" width=\"600\" height=\"429\" srcset=\"https:\/\/blog.lesgrossesorchadeslesamplesthalameges.fr\/wp-content\/uploads\/2020\/04\/CHOMEUR-1.png 600w, https:\/\/blog.lesgrossesorchadeslesamplesthalameges.fr\/wp-content\/uploads\/2020\/04\/CHOMEUR-1-300x215.png 300w\" sizes=\"(max-width: 600px) 100vw, 600px\" \/><\/a><\/strong><\/span><\/p>\n<p style=\"text-align: justify;\"><span style=\"font-family: times new roman, times, serif; font-size: 14pt;\"><strong>\u00a0<\/strong><\/span><\/p>\n<p>&nbsp;<\/p>\n<p style=\"text-align: justify;\"><span style=\"font-family: tahoma, arial, helvetica, sans-serif; font-size: 14pt;\"><strong>C\u2019est un article du Figaro qui revient sur les derni\u00e8res pr\u00e9visions et les derni\u00e8res inqui\u00e9tudes de l\u2019OIT, l\u2019organisation internationale du travail.<\/strong><\/span><\/p>\n<p>&nbsp;<\/p>\n<p style=\"text-align: justify;\"><span style=\"font-family: times new roman, times, serif; font-size: 14pt;\">La situation est tr\u00e8s, tr\u00e8s d\u00e9licate, et les estimations tr\u00e8s sombres. Pour l\u2019OIT jusqu\u2019\u00e0 1.25 milliards de travailleurs dans leur monde pourraient perdre leur travail suite \u00e0 la pand\u00e9mie de Covid, c\u2019est \u00e9videmment un massacre \u00e0 la tron\u00e7onneuse sociale. L\u2019OIT parle de 25 millions de nouveaux chomeurs aux Etats-Unis par exemple.<\/span><\/p>\n<p style=\"text-align: justify;\"><span style=\"font-family: times new roman, times, serif; font-size: 14pt;\">Surveillez le ch\u00f4mage, c\u2019est la variable clef pour cerner le niveau du tsunami \u00e9conomique qui va nous frapper et c\u2019est ce niveau de ch\u00f4mage qui va nous permettre d\u2019anticiper et de d\u00e9finir la hauteur de la vague.<\/span><\/p>\n<p>&nbsp;<\/p>\n<p style=\"text-align: justify; padding-left: 90px;\"><span style=\"font-family: times new roman, times, serif; font-size: 14pt;\"><em>\u00ab\u00a0L\u2019OIT pointe les secteurs les plus \u00e0 risque, le transport, les services d\u2019h\u00f4tellerie et de restauration, l\u2019industrie manufacturi\u00e8re, et le commerce de d\u00e9tail. Cela concerne 1,25 milliard de travailleurs expos\u00e9s \u00e0 des licenciements, pertes d\u2019activit\u00e9 et de revenus. Si l\u2019OIT suit en temps r\u00e9el l\u2019\u00e9volution, ses experts n\u2019avancent pas de pr\u00e9vision de ch\u00f4mage sur l\u2019ann\u00e9e. \u00ab Cela d\u00e9pend de la ma\u00eetrise de la pand\u00e9mie et du rythme de sortie du confinement \u00bb, explique Guy Ryder qui appelle \u00e0 des mesures d\u2019urgence. \u00ab Des efforts importants ont \u00e9t\u00e9 consentis au niveau national dans les \u00e9conomies d\u00e9velopp\u00e9es pour limiter l\u2019impact \u00e9conomique et social mais il manque une v\u00e9ritable coordination internationale, comme on l\u2019a vu en 2008 au sein du G20, et surtout une solidarit\u00e9 envers les pays en d\u00e9veloppement qui n\u2019ont pas les ressources \u00e0 disposition \u00bb. Les \u00c9tats ont appris de la grande r\u00e9cession, cherchent \u00e0 \u00e9viter les licenciements secs en \u00ad\u00e9largissant l\u2019acc\u00e8s du ch\u00f4mage partiel, en particulier aux PME plus vuln\u00e9rables. L\u2019Allemagne a fait figure d\u2019exemple en 2008 avec le Kurzarbeit\u00a0: <\/em><\/span><\/p>\n<p style=\"text-align: justify;\"><span style=\"font-family: times new roman, times, serif; font-size: 14pt;\"><em>\u00a0<\/em><\/span><\/p>\n<p style=\"text-align: justify; padding-left: 180px;\"><span style=\"font-family: times new roman, times, serif; font-size: 14pt;\"><em>\u00ab Les entreprises ont beaucoup mieux r\u00e9cup\u00e9r\u00e9 de la crise. Il y a une logique \u00e9conomique et aussi sociale \u00e0 aider les personnes \u00e0 surmonter la crise \u00bb, argue Guy Ryder. Cela permet aussi de pr\u00e9server les comp\u00e9tences\u00a0\u00bb<\/em>.<\/span><\/p>\n<p>&nbsp;<\/p>\n<p style=\"text-align: justify;\"><span style=\"font-family: times new roman, times, serif; font-size: 14pt;\">Source\u00a0: <a href=\"https:\/\/insolentiae.com\/massacre-social-chomage-1-milliard\/\">https:\/\/insolentiae.com\/massacre-social-chomage-1-milliard\/<\/a><\/span><\/p>\n<p style=\"text-align: justify;\"><span style=\"font-family: times new roman, times, serif; font-size: 14pt;\">Source d\u2019origine\u00a0: <\/span><a href=\"https:\/\/www.lefigaro.fr\/social\/coronavirus-1-25-milliard-de-travailleurs-courent-un-risque-de-licenciement-ou-de-reduction-de-salaire-selon-l-oit-20200407\"><span style=\"font-family: times new roman, times, serif; font-size: 14pt;\">https:\/\/www.lefigaro.fr\/social\/coronavirus-1-25-milliard-de-travailleurs-courent-un-risque-de-licenciement-ou-de-reduction-de-salaire-selon-l-oit-20200407<\/span><\/a><\/p>\n<p><span style=\"font-family: times new roman, times, serif; font-size: 14pt;\"><strong>URL de cet article :<\/strong> <a href=\"http:\/\/blog.lesgrossesorchadeslesamplesthalameges.fr\/index.php\/carnage-massacre-social\/\">http:\/\/blog.lesgrossesorchadeslesamplesthalameges.fr\/index.php\/carnage-massacre-social\/<\/a><\/span><\/p>\n<p>&nbsp;<\/p>\n<p>&nbsp;<\/p>\n<p style=\"text-align: center;\"><a href=\"http:\/\/blog.lesgrossesorchadeslesamplesthalameges.fr\/wp-content\/uploads\/2020\/04\/dictature-Petit-GIF.gif\"><img loading=\"lazy\" class=\"alignnone wp-image-9568\" src=\"http:\/\/blog.lesgrossesorchadeslesamplesthalameges.fr\/wp-content\/uploads\/2020\/04\/dictature-Petit-GIF.gif\" alt=\"\" width=\"200\" height=\"87\" \/><\/a><\/p>\n<p>&nbsp;<\/p>\n<p>&nbsp;<\/p>\n<p style=\"text-align: right;\"><span style=\"font-family: comic sans ms, sans-serif; font-size: 14pt;\">Avril 2020<\/span><\/p>\n<p>&nbsp;<\/p>\n","protected":false},"excerpt":{"rendered":"<p>&nbsp; &nbsp; &nbsp; &nbsp; &nbsp; &nbsp; Carnage, massacre social ! 1.25 milliards de gens risquent de perdre leur travail ! &nbsp; Charles Sannat \u2013 Insolentiae \u2013 8.4.2020 \u00a0 &nbsp; \u00a0 \u00a0 &nbsp; C\u2019est un article du Figaro qui revient sur les derni\u00e8res pr\u00e9visions et les derni\u00e8res inqui\u00e9tudes de l\u2019OIT, l\u2019organisation internationale du travail. &nbsp; La&#8230;<\/p>\n","protected":false},"author":1,"featured_media":0,"parent":0,"menu_order":0,"comment_status":"open","ping_status":"open","template":"","meta":[],"_links":{"self":[{"href":"https:\/\/blog.lesgrossesorchadeslesamplesthalameges.fr\/index.php\/wp-json\/wp\/v2\/pages\/9561"}],"collection":[{"href":"https:\/\/blog.lesgrossesorchadeslesamplesthalameges.fr\/index.php\/wp-json\/wp\/v2\/pages"}],"about":[{"href":"https:\/\/blog.lesgrossesorchadeslesamplesthalameges.fr\/index.php\/wp-json\/wp\/v2\/types\/page"}],"author":[{"embeddable":true,"href":"https:\/\/blog.lesgrossesorchadeslesamplesthalameges.fr\/index.php\/wp-json\/wp\/v2\/users\/1"}],"replies":[{"embeddable":true,"href":"https:\/\/blog.lesgrossesorchadeslesamplesthalameges.fr\/index.php\/wp-json\/wp\/v2\/comments?post=9561"}],"version-history":[{"count":0,"href":"https:\/\/blog.lesgrossesorchadeslesamplesthalameges.fr\/index.php\/wp-json\/wp\/v2\/pages\/9561\/revisions"}],"wp:attachment":[{"href":"https:\/\/blog.lesgrossesorchadeslesamplesthalameges.fr\/index.php\/wp-json\/wp\/v2\/media?parent=9561"}],"curies":[{"name":"wp","href":"https:\/\/api.w.org\/{rel}","templated":true}]}}