{"id":9571,"date":"2020-04-11T21:14:00","date_gmt":"2020-04-11T19:14:00","guid":{"rendered":"http:\/\/blog.lesgrossesorchadeslesamplesthalameges.fr\/?page_id=9571"},"modified":"2020-04-11T21:14:52","modified_gmt":"2020-04-11T19:14:52","slug":"lotan-en-armes-pour-combattre-le-coronavirus","status":"publish","type":"page","link":"https:\/\/blog.lesgrossesorchadeslesamplesthalameges.fr\/index.php\/lotan-en-armes-pour-combattre-le-coronavirus\/","title":{"rendered":"L&rsquo;OTAN en armes \u00ab\u00a0pour combattre le coronavirus\u00a0\u00bb"},"content":{"rendered":"<p>&nbsp;<\/p>\n<p>&nbsp;<\/p>\n<p>&nbsp;<\/p>\n<p>&nbsp;<\/p>\n<p>&nbsp;<\/p>\n<p style=\"text-align: center;\"><strong><span style=\"font-family: times new roman, times, serif; font-size: 14pt; color: #c00000;\"><em>L\u2019Art de la guerre<\/em><\/span><\/strong><\/p>\n<p style=\"text-align: center;\"><span style=\"font-family: times new roman, times, serif; font-size: 36pt;\"><strong>L\u2019OTAN en armes pour \u00ab\u00a0combattre le coronavirus\u00a0\u00bb<\/strong><\/span><\/p>\n<p>&nbsp;<\/p>\n<p style=\"text-align: center;\"><span style=\"font-family: times new roman, times, serif; font-size: 18pt;\"><strong>Manlio Dinucci \u2013 <\/strong><a href=\"https:\/\/ilmanifesto.it\/la-nato-in-armi-per-combattere-il-coronavirus\/\"><strong><em>il manifesto<\/em><\/strong><\/a><strong> \u2013 7.4.2020<\/strong><\/span><\/p>\n<p style=\"text-align: center;\"><span style=\"font-family: times new roman, times, serif; font-size: 18pt;\">Traduction\u00a0:<strong> Marie-Ange Patrizio<\/strong><\/span><\/p>\n<p><span style=\"font-family: times new roman, times, serif; font-size: 14pt;\"><strong>\u00a0<\/strong><\/span><\/p>\n<p>&nbsp;<\/p>\n<p style=\"text-align: center;\"><span style=\"font-family: times new roman, times, serif; font-size: 14pt;\"><strong><iframe loading=\"lazy\" src=\"\/\/www.youtube.com\/embed\/vdGS3Hcx62U\" width=\"560\" height=\"315\" frameborder=\"0\" allowfullscreen=\"allowfullscreen\"><\/iframe><\/strong><\/span><\/p>\n<p style=\"text-align: center;\"><span style=\"font-family: times new roman, times, serif; font-size: 14pt;\"><strong><em>Le <\/em>Dixmude<em> \u00ab\u00a0plus gros navire de guerre fran\u00e7ais apr\u00e8s le porte-avions Charles-De-Gaulle\u00a0\u00bb est un navire d\u2019assaut amphibie porte-h\u00e9licopt\u00e8res, actuellement en route vers les Cara\u00efbes, o\u00f9 il va combattre l\u2019agression du corono-venezuelo-cubano-virus<\/em><\/strong><\/span><\/p>\n<p><span style=\"font-family: times new roman, times, serif; font-size: 14pt;\"><strong><em>\u00a0<\/em><\/strong><\/span><\/p>\n<p>&nbsp;<\/p>\n<p style=\"text-align: center;\"><span style=\"font-family: times new roman, times, serif;\"><strong><span style=\"font-size: 18pt;\">Le m\u00eame en route<\/span><\/strong><\/span><\/p>\n<p style=\"text-align: center;\"><span style=\"font-family: times new roman, times, serif; font-size: 14pt;\"><strong><em><a href=\"http:\/\/blog.lesgrossesorchadeslesamplesthalameges.fr\/wp-content\/uploads\/2020\/04\/0.-freccia-nera-piccola-xx-3.gif\"><img loading=\"lazy\" class=\"alignnone size-full wp-image-9573\" src=\"http:\/\/blog.lesgrossesorchadeslesamplesthalameges.fr\/wp-content\/uploads\/2020\/04\/0.-freccia-nera-piccola-xx-3.gif\" alt=\"\" width=\"46\" height=\"46\" \/><\/a><\/em><\/strong><\/span><\/p>\n<p style=\"text-align: center;\"><span style=\"font-family: times new roman, times, serif; font-size: 14pt;\"><a href=\"https:\/\/www.newsflare.com\/video\/68259\/conflict-disaster\/dixmude-l9015-is-an-amphibious-assault-ship-a-type-of-helicopter-carrier-of-the-french-navy-leaves-plymouth-devon-this-evening?jwsource=cl\"><strong>https:\/\/www.newsflare.com\/video\/68259\/conflict-disaster\/dixmude-l9015-is-an-amphibious-assault-ship-a-type-of-helicopter-carrier-of-the-french-navy-leaves-plymouth-devon-this-evening?jwsource=cl<\/strong><\/a><\/span><\/p>\n<p><span style=\"font-family: times new roman, times, serif; font-size: 14pt;\"><strong><em>\u00a0<\/em><\/strong><\/span><\/p>\n<p>&nbsp;<\/p>\n<p style=\"text-align: justify;\"><strong><span style=\"font-family: tahoma, arial, helvetica, sans-serif; font-size: 14pt;\">Les 30 ministres des Affaires \u00e9trang\u00e8res de l\u2019OTAN (pour l\u2019Italie Luigi Di Maio), r\u00e9unis le 2 avril en vid\u00e9oconf\u00e9rence, ont charg\u00e9 le g\u00e9n\u00e9ral USA Tod Wolters, Commandant Supr\u00eame Alli\u00e9 en Europe, de \u00ab\u00a0coordonner l\u2019appui militaire n\u00e9cessaire pour combattre la crise du coronavirus\u00a0\u00bb. C\u2019est ce m\u00eame g\u00e9n\u00e9ral qui, au S\u00e9nat des \u00c9tats-Unis le 25 f\u00e9vrier, a d\u00e9clar\u00e9 que \u00ab\u00a0les forces nucl\u00e9aires soutiennent toute op\u00e9ration militaire USA en Europe\u00a0\u00bb et que lui-m\u00eame \u00ab\u00a0soutient une politique flexible de la premi\u00e8re utilisation\u00a0\u00bb des armes nucl\u00e9aires, c\u2019est-\u00e0-dire de l\u2019attaque nucl\u00e9aire par surprise (\u00ab\u00a0Le Dr Folamour veille sur notre sant\u00e9\u00a0\u00bb, <em>il manifesto<\/em>, 24 mars).<\/span><\/strong><\/p>\n<p style=\"text-align: justify;\"><span style=\"font-family: times new roman, times, serif; font-size: 14pt;\">Le g\u00e9n\u00e9ral Wolters est commandant supr\u00eame de l\u2019OTAN en tant que chef du Commandement Europ\u00e9en des \u00c9tats-Unis. Il fait donc partie de la cha\u00eene de commandement du Pentagone, qui a la priorit\u00e9 absolue. Un r\u00e9cent \u00e9pisode confirme quelles en sont ses rigides r\u00e8gles : le capitaine du porte-avions Roosevelt, Brett Crozier, a \u00e9t\u00e9 d\u00e9mis de son commandement parce que, face \u00e0 la diffusion du coronavirus \u00e0 bord, il a viol\u00e9 le secret militaire en sollicitant l\u2019envoi d\u2019aides.\u00a0<\/span><\/p>\n<p style=\"text-align: justify;\"><span style=\"font-family: times new roman, times, serif; font-size: 14pt;\">Pour \u00ab\u00a0combattre la crise du coronavirus\u00a0\u00bb le g\u00e9n\u00e9ral Wolters dispose de \u00ab\u00a0couloirs pr\u00e9f\u00e9rentiels pour des vols militaires \u00e0 travers l\u2019espace a\u00e9rien europ\u00e9en\u00a0\u00bb, d\u2019o\u00f9 ont quasiment disparu les vols civils. Des couloirs pr\u00e9f\u00e9rentiels sont aussi utilis\u00e9s par les bombardiers USA d\u2019attaque nucl\u00e9aire B2-Spirit : le 20 mars, ayant d\u00e9coll\u00e9 de Fairford en Angleterre, ils sont all\u00e9s, avec des chasseurs norv\u00e9giens F-16, jusque sur l\u2019Arctique vers le territoire russe. De cette fa\u00e7on \u2013explique le g\u00e9n\u00e9ral Basham des Forces a\u00e9riennes USA en Europe \u2013 \u00ab\u00a0nous pouvons r\u00e9pondre avec rapidit\u00e9 et efficience aux menaces dans la r\u00e9gion, en montrant notre d\u00e9termination \u00e0 porter n\u2019importe o\u00f9 dans le monde notre puissance de combat\u00a0\u00bb.<\/span><\/p>\n<p style=\"text-align: justify;\"><span style=\"font-family: times new roman, times, serif; font-size: 14pt;\">Pendant que l\u2019OTAN est engag\u00e9e \u00e0 \u00ab\u00a0combattre le coronavirus\u00a0\u00bb en Europe, deux des plus grands Alli\u00e9s europ\u00e9ens, la France et la Grande-Bretagne, envoient leurs navires de guerre dans les Cara\u00efbes. Le navire d\u2019assaut amphibie <em>Dixmude<\/em> a lev\u00e9 l\u2019ancre le 3 avril de Toulon vers la Guyane fran\u00e7aise pour ce que le pr\u00e9sident Macron d\u00e9finit comme \u00ab\u00a0une op\u00e9ration militaire sans pr\u00e9c\u00e9dent\u00a0\u00bb nomm\u00e9e \u00ab\u00a0R\u00e9silience\u00a0\u00bb, dans le cadre de la \u00ab\u00a0guerre au coronavirus\u00a0\u00bb. Le <em>Dixmude<\/em> peut jouer le r\u00f4le secondaire de navire h\u00f4pital avec 69 lits, dont 7 pour th\u00e9rapies intensives. Le r\u00f4le premier de ce grand navire, long de 200m et avec un pont de vol de 5.000m<sup>2<\/sup>, est celui de l\u2019assaut amphibie : une fois proche de la c\u00f4te ennemie, il attaque avec des dizaines d\u2019h\u00e9licopt\u00e8res et v\u00e9hicules de d\u00e9barquement qui transportent des troupes et des v\u00e9hicules blind\u00e9s. Caract\u00e9ristiques analogues, bien qu\u2019\u00e0 \u00e9chelle moindre, pour le navire britannique <em>RFA Argus<\/em>, qui a pris la mer le 2 avril vers la Guyane britannique.<\/span><\/p>\n<p style=\"text-align: justify;\"><span style=\"font-family: times new roman, times, serif; font-size: 14pt;\">Les deux navires europ\u00e9ens se positionneront dans les m\u00eames eaux carib\u00e9ennes \u00e0 proximit\u00e9 du Venezuela : c\u2019est l\u00e0 qu\u2019arrive la flotte de guerre \u2013 avec les plus modernes navires de combat de littoral (construites aussi par l\u2019italienne Leonardo pour l\u2019US Navy) et des milliers de marines \u2013 envoy\u00e9e par le pr\u00e9sident Trump, officiellement\u00a0: \u00ab\u00a0pour bloquer le narcotrafic\u00a0\u00bb. Trump accuse le pr\u00e9sident v\u00e9n\u00e9zu\u00e9lien Maduro de \u00ab\u00a0profiter de la crise du coronavirus pour accro\u00eetre le trafic de drogue par lequel il finance son narco-\u00c9tat\u00a0\u00bb. L\u2019objectif de l\u2019op\u00e9ration, appuy\u00e9e par l\u2019OTAN, est de renforcer l\u2019\u00e9tau de l\u2019embargo pour \u00e9trangler \u00e9conomiquement le Venezuela (pays qui a les plus grandes r\u00e9serves p\u00e9trolif\u00e8res du monde), dont la situation est aggrav\u00e9e par le coronavirus qui a commenc\u00e9 \u00e0 se propager.<\/span><\/p>\n<p style=\"text-align: justify;\"><span style=\"font-family: times new roman, times, serif; font-size: 14pt;\">L\u2019objectif est de d\u00e9poser le pr\u00e9sident Maduro r\u00e9guli\u00e8rement \u00e9lu (dont la t\u00eate a \u00e9t\u00e9 mise \u00e0 prix pour 15 millions de dollars) et d\u2019instaurer un gouvernement qui am\u00e8ne le pays dans la sph\u00e8re de domination USA.<\/span><\/p>\n<p style=\"text-align: justify;\"><span style=\"font-family: times new roman, times, serif; font-size: 14pt;\">Il n\u2019est pas exclus que puisse \u00eatre provoqu\u00e9 un incident qui serve de pr\u00e9texte pour l\u2019invasion du Venezuela. La crise du coronavirus cr\u00e9e des conditions internationales favorables \u00e0 une op\u00e9ration de ce type, \u00e9ventuellement pr\u00e9sent\u00e9e comme \u00ab\u00a0humanitaire\u00a0\u00bb.<\/span><\/p>\n<p>&nbsp;<\/p>\n<p><span style=\"font-family: times new roman, times, serif; font-size: 14pt;\">\u00c9dition de mardi 7 avril 2020 d\u2019<em>il manifesto<\/em><\/span><\/p>\n<p><span style=\"font-family: times new roman, times, serif; font-size: 14pt;\"><a href=\"https:\/\/ilmanifesto.it\/la-nato-in-armi-per-combattere-il-coronavirus\/\">https:\/\/ilmanifesto.it\/la-nato-in-armi-per-combattere-il-coronavirus\/<\/a><em>\u00a0<\/em><\/span><\/p>\n<p><span style=\"font-family: times new roman, times, serif; font-size: 14pt;\"><em>\u00a0<\/em><\/span><\/p>\n<p style=\"text-align: left;\"><span style=\"font-family: times new roman, times, serif; font-size: 14pt;\"><strong>URL de cet article\u00a0: <\/strong><a href=\"http:\/\/blog.lesgrossesorchadeslesamplesthalameges.fr\/index.php\/lotan-en-armes-pour-combattre-le-coronavirus\/\">http:\/\/blog.lesgrossesorchadeslesamplesthalameges.fr\/index.php\/lotan-en-armes-pour-combattre-le-coronavirus\/<\/a><br \/>\n<\/span><\/p>\n<p>&nbsp;<\/p>\n<p>&nbsp;<\/p>\n<p style=\"text-align: center;\"><a href=\"http:\/\/blog.lesgrossesorchadeslesamplesthalameges.fr\/wp-content\/uploads\/2020\/04\/dictature-Petit-GIF.gif\"><img loading=\"lazy\" class=\"alignnone size-full wp-image-9568\" src=\"http:\/\/blog.lesgrossesorchadeslesamplesthalameges.fr\/wp-content\/uploads\/2020\/04\/dictature-Petit-GIF.gif\" alt=\"\" width=\"200\" height=\"87\" \/><\/a><\/p>\n<p>&nbsp;<\/p>\n<p>&nbsp;<\/p>\n<p style=\"text-align: right;\"><span style=\"font-family: comic sans ms, sans-serif; font-size: 14pt;\">Avril 2020<\/span><\/p>\n<p>&nbsp;<\/p>\n<p>&nbsp;<\/p>\n","protected":false},"excerpt":{"rendered":"<p>&nbsp; &nbsp; &nbsp; &nbsp; &nbsp; L\u2019Art de la guerre L\u2019OTAN en armes pour \u00ab\u00a0combattre le coronavirus\u00a0\u00bb &nbsp; Manlio Dinucci \u2013 il manifesto \u2013 7.4.2020 Traduction\u00a0: Marie-Ange Patrizio \u00a0 &nbsp; Le Dixmude \u00ab\u00a0plus gros navire de guerre fran\u00e7ais apr\u00e8s le porte-avions Charles-De-Gaulle\u00a0\u00bb est un navire d\u2019assaut amphibie porte-h\u00e9licopt\u00e8res, actuellement en route vers les Cara\u00efbes, o\u00f9 il&#8230;<\/p>\n","protected":false},"author":1,"featured_media":0,"parent":0,"menu_order":0,"comment_status":"open","ping_status":"open","template":"","meta":[],"_links":{"self":[{"href":"https:\/\/blog.lesgrossesorchadeslesamplesthalameges.fr\/index.php\/wp-json\/wp\/v2\/pages\/9571"}],"collection":[{"href":"https:\/\/blog.lesgrossesorchadeslesamplesthalameges.fr\/index.php\/wp-json\/wp\/v2\/pages"}],"about":[{"href":"https:\/\/blog.lesgrossesorchadeslesamplesthalameges.fr\/index.php\/wp-json\/wp\/v2\/types\/page"}],"author":[{"embeddable":true,"href":"https:\/\/blog.lesgrossesorchadeslesamplesthalameges.fr\/index.php\/wp-json\/wp\/v2\/users\/1"}],"replies":[{"embeddable":true,"href":"https:\/\/blog.lesgrossesorchadeslesamplesthalameges.fr\/index.php\/wp-json\/wp\/v2\/comments?post=9571"}],"version-history":[{"count":0,"href":"https:\/\/blog.lesgrossesorchadeslesamplesthalameges.fr\/index.php\/wp-json\/wp\/v2\/pages\/9571\/revisions"}],"wp:attachment":[{"href":"https:\/\/blog.lesgrossesorchadeslesamplesthalameges.fr\/index.php\/wp-json\/wp\/v2\/media?parent=9571"}],"curies":[{"name":"wp","href":"https:\/\/api.w.org\/{rel}","templated":true}]}}