{"id":9580,"date":"2020-04-11T21:50:46","date_gmt":"2020-04-11T19:50:46","guid":{"rendered":"http:\/\/blog.lesgrossesorchadeslesamplesthalameges.fr\/?page_id=9580"},"modified":"2020-04-12T01:41:44","modified_gmt":"2020-04-11T23:41:44","slug":"bill-gates-franchit-le-rubicon-numerique","status":"publish","type":"page","link":"https:\/\/blog.lesgrossesorchadeslesamplesthalameges.fr\/index.php\/bill-gates-franchit-le-rubicon-numerique\/","title":{"rendered":"Bill Gates franchit le Rubicon num\u00e9rique"},"content":{"rendered":"<p>&nbsp;<\/p>\n<p>&nbsp;<\/p>\n<p>&nbsp;<\/p>\n<p>&nbsp;<\/p>\n<p>&nbsp;<\/p>\n<p style=\"text-align: left;\"><span style=\"font-family: times new roman, times, serif; font-size: 18pt; color: #c00000;\"><strong><em>\u00a0\u00ab\u00a0Qui t\u2019a fait roi\u00a0?\u00a0\u00bb s\u2019\u00e9crie quelqu\u2019un. Les Zuniens perdraient-ils le respect qu\u2019ils doivent \u00e0 leurs \u00e9lites\u00a0?<\/em><\/strong><\/span><\/p>\n<p>&nbsp;<\/p>\n<p>&nbsp;<\/p>\n<p style=\"text-align: center;\"><span style=\"font-family: times new roman, times, serif; font-size: 36pt;\"><strong>Bill Gates franchit le Rubicon num\u00e9rique\u00a0: Plus question de rassemblements de masse tant que la plan\u00e8te enti\u00e8re n\u2019aura pas \u00e9t\u00e9 vaccin\u00e9e\u00a0!<\/strong><\/span><\/p>\n<p style=\"text-align: justify;\"><span style=\"font-family: times new roman, times, serif; font-size: 14pt;\"><strong>\u00a0<\/strong><\/span><\/p>\n<p style=\"text-align: center;\"><span style=\"font-family: times new roman, times, serif; font-size: 18pt;\"><strong>Robert Bridge \u2013 <em>Strategic Culture Foundation<\/em><\/strong><\/span><\/p>\n<p style=\"text-align: center;\"><span style=\"font-family: times new roman, times, serif; font-size: 18pt;\">via<strong> <em>TheDuran<\/em> \u2013 8.4.2020<\/strong><\/span><\/p>\n<p style=\"text-align: center;\"><span style=\"font-family: times new roman, times, serif; font-size: 18pt;\"><strong>\u00a0<\/strong><\/span><\/p>\n<p style=\"text-align: justify;\"><span style=\"font-family: times new roman, times, serif; font-size: 14pt;\"><strong>\u00a0<\/strong><\/span><\/p>\n<p style=\"text-align: center;\"><span style=\"font-family: times new roman, times, serif; font-size: 14pt;\"><strong><a href=\"http:\/\/blog.lesgrossesorchadeslesamplesthalameges.fr\/wp-content\/uploads\/2020\/04\/BILL-GATES-1.jpg\"><img loading=\"lazy\" class=\"alignnone wp-image-9582\" src=\"http:\/\/blog.lesgrossesorchadeslesamplesthalameges.fr\/wp-content\/uploads\/2020\/04\/BILL-GATES-1-300x167.jpg\" alt=\"\" width=\"600\" height=\"335\" srcset=\"https:\/\/blog.lesgrossesorchadeslesamplesthalameges.fr\/wp-content\/uploads\/2020\/04\/BILL-GATES-1-300x167.jpg 300w, https:\/\/blog.lesgrossesorchadeslesamplesthalameges.fr\/wp-content\/uploads\/2020\/04\/BILL-GATES-1.jpg 500w\" sizes=\"(max-width: 600px) 100vw, 600px\" \/><\/a><\/strong><\/span><\/p>\n<p>&nbsp;<\/p>\n<p>&nbsp;<\/p>\n<p style=\"text-align: justify;\"><span style=\"font-family: tahoma, arial, helvetica, sans-serif; font-size: 14pt;\"><strong>\u00ab\u00a0Ces craintes ont pris plus de signification encore quand Bill Gates a beno\u00eetement donn\u00e9, ce week-end, une interview \u00e0 couper le souffle \u00e0 CBS. Car, ce matin, Gates a dit \u00e0 son h\u00f4te Anthony Mason que les rassemblements de masse pourraient se voir interdire \u00e0 l\u2019\u00e2ge du Coronavirus, \u00e0 moins et pas avant qu\u2019une vaccination \u00e0 l\u2019\u00e9chelle plan\u00e9taire ait \u00e9t\u00e9 mise en \u0153uvre\u00a0\u00bb<\/strong><\/span><\/p>\n<p style=\"text-align: justify;\"><span style=\"font-family: tahoma, arial, helvetica, sans-serif; font-size: 14pt;\"><strong>\u00a0<\/strong><\/span><\/p>\n<p style=\"text-align: justify;\"><span style=\"font-family: times new roman, times, serif; font-size: 14pt;\">Un th\u00e8me r\u00e9current chez les th\u00e9oriciens du complot, est que l\u2019\u00e9lite n\u2019attend que le moment opportun pour d\u00e9ployer sa technologie de \u00ab\u00a0marquage de la b\u00eate\u00a0\u00bb, pour pouvoir identifier et contr\u00f4ler \u00e0 distance chaque \u00eatre humain, n\u2019importe o\u00f9 sur la plan\u00e8te, scellant ainsi son plan de gouvernement plan\u00e9taire unique. Et, vu le nombre de gens pr\u00eats \u00e0 tout et \u00e0 n\u2019importe quoi pour pouvoir retrouver un certain degr\u00e9 de normalit\u00e9, ces craintes paraissent de plus en plus justifi\u00e9es avec chaque jour qui passe.<\/span><\/p>\n<p style=\"text-align: justify;\"><span style=\"font-family: times new roman, times, serif; font-size: 14pt;\">Dans le Livre des R\u00e9v\u00e9lations [13\u00a0:16-17], il est un passage qui n\u2019a pas manqu\u00e9 de frapper l\u2019imagination des croyants et des non-croyants, \u00e0 travers les \u00e2ges et sans doute aujourd\u2019hui plus que jamais\u00a0:<\/span><\/p>\n<p>&nbsp;<\/p>\n<p style=\"text-align: justify; padding-left: 90px;\"><span style=\"font-family: times new roman, times, serif; font-size: 14pt;\">\u00ab\u00a0Et il fit que tous, petits et grands, riches et pauvres, libres et esclaves, re\u00e7ussent une marque sur leur main droite ou sur leur front, et qu\u2019aucun ne p\u00fbt vendre ni acheter qu\u2019il ne port\u00e2t la marque\u2026\u00a0\u00bb<\/span><\/p>\n<p>&nbsp;<\/p>\n<p style=\"text-align: justify;\"><span style=\"font-family: times new roman, times, serif; font-size: 14pt;\">Saint Jean fut-il, \u00e0 Patmos, le premier th\u00e9oricien du complot de l\u2019histoire, ou est-ce nous qui passons notre temps, aujourd\u2019hui, \u00e0 proph\u00e9tiser pour nous-m\u00eames\u00a0? Quoi qu\u2019il en soit, beaucoup de gens r\u00e9pugneraient certainement \u00e0 se laisser marquer d\u2019un code identifiant m\u00eame s\u2019il n\u2019en avait jamais \u00e9t\u00e9 question dans les Saintes \u00c9critures. Mais cela n\u2019emp\u00eache certainement pas Bill Gates, fondateur de Microsoft, qui met en garde depuis des ann\u00e9es contre une pand\u00e9mie mondiale, de vouloir nous infliger de force des technologies si controvers\u00e9es.<\/span><\/p>\n<p style=\"text-align: justify;\"><span style=\"font-family: times new roman, times, serif; font-size: 14pt;\">En septembre 2019, trois mois avant que le Coronavirus fasse son apparition en Chine, une soci\u00e9t\u00e9 biom\u00e9trique bas\u00e9e \u00e0 San Francisco, qui compte Microsoft parmi ses membres fondateurs, a tranquillement <a href=\"https:\/\/findbiometrics.com\/new-id2020-project-to-build-biometric-id-program-around-infant-immunization\/\"><strong>annonc\u00e9<\/strong><\/a> qu\u2019elle travaillait sur un nouveau projet impliquant \u00ab\u00a0l\u2019exploration de multiples techniques biom\u00e9triques d\u2019identification des nourrissons\u00a0\u00bb ax\u00e9e sur \u00ab\u00a0l\u2019immunisation infantile\u00a0\u00bb et n\u2019utilisant que les \u00ab\u00a0approches les plus fructueuses\u00a0\u00bb.<\/span><\/p>\n<p>&nbsp;<\/p>\n<p>&nbsp;<\/p>\n<p style=\"text-align: justify; padding-left: 120px;\"><span style=\"font-family: times new roman, times, serif; font-size: 14pt;\"><strong><u><a href=\"https:\/\/twitter.com\/NewsAlternative\">Alternative News<\/a><\/u><\/strong><\/span><\/p>\n<p style=\"text-align: justify; padding-left: 120px;\"><span style=\"font-family: times new roman, times, serif; font-size: 14pt;\"><u><a href=\"https:\/\/twitter.com\/NewsAlternative\">@NewsAlternative<\/a><\/u><\/span><\/p>\n<p style=\"text-align: justify; padding-left: 120px;\"><span style=\"font-family: times new roman, times, serif; font-size: 14pt;\">Dans une nouvelle interview, Bill Gates affirme avec autorit\u00e9 que les rassemblements publics ne reviendront pas \u00ab\u00a0du tout\u00a0\u00bb tant que tout le monde n\u2019aura pas \u00e9t\u00e9 vaccin\u00e9 en masse. Qui l\u2019a fait roi du monde\u00a0? <a href=\"https:\/\/t.co\/siW7bZ9yGc?amp=1\">cbsnews.com\/video\/extended-interview-bill-gates-on-coronavirus-pandemic\/<\/a> \u2026<\/span><\/p>\n<p style=\"text-align: justify; padding-left: 120px;\"><span style=\"font-family: times new roman, times, serif; font-size: 14pt;\">__________________<\/span><\/p>\n<p>&nbsp;<\/p>\n<p>&nbsp;<\/p>\n<p style=\"text-align: justify;\"><span style=\"font-family: times new roman, times, serif; font-size: 14pt;\">Pour qui se demanderait ce que peuvent bien \u00eatre ces \u00ab\u00a0approches les plus fructueuses\u00a0\u00bb, il est n&rsquo;est pas sans int\u00e9r\u00eat de savoir quels sont les principaux concurrents en lice dans cette affaire. Des chercheurs du <em>Massachusetts Institute of Technology<\/em> (MIT) ont mis au point ce qui est essentiellement un tatouage high tech, capable de stocker des donn\u00e9es sous la peau au moyen d\u2019un colorant invisible. La \u00ab\u00a0marque\u00a0\u00bb serait impos\u00e9e au moyen d\u2019un vaccin tr\u00e8s probablement administr\u00e9 par <a href=\"https:\/\/www.gavi.org\/our-alliance\/about\"><strong>Gavi<\/strong><\/a>, l\u2019agence de vaccination plan\u00e9taire, qu\u2019on retrouve \u00e9galement sous le parapluie de la Bill &amp; Melinda Gates Foundation.<\/span><\/p>\n<p style=\"text-align: justify;\"><span style=\"font-family: times new roman, times, serif; font-size: 14pt;\">\u00ab\u00a0Les chercheurs ont montr\u00e9 que leur nouvelle teinture, qui consiste en nanocristaux appel\u00e9s points quantiques, \u00e9met une lumi\u00e8re proche de l\u2019infra-rouge, laquelle est d\u00e9tectable \u00e0 l\u2019aide d\u2019un smartphone sp\u00e9cialement \u00e9quip\u00e9\u00a0\u00bb, <a href=\"http:\/\/news.mit.edu\/2019\/storing-vaccine-history-skin-1218\"><strong>rapporte <em>MIT News<\/em><\/strong><\/a><strong>. <\/strong>Et si le lecteur de l\u2019article en question descend jusqu\u2019en bas, il d\u00e9couvre que cette \u00e9tude a \u00e9t\u00e9, d\u00e8s l\u2019abord et principalement, financ\u00e9e par le Fondation Bill &amp; Melinda Gates.<\/span><\/p>\n<p style=\"text-align: justify;\"><span style=\"font-family: times new roman, times, serif; font-size: 14pt;\">Aujourd\u2019hui, avec l\u2019immobilisation forc\u00e9e de l\u2019\u00e9conomie mondiale de services, dans le but d&#8217;emp\u00eacher d\u2019importants groupes de personnes infect\u00e9es de s\u2019assembler, il devient plus facile d\u2019imaginer le jour o\u00f9 on pourra obliger les gens \u00e0 laisser scanner leur identit\u00e9 tatou\u00e9e avant de pouvoir p\u00e9n\u00e9trer dans n\u2019importe quel endroit public. Et, de l\u00e0, il ne faut plus faire un trop grand effort d\u2019imagination pour voir que la m\u00eame\u00a0nanotechnologie de rep\u00e9rage pourrait \u00eatre utilis\u00e9e dans la totalit\u00e9 de l\u2019\u00e9conomie mondiale, par exemple, pour \u00e9liminer l\u2019utilisation d\u2019argent \u00ab\u00a0sale\u00a0\u00bb. Apr\u00e8s tout, si les sacs r\u00e9utilisables peuvent \u00eatre <a href=\"https:\/\/www.wsj.com\/articles\/the-plastic-bag-ban-backfires-11584399666\"><strong>mis hors la loi<\/strong><\/a> par la pan(ique)d\u00e9mie du Coronavirus, pourquoi l\u2019argent r\u00e9utilisable <em>[physique, NdT]<\/em> aurait-il droit \u00e0 un traitement sp\u00e9cial\u00a0?<\/span><\/p>\n<p style=\"text-align: justify;\"><span style=\"font-family: times new roman, times, serif; font-size: 14pt;\">\u00c9crivant au d\u00e9but de ce mois-ci dans ces pages, l\u2019analyste g\u00e9opolitique Pepe Escobar <strong><a href=\"http:\/\/blog.lesgrossesorchadeslesamplesthalameges.fr\/index.php\/9486-2\/\">avance<\/a><\/strong> un argument irr\u00e9futable lorsqu\u2019il dit que le Coronavirus, qui entra\u00eene le monde vers une Nouvelle Grande D\u00e9pression, est secr\u00e8tement utilis\u00e9 pour dissimuler l\u2019instauration d\u2019un nouveau syst\u00e8me financier num\u00e9rique en bonne et due forme, comprenant une vaccination forc\u00e9e par nanopuce, \u00e0 son tour\u00a0 cr\u00e9atrice d\u2019une nouvelle identit\u00e9, num\u00e9rique elle aussi.\u00a0 En guise de futur sc\u00e9nario possible, Escobar imaginait \u00ab\u00a0des grappes de villes intelligentes (<em>smart cities<\/em>) reli\u00e9es par IA (intelligence artificielle), o\u00f9 les gens seraient contr\u00f4l\u00e9s \u00e0 plein temps et d\u00fbment micropuc\u00e9s, occup\u00e9s \u00e0 faire \u201cce qu\u2019ils doivent\u201d avec une seule monnaie num\u00e9rique unifi\u00e9e\u2026\u00a0\u00bb<\/span><\/p>\n<p style=\"text-align: justify;\"><span style=\"font-family: times new roman, times, serif; font-size: 14pt;\">Ces craintes ont pris plus de signification encore quand Bill Gates a beno\u00eetement donn\u00e9, ce week-end, une interview \u00e0 couper le souffle \u00e0 CBS. Car, ce matin, Gates a dit \u00e0 son h\u00f4te Anthony Mason que les rassemblements de masse pourraient se voir interdire \u00e0 l\u2019\u00e2ge du Coronavirus, \u00e0 moins que et pas avant qu\u2019une vaccination \u00e0 l\u2019\u00e9chelle plan\u00e9taire n\u2019ait \u00e9t\u00e9 mise en \u0153uvre\u00a0\u00bb<\/span><\/p>\n<p style=\"text-align: justify;\"><span style=\"font-family: times new roman, times, serif; font-size: 14pt;\">[\u2026]<\/span><\/p>\n<p>&nbsp;<\/p>\n<p style=\"text-align: center;\"><span style=\"font-family: times new roman, times, serif; font-size: 18pt;\"><strong>On peut voir ici l\u2019int\u00e9gralit\u00e9 de l\u2019interview<\/strong>\u00a0du 2.4.2020<\/span><\/p>\n<p>&nbsp;<\/p>\n<p style=\"text-align: center;\"><iframe loading=\"lazy\" src=\"\/\/www.youtube.com\/embed\/4X-KkQeMMSQ\" width=\"560\" height=\"315\" frameborder=\"0\" allowfullscreen=\"allowfullscreen\"><\/iframe><\/p>\n<p>&nbsp;<\/p>\n<p>&nbsp;<\/p>\n<p style=\"text-align: center;\"><span style=\"font-family: times new roman, times, serif; font-size: 18pt;\"><strong>Texte de l&rsquo;interview en anglais :<\/strong><\/span><\/p>\n<p style=\"text-align: center;\"><a href=\"http:\/\/blog.lesgrossesorchadeslesamplesthalameges.fr\/wp-content\/uploads\/2020\/04\/0.-freccia-nera-piccola-xx-3.gif\"><img loading=\"lazy\" class=\"alignnone size-full wp-image-9573\" src=\"http:\/\/blog.lesgrossesorchadeslesamplesthalameges.fr\/wp-content\/uploads\/2020\/04\/0.-freccia-nera-piccola-xx-3.gif\" alt=\"\" width=\"46\" height=\"46\" \/><\/a><\/p>\n<p style=\"text-align: center;\"><a href=\"https:\/\/www.cbsnews.com\/news\/coronavirus-microsoft-founder-bill-gates-federal-order-social-isolation-combat-pandemic\/\"><span style=\"font-family: times new roman, times, serif; font-size: 14pt;\"><strong>https:\/\/www.cbsnews.com\/news\/coronavirus-microsoft-founder-bill-gates-federal-order-social-isolation-combat-pandemic\/<\/strong><\/span><\/a><\/p>\n<p style=\"text-align: justify;\"><span style=\"font-family: times new roman, times, serif; font-size: 14pt;\"><strong>\u00a0<\/strong><\/span><\/p>\n<p>&nbsp;<\/p>\n<p style=\"text-align: justify;\"><span style=\"font-family: times new roman, times, serif; font-size: 14pt;\">Selon Gates, tout ce qui peut \u00eatre d\u00e9fini \u00ab\u00a0rassemblement de masse \u2013 des spectateurs emplissant un stade pour n\u2019importe quel \u00e9v\u00e9nement sportif aux manifestants descendus dans les rues pour protester contre quelque chose \u2013 doit d\u00e9sormais \u00eatre consid\u00e9r\u00e9 comme un acte de d\u00e9sob\u00e9issance civile, s\u2019il n\u2019est assorti d\u2019un vaccin. Il est peu surprenant que Gates choisisse le concept de \u00ab\u00a0rassemblement de masse\u00a0\u00bb pour nous coincer tous, car qu\u2019est-ce qu\u2019une soci\u00e9t\u00e9 d\u00e9mocratique moderne sinon un rassemblement de masse apr\u00e8s l\u2019autre\u00a0? De fait, vu que personne ne tiendrait \u00e0 manquer un \u00e9v\u00e9nement important comme le Super Bowl, le Comic-Con ou \u2013 Dieu nous assiste\u00a0! \u2013 l\u2019Eurovision, des millions de gens ne pourraient manquer de faire la queue sur des kilom\u00e8tres pour recevoir leur petite inoculation patronn\u00e9e par Micrfosoft, quand bien m\u00eame elle comporterait des technologies d\u2019espionnage.<\/span><\/p>\n<p>&nbsp;<\/p>\n<p>&nbsp;<\/p>\n<p style=\"text-align: justify; padding-left: 120px;\"><span style=\"font-family: times new roman, times, serif; font-size: 14pt;\"><strong>Roosh<\/strong><\/span><\/p>\n<p style=\"text-align: justify; padding-left: 120px;\"><span style=\"font-family: times new roman, times, serif; font-size: 14pt;\">MIT travaille \u00e0 un tatouage quantique qui vous marquera d\u2019une identit\u00e9 invisible tout en vous inoculant un\u00a0 vaccin. Devinez qui a financ\u00e9 le projet\u00a0? <a href=\"https:\/\/t.co\/ZEWqCUVGwI\">http:\/\/news.mit.edu\/2019\/storing-vaccine-history-skin-1218\u00a0\u2026<\/a><\/span><\/p>\n<p>&nbsp;<\/p>\n<p><a href=\"http:\/\/blog.lesgrossesorchadeslesamplesthalameges.fr\/wp-content\/uploads\/2020\/04\/ROOSH.jpg\"><img loading=\"lazy\" class=\"wp-image-9593 aligncenter\" src=\"http:\/\/blog.lesgrossesorchadeslesamplesthalameges.fr\/wp-content\/uploads\/2020\/04\/ROOSH.jpg\" alt=\"\" width=\"350\" height=\"233\" \/><\/a><\/p>\n<p>&nbsp;<\/p>\n<p style=\"text-align: justify; padding-left: 120px;\"><span style=\"font-family: times new roman, times, serif; font-size: 14pt;\">Les ing\u00e9nieurs du MIT ont d\u00e9velopp\u00e9 un moyen de stocker\u00a0 des informations m\u00e9dicales sous la peau en utilisant un colorant \u00e0 points quantiques, administr\u00e9 avec un vaccin par un tampon \u00e0 micro-aiguilles. Le colorant, invisible \u00e0 l\u2019\u0153il nu, peut \u00eatre lu au moyen d\u2019un smartphone sp\u00e9cialement con\u00e7u.<\/span><\/p>\n<p style=\"text-align: justify; padding-left: 120px;\"><span style=\"font-family: times new roman, times, serif; font-size: 14pt;\"><strong>Cette recherche a \u00e9t\u00e9 financ\u00e9e par la Fondation Bill &amp; Melinda Gates et a re\u00e7u la subvention \u00ab\u00a0Institut Koch\u00a0\u00bb de l\u2019Institut National du Cancer.<\/strong><\/span><\/p>\n<p style=\"text-align: justify;\"><span style=\"font-family: times new roman, times, serif; font-size: 14pt;\"><strong>\u00a0<\/strong><\/span><\/p>\n<p style=\"text-align: justify; padding-left: 120px;\"><span style=\"font-family: times new roman, times, serif; font-size: 14pt;\"><strong>R\u00e9ponse \u00e0 Roosh\u00a0:<\/strong><\/span><\/p>\n<p style=\"text-align: justify; padding-left: 120px;\"><span style=\"font-family: times new roman, times, serif; font-size: 14pt;\">Les m\u00e9dias, les laboratoires et les professeurs du MIT ont aussi re\u00e7u des contributions massives d\u2019Epstein \u2013 tout le syst\u00e8me universitaire et de recherche a \u00e9t\u00e9 subverti.<\/span><\/p>\n<p>&nbsp;<\/p>\n<p>&nbsp;<\/p>\n<p style=\"text-align: justify;\"><span style=\"font-family: times new roman, times, serif; font-size: 14pt;\">Tout ceci ressemble \u00e0 de la d\u00e9mence, surtout si on se rappelle qu\u2019il existe, pour vaincre le Coronavirus, d\u2019autres options qu\u2019un r\u00e9gime obligatoire de vaccination universelle.<\/span><\/p>\n<p style=\"text-align: justify;\"><span style=\"font-family: times new roman, times, serif; font-size: 14pt;\">Pas plus tard que le mois dernier, le Dr. Anthony Fauci, Directeur du <a href=\"https:\/\/www.niaid.nih.gov\/\"><strong>NIH<\/strong><\/a> (<em>National Institute\u00a0 of Allergic and Infectious Diseases<\/em>), a <a href=\"https:\/\/www.cnsnews.com\/article\/national\/melanie-arter\/dr-fauci-80-percent-coronavirus-patients-spontaneously-recover\"><strong>d\u00e9clar\u00e9<\/strong><\/a> \u00e0 une Sous-Commission du S\u00e9nat que plus de 80% des personnes infect\u00e9es par le Coronavirus \u00ab\u00a0gu\u00e9rissent spontan\u00e9ment\u00a0\u00bb sans aucune intervention m\u00e9dicale. C\u2019est \u00e0 se demander pourquoi le confinement total a \u00e9t\u00e9 impos\u00e9 \u00e0 tout le monde, au lieu de l\u2019\u00eatre aux seules personnes d\u00e9j\u00e0 malades ou tr\u00e8s \u00e2g\u00e9es. Entretemps, le m\u00e9dicament appel\u00e9 hydroxychloroquine \u2013 qui a \u00e9t\u00e9 minimis\u00e9 par les m\u00e9dias, bien qu&rsquo;il ait \u00e9t\u00e9 <a href=\"https:\/\/www.sermo.com\/press-releases\/largest-statistically-significant-study-by-6200-multi-country-physicians-on-covid-19-uncovers-treatment-patterns-and-puts-pandemic-in-context\/\"><strong>d\u00e9sign\u00e9<\/strong><\/a> comme traitement le plus efficace contre le Corona par plus de six mille m\u00e9decins de terrain, dans un rapport exhaustif \u2013 commence \u00e0 \u00eatre reconsid\u00e9r\u00e9.<\/span><\/p>\n<p style=\"text-align: justify;\"><span style=\"font-family: times new roman, times, serif; font-size: 14pt;\">Cette semaine, \u00e0 la suite du Nevada, le Michigan a renvers\u00e9 la vapeur et est donc, \u00e0 pr\u00e9sent, le deuxi\u00e8me \u00c9tat \u00e0 exiger ce m\u00e9dicament anti-malaria de l\u2019administration Trump.<\/span><\/p>\n<p style=\"text-align: justify;\"><span style=\"font-family: times new roman, times, serif; font-size: 14pt;\">On dirait donc que nous voil\u00e0 partis aux courses pour voir ce qui deviendra la m\u00e9thode approuv\u00e9e de lutte contre la pand\u00e9mie plan\u00e9taire\u00a0: un vaccin d\u00e9velopp\u00e9 \u00e0 la h\u00e2te, capable en r\u00e9alit\u00e9 d\u2019empirer les effets de la maladie chez ceux qui la contractent ou le m\u00e9dicament peu co\u00fbteux et d\u00e9j\u00e0 \u00e9prouv\u00e9 hydroxychloroquine.<\/span><\/p>\n<p style=\"text-align: justify;\"><span style=\"font-family: times new roman, times, serif; font-size: 14pt;\">Si le gagnant de la course est un vaccin mondial \u00e9ventuellement agr\u00e9ment\u00e9 d\u2019une identification par nanotechnologie, ne vous attendez pas \u00e0 ce que les riches fassent la queue avec leurs enfants pour \u00eatre les premiers \u00e0 se faire inoculer. En 2015, l\u2019<em>American Journal of Public Health <\/em>a enqu\u00eat\u00e9 dans 6.200 \u00e9coles de Californie \u2013 \u00e9picentre de la recherche en identit\u00e9 biom\u00e9trique \u2013 et d\u00e9couvert que les exemptions de vaccination y \u00e9taient deux fois plus nombreuses qu\u2019ailleurs, dans les \u00e9coles maternelles des institutions priv\u00e9es.<\/span><\/p>\n<p style=\"text-align: justify;\"><span style=\"font-family: times new roman, times, serif; font-size: 14pt;\">Il semble que les \u00e9lites parient lourdement sur le d\u00e9veloppement d\u2019un vaccin d\u2019identification qui mettrait sur le m\u00eame plan toutes les races et toutes les institutions, heureux sous un m\u00eame toit, mais il est clair que, sous ce gouvernement unique, ils continueront, eux, \u00e0 vivre dans leurs propres quartiers bien cl\u00f4tur\u00e9s. S\u2019ils recevront ou non une \u00ab\u00a0dispense sp\u00e9ciale\u00a0\u00bb de porter cette marque new-age est une autre affaire.<\/span><\/p>\n<p>&nbsp;<\/p>\n<p style=\"text-align: left;\"><span style=\"font-family: times new roman, times, serif; font-size: 14pt;\">Source\u00a0: <a href=\"https:\/\/theduran.com\/bill-gates-crosses-the-digital-rubicon-says-mass-gatherings-may-not-return-without-global-vaccine\/\">https\u00a0:\/\/theduran.com\/bill-gates-crosses-the-digital-rubicon-says-mass-gatherings-may-not-return-without-global-vaccine\/<\/a><\/span><\/p>\n<p style=\"text-align: left;\"><span style=\"font-family: times new roman, times, serif; font-size: 14pt;\">Source\u00a0d\u2019origine\u00a0: <a href=\"https:\/\/www.strategic-culture.org\/news\/2020\/04\/08\/bill-gates-crosses-digital-rubicon-says-mass-gatherings-may-not-return-without-global-vaccine\">https\u00a0:\/\/www.strategic-culture.org\/news\/2020\/04\/08\/bill-gates-crosses-digital-rubicon-says-mass-gatherings-may-not-return-without-global-vaccine<\/a>\/<\/span><\/p>\n<p style=\"text-align: right;\"><span style=\"font-family: times new roman, times, serif; font-size: 14pt;\">Traduction\u00a0: c.l. pour Les Grosses Orchades<\/span><\/p>\n<p>&nbsp;<\/p>\n<p><a href=\"http:\/\/blog.lesgrossesorchadeslesamplesthalameges.fr\/wp-content\/uploads\/2020\/04\/Robert-Bridges.jpg\"><img loading=\"lazy\" class=\"alignnone wp-image-9583\" src=\"http:\/\/blog.lesgrossesorchadeslesamplesthalameges.fr\/wp-content\/uploads\/2020\/04\/Robert-Bridges.jpg\" alt=\"\" width=\"150\" height=\"197\" \/><\/a><\/p>\n<p style=\"text-align: justify;\"><span style=\"font-family: times new roman, times, serif; font-size: 14pt;\"><strong>Robert Bridge<\/strong> est un \u00e9crivain et journaliste am\u00e9ricain. Il est l\u2019auteur du livre <a href=\"https:\/\/www.kirkusreviews.com\/book-reviews\/robert-bridge\/midnight-in-the-american-empire\/\"><em>&lsquo;Midnight in the American Empire,&rsquo;<\/em><\/a> publi\u00e9 en 2013. Il contribue \u00e0 <em>Strategic Culture Foundation <\/em>et \u00e0 <em>RT.<\/em><\/span><\/p>\n<p>&nbsp;<\/p>\n<p style=\"text-align: left;\"><strong><span style=\"font-family: times new roman, times, serif; font-size: 14pt;\">URL de cet article :\u00a0 <\/span><\/strong><a href=\"http:\/\/blog.lesgrossesorchadeslesamplesthalameges.fr\/index.php\/bill-gates-franchit-le-rubicon-numerique\/\"><span style=\"font-family: times new roman, times, serif; font-size: 14pt;\">http:\/\/blog.lesgrossesorchadeslesamplesthalameges.fr\/index.php\/bill-gates-franchit-le-rubicon-numerique\/ <\/span><\/a><strong><span style=\"font-family: times new roman, times, serif; font-size: 14pt;\"><br \/>\n<\/span><\/strong><\/p>\n<p>&nbsp;<\/p>\n<p>&nbsp;<\/p>\n<p style=\"text-align: center;\"><a href=\"http:\/\/blog.lesgrossesorchadeslesamplesthalameges.fr\/wp-content\/uploads\/2020\/04\/dictature-Petit-GIF.gif\"><img loading=\"lazy\" class=\"alignnone size-full wp-image-9568\" src=\"http:\/\/blog.lesgrossesorchadeslesamplesthalameges.fr\/wp-content\/uploads\/2020\/04\/dictature-Petit-GIF.gif\" alt=\"\" width=\"200\" height=\"87\" \/><\/a><\/p>\n<p>&nbsp;<\/p>\n<p>&nbsp;<\/p>\n<p style=\"text-align: right;\"><span style=\"font-family: comic sans ms, sans-serif; font-size: 14pt;\">Avril 2020<\/span><\/p>\n<p>&nbsp;<\/p>\n","protected":false},"excerpt":{"rendered":"<p>&nbsp; &nbsp; &nbsp; &nbsp; &nbsp; \u00a0\u00ab\u00a0Qui t\u2019a fait roi\u00a0?\u00a0\u00bb s\u2019\u00e9crie quelqu\u2019un. Les Zuniens perdraient-ils le respect qu\u2019ils doivent \u00e0 leurs \u00e9lites\u00a0? &nbsp; &nbsp; Bill Gates franchit le Rubicon num\u00e9rique\u00a0: Plus question de rassemblements de masse tant que la plan\u00e8te enti\u00e8re n\u2019aura pas \u00e9t\u00e9 vaccin\u00e9e\u00a0! \u00a0 Robert Bridge \u2013 Strategic Culture Foundation via TheDuran \u2013 8.4.2020&#8230;<\/p>\n","protected":false},"author":1,"featured_media":0,"parent":0,"menu_order":0,"comment_status":"open","ping_status":"open","template":"","meta":[],"_links":{"self":[{"href":"https:\/\/blog.lesgrossesorchadeslesamplesthalameges.fr\/index.php\/wp-json\/wp\/v2\/pages\/9580"}],"collection":[{"href":"https:\/\/blog.lesgrossesorchadeslesamplesthalameges.fr\/index.php\/wp-json\/wp\/v2\/pages"}],"about":[{"href":"https:\/\/blog.lesgrossesorchadeslesamplesthalameges.fr\/index.php\/wp-json\/wp\/v2\/types\/page"}],"author":[{"embeddable":true,"href":"https:\/\/blog.lesgrossesorchadeslesamplesthalameges.fr\/index.php\/wp-json\/wp\/v2\/users\/1"}],"replies":[{"embeddable":true,"href":"https:\/\/blog.lesgrossesorchadeslesamplesthalameges.fr\/index.php\/wp-json\/wp\/v2\/comments?post=9580"}],"version-history":[{"count":0,"href":"https:\/\/blog.lesgrossesorchadeslesamplesthalameges.fr\/index.php\/wp-json\/wp\/v2\/pages\/9580\/revisions"}],"wp:attachment":[{"href":"https:\/\/blog.lesgrossesorchadeslesamplesthalameges.fr\/index.php\/wp-json\/wp\/v2\/media?parent=9580"}],"curies":[{"name":"wp","href":"https:\/\/api.w.org\/{rel}","templated":true}]}}