{"id":9699,"date":"2020-04-13T22:26:48","date_gmt":"2020-04-13T20:26:48","guid":{"rendered":"http:\/\/blog.lesgrossesorchadeslesamplesthalameges.fr\/?page_id=9699"},"modified":"2020-04-13T22:27:37","modified_gmt":"2020-04-13T20:27:37","slug":"declaration-du-collectif-communiste-polex","status":"publish","type":"page","link":"https:\/\/blog.lesgrossesorchadeslesamplesthalameges.fr\/index.php\/declaration-du-collectif-communiste-polex\/","title":{"rendered":"D\u00e9claration du Collectif Communiste Polex"},"content":{"rendered":"<p>&nbsp;<\/p>\n<p>&nbsp;<\/p>\n<p>&nbsp;<\/p>\n<p>&nbsp;<\/p>\n<p>&nbsp;<\/p>\n<p>&nbsp;<\/p>\n<p style=\"text-align: center;\"><span style=\"font-family: times new roman, times, serif; font-size: 36pt;\"><strong>D\u00e9claration du <\/strong><\/span><\/p>\n<p style=\"text-align: center;\"><span style=\"font-family: tahoma, arial, helvetica, sans-serif;\"><a href=\"http:\/\/www.collectif-communiste-polex.org\/\"><strong><span style=\"font-family: times new roman, times, serif; font-size: 36pt;\"><span style=\"color: #ff0000;\">Collectif Communiste Polex<\/span><\/span><\/strong><\/a><\/span><\/p>\n<p><span style=\"font-family: tahoma, arial, helvetica, sans-serif;\"><strong>\u00a0<\/strong><\/span><\/p>\n<p>&nbsp;<\/p>\n<p style=\"text-align: center;\"><a href=\"http:\/\/blog.lesgrossesorchadeslesamplesthalameges.fr\/wp-content\/uploads\/2020\/04\/000.-russep-x.gif\"><img loading=\"lazy\" class=\"alignnone wp-image-9674\" src=\"http:\/\/blog.lesgrossesorchadeslesamplesthalameges.fr\/wp-content\/uploads\/2020\/04\/000.-russep-x.gif\" alt=\"\" width=\"100\" height=\"100\" \/><\/a><\/p>\n<p>&nbsp;<\/p>\n<p>&nbsp;<\/p>\n<p style=\"text-align: justify;\"><span style=\"font-family: tahoma, arial, helvetica, sans-serif; font-size: 14pt;\">Le Collectif Communiste Polex est une modeste association qui a pour<u>\u00a0<\/u>ambition de regrouper des militants communistes de France, d\u00e9sireux de combattre les m\u00e9faits des imp\u00e9rialismes,\u00a0<strong>et, en premier lieu, les interventions arm\u00e9es ext\u00e9rieures de notre gouvernement.<\/strong><\/span><\/p>\n<p style=\"text-align: justify;\"><span style=\"font-family: tahoma, arial, helvetica, sans-serif; font-size: 14pt;\">Dans cette optique, nous avons sans rel\u00e2che, depuis 15 ans, d\u00e9nonc\u00e9 le blocus \u00e9conomique impos\u00e9 \u00e0 Cuba Socialiste par les dirigeants successifs des \u00c9tats Unis, qui n&rsquo;avaient pas r\u00e9ussi \u00e0 d\u00e9truire le r\u00e9gime cubain par l&rsquo;invasion, et les tentatives de subversion contre le gouvernement Bolivarien du Venezuela.<\/span><\/p>\n<p>&nbsp;<\/p>\n<p>&nbsp;<\/p>\n<p style=\"text-align: center;\"><a href=\"http:\/\/blog.lesgrossesorchadeslesamplesthalameges.fr\/wp-content\/uploads\/2020\/04\/Maduro-avec-ses-hommes.jpg\"><img loading=\"lazy\" class=\"alignnone wp-image-9680 size-full\" src=\"http:\/\/blog.lesgrossesorchadeslesamplesthalameges.fr\/wp-content\/uploads\/2020\/04\/Maduro-avec-ses-hommes.jpg\" alt=\"\" width=\"700\" height=\"285\" srcset=\"https:\/\/blog.lesgrossesorchadeslesamplesthalameges.fr\/wp-content\/uploads\/2020\/04\/Maduro-avec-ses-hommes.jpg 700w, https:\/\/blog.lesgrossesorchadeslesamplesthalameges.fr\/wp-content\/uploads\/2020\/04\/Maduro-avec-ses-hommes-300x122.jpg 300w\" sizes=\"(max-width: 700px) 100vw, 700px\" \/><\/a><\/p>\n<p>&nbsp;<\/p>\n<p>&nbsp;<\/p>\n<p style=\"text-align: justify;\"><span style=\"font-family: tahoma, arial, helvetica, sans-serif; font-size: 14pt;\">Nous le redisons aujourd&rsquo;hui, dans le contexte nouveau de la dramatique pand\u00e9mie actuelle. Mais nous devons ajouter que, \u00e9galement dans ce contexte,\u00a0<u>et alors que<\/u>\u00a0la petite nation cubaine est capable d&rsquo;envoyer des m\u00e9decins en Ha\u00efti et jusqu&rsquo;en Italie,\u00a0<strong>LA PERSISTANCE D&rsquo;UN BLOCUS CONDAMN\u00c9 PAR LA QUASI-UNANIMITE DES NATIONS REPR\u00c9SENT\u00c9ES \u00c0 L&rsquo;ONU <u>EST UN CRIME CONTRE L&rsquo;HUMANIT\u00c9<\/u>.<\/strong><\/span><\/p>\n<p style=\"text-align: justify;\"><span style=\"font-family: tahoma, arial, helvetica, sans-serif; font-size: 14pt;\">Nous tenons \u00e9galement comme un crime abject la d\u00e9cision r\u00e9cente du gouvernement \u00c9tats-Unien <strong>DE MAINTENIR LES BLOCUS IMPOS\u00c9S \u00c0 L&rsquo;IRAN ET \u00c0 LA COR\u00c9E DU NORD.<\/strong><\/span><\/p>\n<p style=\"text-align: justify;\"><span style=\"font-family: tahoma, arial, helvetica, sans-serif; font-size: 14pt;\">Nous condamnons enfin\u00a0:<strong> \u00a0\u00ab\u00a0LA DECISION D\u00c9LIRANTE DE FAIRE INCULPER LE PR\u00c9SIDENT MADURO DU VENEZUELA PAR DES JUGES NORD-AM\u00c9RICAINS, ET LE RASSEMBLEMENT AU LARGE DE CARACAS DE TROUPES POUR ENVAHIR LE PAYS\u00a0\u00bb.<\/strong><\/span><\/p>\n<p style=\"text-align: justify;\"><span style=\"font-family: tahoma, arial, helvetica, sans-serif; font-size: 14pt;\">Nous tenons \u00e0 en informer l&rsquo;opinion fran\u00e7aise, et \u00e0 exiger du gouvernement de la France\u00a0<strong><u>qu&rsquo;il condamne<\/u><\/strong>\u00a0ces indignit\u00e9s (ou\u00a0<strong><u>ignominies<\/u><\/strong>\u00a0?)<\/span><\/p>\n<p>&nbsp;<\/p>\n<p><span style=\"font-family: tahoma, arial, helvetica, sans-serif; font-size: 14pt;\">Collectif Communiste Polex<\/span><\/p>\n<p><span style=\"font-family: tahoma, arial, helvetica, sans-serif; font-size: 14pt;\">Paris le 12 avril 2020<\/span><\/p>\n<p><span style=\"font-family: tahoma, arial, helvetica, sans-serif;\"><span style=\"font-size: 14pt;\"><strong>Site : <\/strong><\/span><a href=\"http:\/\/www.collectif-communiste-polex.org\/\"><strong><span style=\"font-size: 14pt;\">http:\/\/www.collectif-communiste-polex.org\/<\/span><\/strong><\/a><\/span><\/p>\n<p style=\"text-align: justify;\"><span style=\"font-family: tahoma, arial, helvetica, sans-serif; font-size: 14pt;\"><strong>\u00a0<\/strong><\/span><\/p>\n<p style=\"text-align: left;\"><span style=\"font-family: times new roman, times, serif; font-size: 14pt;\"><strong>URL de cet article\u00a0: <\/strong><a href=\"http:\/\/blog.lesgrossesorchadeslesamplesthalameges.fr\/index.php\/declaration-du-collectif-communiste-polex\/\">http:\/\/blog.lesgrossesorchadeslesamplesthalameges.fr\/index.php\/declaration-du-collectif-communiste-polex\/<\/a><strong><br \/>\n<\/strong><\/span><\/p>\n<p style=\"text-align: justify;\"><span style=\"font-family: times new roman, times, serif; font-size: 14pt;\"><strong>\u00a0<\/strong><\/span><\/p>\n<p style=\"text-align: left;\"><span style=\"font-family: times new roman, times, serif; font-size: 18pt; color: #c00000;\"><strong><em>Ajoutons que, m\u00eame si on n\u2019est pas citoyen de ce pays, on peut s\u2019indigner de et s\u2019opposer \u00e0 ce que le gouvernement de la France s\u2019associe militairement \u00e0 l\u2019ignominie am\u00e9ricaine en envoyant le navire d\u2019assaut amphibie porte-h\u00e9licopt\u00e8res <\/em><\/strong><strong>Dixmude <em>dans la Cara\u00efbe pour participer, au nom des Fran\u00e7ais, \u00e0 l\u2019agression yankee.<\/em><\/strong><\/span><\/p>\n<p>&nbsp;<\/p>\n<p>&nbsp;<\/p>\n<p style=\"text-align: center;\"><a href=\"http:\/\/blog.lesgrossesorchadeslesamplesthalameges.fr\/wp-content\/uploads\/2020\/04\/Vache-1-GIF.gif\"><img loading=\"lazy\" class=\"alignnone wp-image-9677\" src=\"http:\/\/blog.lesgrossesorchadeslesamplesthalameges.fr\/wp-content\/uploads\/2020\/04\/Vache-1-GIF.gif\" alt=\"\" width=\"80\" height=\"120\" \/><\/a><\/p>\n<p>&nbsp;<\/p>\n<p>&nbsp;<\/p>\n<p style=\"text-align: right;\"><span style=\"font-family: comic sans ms, sans-serif; font-size: 14pt;\">Avril 2020<\/span><\/p>\n<p>&nbsp;<\/p>\n<p>&nbsp;<\/p>\n","protected":false},"excerpt":{"rendered":"<p>&nbsp; &nbsp; &nbsp; &nbsp; &nbsp; &nbsp; D\u00e9claration du Collectif Communiste Polex \u00a0 &nbsp; &nbsp; &nbsp; Le Collectif Communiste Polex est une modeste association qui a pour\u00a0ambition de regrouper des militants communistes de France, d\u00e9sireux de combattre les m\u00e9faits des imp\u00e9rialismes,\u00a0et, en premier lieu, les interventions arm\u00e9es ext\u00e9rieures de notre gouvernement. Dans cette optique, nous avons&#8230;<\/p>\n","protected":false},"author":1,"featured_media":0,"parent":0,"menu_order":0,"comment_status":"open","ping_status":"open","template":"","meta":[],"_links":{"self":[{"href":"https:\/\/blog.lesgrossesorchadeslesamplesthalameges.fr\/index.php\/wp-json\/wp\/v2\/pages\/9699"}],"collection":[{"href":"https:\/\/blog.lesgrossesorchadeslesamplesthalameges.fr\/index.php\/wp-json\/wp\/v2\/pages"}],"about":[{"href":"https:\/\/blog.lesgrossesorchadeslesamplesthalameges.fr\/index.php\/wp-json\/wp\/v2\/types\/page"}],"author":[{"embeddable":true,"href":"https:\/\/blog.lesgrossesorchadeslesamplesthalameges.fr\/index.php\/wp-json\/wp\/v2\/users\/1"}],"replies":[{"embeddable":true,"href":"https:\/\/blog.lesgrossesorchadeslesamplesthalameges.fr\/index.php\/wp-json\/wp\/v2\/comments?post=9699"}],"version-history":[{"count":0,"href":"https:\/\/blog.lesgrossesorchadeslesamplesthalameges.fr\/index.php\/wp-json\/wp\/v2\/pages\/9699\/revisions"}],"wp:attachment":[{"href":"https:\/\/blog.lesgrossesorchadeslesamplesthalameges.fr\/index.php\/wp-json\/wp\/v2\/media?parent=9699"}],"curies":[{"name":"wp","href":"https:\/\/api.w.org\/{rel}","templated":true}]}}