{"id":9897,"date":"2020-04-21T20:17:28","date_gmt":"2020-04-21T18:17:28","guid":{"rendered":"http:\/\/blog.lesgrossesorchadeslesamplesthalameges.fr\/?page_id=9897"},"modified":"2020-04-21T20:18:24","modified_gmt":"2020-04-21T18:18:24","slug":"lamnesie-est-elle-un-symptome-du-covid-19","status":"publish","type":"page","link":"https:\/\/blog.lesgrossesorchadeslesamplesthalameges.fr\/index.php\/lamnesie-est-elle-un-symptome-du-covid-19\/","title":{"rendered":"L&rsquo;amn\u00e9sie est-elle un sympt\u00f4me du Covid-19 ?"},"content":{"rendered":"<p>&nbsp;<\/p>\n<p>&nbsp;<\/p>\n<p>&nbsp;<\/p>\n<p>&nbsp;<\/p>\n<p>&nbsp;<\/p>\n<p>&nbsp;<\/p>\n<p style=\"text-align: center;\"><span style=\"font-family: times new roman, times, serif; font-size: 36pt;\"><strong>L\u2019amn\u00e9sie est-elle un sympt\u00f4me du Covid-19\u00a0?<\/strong><\/span><\/p>\n<p>&nbsp;<\/p>\n<p style=\"text-align: center;\"><span style=\"font-family: times new roman, times, serif; font-size: 18pt;\"><strong>Gilad Atzmon \u2013 <em>The Unz Review<\/em> \u2013 20.4.2020<\/strong><\/span><\/p>\n<p style=\"text-align: center;\"><span style=\"font-family: times new roman, times, serif; font-size: 18pt;\">Traduction :<strong> <em>Les Grosses Orchades<\/em><\/strong><\/span><\/p>\n<p style=\"text-align: justify;\"><span style=\"font-family: times new roman, times, serif; font-size: 18pt;\"><strong>\u00a0<\/strong><\/span><\/p>\n<p>&nbsp;<\/p>\n<p style=\"text-align: center;\"><a href=\"http:\/\/blog.lesgrossesorchadeslesamplesthalameges.fr\/wp-content\/uploads\/2020\/04\/Amnesia.jpg\"><img loading=\"lazy\" class=\"alignnone wp-image-9848 size-full\" src=\"http:\/\/blog.lesgrossesorchadeslesamplesthalameges.fr\/wp-content\/uploads\/2020\/04\/Amnesia.jpg\" alt=\"\" width=\"600\" height=\"388\" srcset=\"https:\/\/blog.lesgrossesorchadeslesamplesthalameges.fr\/wp-content\/uploads\/2020\/04\/Amnesia.jpg 600w, https:\/\/blog.lesgrossesorchadeslesamplesthalameges.fr\/wp-content\/uploads\/2020\/04\/Amnesia-300x194.jpg 300w\" sizes=\"(max-width: 600px) 100vw, 600px\" \/><\/a><\/p>\n<p>&nbsp;<\/p>\n<p>&nbsp;<\/p>\n<p style=\"text-align: justify;\"><span style=\"font-family: tahoma, arial, helvetica, sans-serif; font-size: 14pt;\"><strong>Je demande \u00e7a, parce que, il y a juste trois ans, les USA ont subi une des plus s\u00e9v\u00e8res flamb\u00e9es de grippe de r\u00e9cente m\u00e9moire. Je parle de la grippe de 2017-18 qui, selon les CDC (<\/strong><a href=\"https:\/\/www.cdc.gov\/flu\/about\/burden-averted\/2017-2018.htm\"><strong>Centres am\u00e9ricains de contr\u00f4le et de pr\u00e9vention des maladies<\/strong><\/a><strong>) a fait 45 millions de malades et entra\u00een\u00e9 21 millions de visites m\u00e9dicales et 810.000 hospitalisations\u00a0\u00bb. En septembre 2018, CNN annon\u00e7ait qu\u2019il y avait <\/strong><a href=\"https:\/\/edition.cnn.com\/2018\/09\/26\/health\/flu-deaths-2017--2018-cdc-bn\/index.html\"><strong>80.000 morts<\/strong><\/a><strong> de causes touchant \u00e0 l\u2019\u00e9pid\u00e9mie.<\/strong><\/span><\/p>\n<p>&nbsp;<\/p>\n<p style=\"text-align: justify;\"><span style=\"font-family: times new roman, times, serif; font-size: 14pt;\">Le nombre des cas de grippe, cette ann\u00e9e-l\u00e0, rien qu\u2019aux USA, fut donc 18 fois plus \u00e9lev\u00e9 que le nombre actuel de cas du Nouveau Coronavirus dans le monde entier (2,5 millions jusqu\u2019\u00e0 pr\u00e9sent). Le nombre des patients am\u00e9ricains hospitalis\u00e9s fut plus de 4 fois sup\u00e9rieur \u00e0 celui des patients hospitalis\u00e9s avec les sympt\u00f4mes du Coronavirus (200.000 \u00e0 ce jour). Le taux de d\u00e9c\u00e8s\/hospitalisations cette ann\u00e9e-l\u00e0 fut de <strong>\u00b1<\/strong> 0,1%, \u00e0 peu pr\u00e8s le m\u00eame qu\u2019on a vu dans le nord de l\u2019Italie le mois dernier. Et si tout \u00e7a ne suffit pas, le nombre d\u2019issues fatales en 2017-18 fut de trois fois le nombre de morts actuellement associ\u00e9es au Covid-19.<\/span><\/p>\n<p style=\"text-align: justify;\"><span style=\"font-family: times new roman, times, serif; font-size: 14pt;\">Au cas o\u00f9 ce qui pr\u00e9c\u00e8de n\u2019aurait encore provoqu\u00e9 aucun soup\u00e7on dans vos cellules grises, peut-\u00eatre un coup d\u2019\u0153il au groupe d\u2019\u00e2ge des victimes de la grippe de 2017-18 aux USA le fera-t-il. En 2017-18 le taux de mortalit\u00e9 d\u00fb \u00e0 la grippe \u00a0a \u00e9t\u00e9 le plus \u00e9lev\u00e9 chez les personnes de plus de 65 ans. Les CDC rapportent que \u00ab\u00a0les gens de 65 ans et au-del\u00e0 ont repr\u00e9sent\u00e9 approximativement 58% des hospitalisations dues \u00e0 la grippe\u00a0\u00bb. Mais l\u2019histoire devient encore plus int\u00e9ressante. Au cours de la saison des grippes de 2017-2018, le deuxi\u00e8me groupe le plus affect\u00e9 a \u00e9t\u00e9 celui des 50 \u00e0 64 ans. Ceci est r\u00e9ellement tr\u00e8s inhabituel pour la grippe, puisque, normalement, le deuxi\u00e8me taux le plus \u00e9lev\u00e9 de morts concerne les enfants, de la naissance \u00e0 4 ans. <a href=\"https:\/\/www.contagionlive.com\/publications\/contagion\/2018\/june\/flu-season-2017-2018-a-look-at-what-happened-and-whats-to-come\"><em>Contagion-Infectious Disease Today<\/em><\/a> a rapport\u00e9 qu\u2019en juin 2018 \u00ab\u00a0la f\u00e9rocit\u00e9 de la saison de grippe 2017-18 dans son ensemble, combin\u00e9e avec les impacts moyens ci-dessus ayant affect\u00e9 les plus jeunes <em>baby-boomers<\/em>, a fait de 2017-18 une ann\u00e9e \u00e0 mettre dans le livre des records\u00a0\u00bb.<\/span><\/p>\n<p style=\"text-align: justify;\"><span style=\"font-family: times new roman, times, serif; font-size: 14pt;\">En 2018, <a href=\"https:\/\/edition.cnn.com\/2018\/09\/26\/health\/flu-deaths-2017--2018-cdc-bn\/index.html\">CNN a rapport\u00e9<\/a> que, \u00ab\u00a0dans l\u2019ensemble, les \u00c9tats-Unis ont fait l\u2019exp\u00e9rience d\u2019une des saisons grippales les plus s\u00e9v\u00e8res des derni\u00e8res d\u00e9cennies\u00a0\u00bb. \u00c0 ce stade, j\u2019esp\u00e8re que vous ne serez pas surpris d\u2019apprendre que la pneumonie a \u00e9t\u00e9 la premi\u00e8re complication fatale associ\u00e9e \u00e0 l\u2019\u00e9pid\u00e9mie de 2017.<\/span><\/p>\n<p style=\"text-align: justify;\"><span style=\"font-family: times new roman, times, serif; font-size: 14pt;\">Ce qui suit peut ressembler \u00e0 la description de la pand\u00e9mie actuelle de Nouveau Coronavirus\u00a0: \u00ab\u00a0La saison a commenc\u00e9 avec une augmentation du nombre de cas\u00a0en novembre\u00a0; une haute activit\u00e9 s\u2019est manifest\u00e9e en janvier-f\u00e9vrier, et ensuite la maladie a continu\u00e9 jusqu\u2019\u00e0 la fin de mars\u00a0\u00bb. Vous avez bien devin\u00e9\u00a0: il ne s\u2019agit pas de la description de la pand\u00e9mie mondiale de Coronavirus, mais en r\u00e9alit\u00e9 de <a href=\"https:\/\/edition.cnn.com\/2018\/09\/26\/health\/flu-deaths-2017--2018-cdc-bn\/index.html\">la description, par CNN, de la flamb\u00e9e de grippe aux USA<\/a> en septembre 2018.<\/span><\/p>\n<p style=\"text-align: justify;\"><span style=\"font-family: times new roman, times, serif; font-size: 14pt;\">Faut-il \u00eatre un g\u00e9nie pour comprendre que la flamb\u00e9e de grippe am\u00e9ricaine de 2017-18 a \u00e9t\u00e9 dr\u00f4lement similaire \u00e0 l\u2019actuelle \u00e9pid\u00e9mie de Nouveau Coronavirus\u00a0?<\/span><\/p>\n<p style=\"text-align: justify;\"><span style=\"font-family: times new roman, times, serif; font-size: 14pt;\">La premi\u00e8re question qui vient \u00e0 l\u2019esprit est\u00a0: pourquoi l\u2019Am\u00e9rique ne s\u2019est-elle pas mise en confinement au cours de la catastrophe de 2018 comme elle vient de le faire \u00e0 pr\u00e9sent\u00a0? On peut se demander pourquoi les CDC n\u2019ont pas r\u00e9agi \u00e0 la \u00ab\u00a0s\u00e9v\u00e9rit\u00e9\u00a0\u00bb de la flamb\u00e9e, qui a \u00e9t\u00e9 au moins trois fois plus mortif\u00e8re que la crise sanitaire du Nouveau Coronavirus\u00a0? Mais le plus inqui\u00e9tant encore est le fait\u00a0 que, malgr\u00e9 la s\u00e9v\u00e9rit\u00e9 de la flamb\u00e9e de grippe de 2017 et ses cons\u00e9quences meurtri\u00e8res, l\u2019OMS (Organisation Mondiale de la Sant\u00e9) n\u2019ait pas vu la n\u00e9cessit\u00e9 d\u2019alerter le monde, de faire fermer toutes les entreprises et de confiner la plan\u00e8te comme elle le fait cette ann\u00e9e. Bizarrement, l\u2019OMS n\u2019a m\u00eame pas pris la peine d\u2019\u00e9tiqueter l\u2019\u00e9pid\u00e9mie am\u00e9ricaine \u00ab\u00a0\u00e9pid\u00e9mie\u00a0\u00bb ou \u00ab\u00a0pand\u00e9mie\u00a0\u00bb. Cela a \u00e9t\u00e9 juste une \u00ab\u00a0grippe\u00a0\u00bb ordinaire.<\/span><\/p>\n<p style=\"text-align: justify;\"><span style=\"font-family: times new roman, times, serif; font-size: 14pt;\">Ceci me pousse \u00e0 me demander s\u2019il est possible que ce que nous consid\u00e9rons aujourd\u2019hui comme un Nouveau Coronavirus ne soit pas quelque chose de nouveau apr\u00e8s tout. Si c\u2019est le cas, comment se fait-il que l\u2019Am\u00e9rique n\u2019ait pas du tout\u00a0 r\u00e9agi \u00e0 un virus mortel qui a attaqu\u00e9 11% de sa population et fait 80.000 morts\u00a0? A-t-elle \u00e9t\u00e9 r\u00e9duite au silence ou s\u2019agit-il d\u2019une histoire de dysfonctionnement\u00a0 total \u00e0 tous les niveaux imaginables\u00a0?<\/span><\/p>\n<p style=\"text-align: justify;\"><span style=\"font-family: times new roman, times, serif; font-size: 14pt;\">Les gens qui y connaissent quelque chose en pand\u00e9mies \u2013 et je ne crois pas qu\u2019Anthony Fauci et l\u2019OMS entrent dans cette cat\u00e9gorie \u2013 nous disent que les pand\u00e9mies mondiales des derni\u00e8res d\u00e9cennies sont arriv\u00e9es en trois vagues. La premi\u00e8re vague est souvent s\u00e9v\u00e8re, la deuxi\u00e8me vague est catastrophique et la troisi\u00e8me vague relativement l\u00e9g\u00e8re. Je me demande si le stade actuel de la crise du Coronavirus ne serait pas la deuxi\u00e8me vague de la pr\u00e9c\u00e9dente, plut\u00f4t qu\u2019une \u00ab\u00a0\u00e9pid\u00e9mie nouvelle\u00a0\u00bb. Dans ce cas, la premi\u00e8re vague nous aurait \u00e9t\u00e9 dissimul\u00e9e par ceux qui se pr\u00e9tendent nos gardiens, charg\u00e9s de d\u00e9fendre notre plan\u00e8te des attaques virales.<\/span><\/p>\n<p style=\"text-align: justify;\"><span style=\"font-family: times new roman, times, serif; font-size: 14pt;\">Dans le cas o\u00f9 ce sc\u00e9nario serait correct, le pr\u00e9sident Trump peut \u00e9pargner son \u00e9nergie. Essayer de se d\u00e9barrasser de sa responsabilit\u00e9 en la faisant endosser aux Chinois, dans l\u2019espoir que les Chinois d\u00e9cideront de b\u00e2tir le mur \u00e0 la place des Mexicains ne marchera pas. Le gouvernement am\u00e9ricain pourrait avoir \u00e0 \u00a0utiliser son \u00e9nergie pour tenter de dissimuler la masse des informations largement disponibles sur la flamb\u00e9e de grippe de 2017-18.<\/span><\/p>\n<p style=\"text-align: justify;\"><span style=\"font-family: times new roman, times, serif; font-size: 14pt;\">Le Coronavirus actuel est \u00e0 coup s\u00fbr in d\u00e9sastre financier mondial, mais ce n\u2019est pas la Peste Noire. Cependant, il nous a tr\u00e8s efficacement fait comprendre le danger que repr\u00e9sente la virologie moderne et quelles peuvent \u00eatre les cons\u00e9quences possibles des armes biologiques et de l\u2019ing\u00e9nierie virale. Si la crise actuelle signifie quelque chose, c\u2019est que la \u00a0r\u00e9action premi\u00e8re du gouvernement doit \u00eatre d\u2019ouvrir une enqu\u00eate criminelle imm\u00e9diate. Des questions concernant l\u2019OMS doivent \u00eatre soulev\u00e9es. O\u00f9 \u00e9tiez-vous en 2018\u00a0? Pourquoi n\u2019avez-vous pas averti le monde\u00a0? Qu\u2019est-ce qui vous a emp\u00each\u00e9s d\u2019appeler la flamb\u00e9e de grippe de 2018 \u00ab\u00a0\u00e9pid\u00e9mie\u00a0\u00bb ou \u00ab\u00a0pand\u00e9mie\u00a0\u00bb\u00a0? Les 400 millions de dollars que l\u2019OMS re\u00e7oit annuellement du gouvernement des \u00c9tats-Unis\u00a0? \u00c0 moins que cela n\u2019ait quelque chose \u00e0 voir avec les relations intimes que l\u2019OMS entretient avec l\u2019industrie pharmaceutique am\u00e9ricaine.<\/span><\/p>\n<p style=\"text-align: justify;\"><span style=\"font-family: times new roman, times, serif; font-size: 14pt;\">J\u2019ai d\u00e9but\u00e9 en demandant si l\u2019amn\u00e9sie est un des sympt\u00f4mes du Covid-19. La r\u00e9ponse est un NON cat\u00e9gorique. En 2017-18, l\u2019Am\u00e9rique s\u2019est trouv\u00e9e dans une situation sanitaire alarmante, beaucoup plus dangereuse que celle d\u2019aujourd\u2019hui. Mais peu l\u2019ont su en Am\u00e9rique. Cela n\u2019a pas \u00e9t\u00e9 consid\u00e9r\u00e9 comme un sujet d\u2019information. Ce n\u2019est donc pas que nous ayons oubli\u00e9, nous n\u2019avons jamais su. Nous y avons surv\u00e9cu, en d\u00e9pit du fait que cette crise a \u00e9t\u00e9 bien pire que l\u2019actuelle.\u00a0 Et la n\u00e9cessaire question suivante est\u00a0: QUI a d\u00e9cid\u00e9 de faire de la crise actuelle un conte fantasmagorico-apocalyptique et POURQUOI\u00a0? Nous devrions bient\u00f4t le savoir quand viendra le retour de flamme.<\/span><\/p>\n<p style=\"text-align: justify;\"><span style=\"font-family: times new roman, times, serif; font-size: 14pt;\">Source\u00a0: <a href=\"https:\/\/www.unz.com\/gatzmon\/is-amnesia-a-symptom-of-covid-19\/\">https:\/\/www.unz.com\/gatzmon\/is-amnesia-a-symptom-of-covid-19\/<\/a><\/span><\/p>\n<p style=\"text-align: justify;\"><span style=\"font-family: times new roman, times, serif; font-size: 14pt;\">Traduction\u00a0: c.l\u00a0. pour Les Grosses Orchades<\/span><\/p>\n<p style=\"text-align: justify;\"><span style=\"font-family: times new roman, times, serif; font-size: 14pt;\"><strong>\u00a0<\/strong><\/span><\/p>\n<p style=\"text-align: left;\"><span style=\"font-family: times new roman, times, serif; font-size: 14pt;\"><strong>URL de cet article\u00a0: <\/strong><a href=\"http:\/\/blog.lesgrossesorchadeslesamplesthalameges.fr\/index.php\/lamnesie-est-elle-un-symptome-du-covid-19\/\">http:\/\/blog.lesgrossesorchadeslesamplesthalameges.fr\/index.php\/lamnesie-est-elle-un-symptome-du-covid-19\/<\/a><strong><br \/>\n<\/strong><\/span><\/p>\n<p>&nbsp;<\/p>\n<p>&nbsp;<\/p>\n<p style=\"text-align: center;\"><a href=\"http:\/\/blog.lesgrossesorchadeslesamplesthalameges.fr\/wp-content\/uploads\/2020\/04\/danger-biologique-GIF.gif\"><img loading=\"lazy\" class=\"alignnone wp-image-9846\" src=\"http:\/\/blog.lesgrossesorchadeslesamplesthalameges.fr\/wp-content\/uploads\/2020\/04\/danger-biologique-GIF.gif\" alt=\"\" width=\"60\" height=\"60\" \/><\/a><\/p>\n<p>&nbsp;<\/p>\n<p>&nbsp;<\/p>\n<p style=\"text-align: right;\"><span style=\"font-size: 14pt; font-family: comic sans ms, sans-serif;\">Avril 2020<\/span><\/p>\n<p>&nbsp;<\/p>\n<p>&nbsp;<\/p>\n<p>&nbsp;<\/p>\n","protected":false},"excerpt":{"rendered":"<p>&nbsp; &nbsp; &nbsp; &nbsp; &nbsp; &nbsp; L\u2019amn\u00e9sie est-elle un sympt\u00f4me du Covid-19\u00a0? &nbsp; Gilad Atzmon \u2013 The Unz Review \u2013 20.4.2020 Traduction : Les Grosses Orchades \u00a0 &nbsp; &nbsp; &nbsp; Je demande \u00e7a, parce que, il y a juste trois ans, les USA ont subi une des plus s\u00e9v\u00e8res flamb\u00e9es de grippe de r\u00e9cente m\u00e9moire&#8230;.<\/p>\n","protected":false},"author":1,"featured_media":0,"parent":0,"menu_order":0,"comment_status":"open","ping_status":"open","template":"","meta":[],"_links":{"self":[{"href":"https:\/\/blog.lesgrossesorchadeslesamplesthalameges.fr\/index.php\/wp-json\/wp\/v2\/pages\/9897"}],"collection":[{"href":"https:\/\/blog.lesgrossesorchadeslesamplesthalameges.fr\/index.php\/wp-json\/wp\/v2\/pages"}],"about":[{"href":"https:\/\/blog.lesgrossesorchadeslesamplesthalameges.fr\/index.php\/wp-json\/wp\/v2\/types\/page"}],"author":[{"embeddable":true,"href":"https:\/\/blog.lesgrossesorchadeslesamplesthalameges.fr\/index.php\/wp-json\/wp\/v2\/users\/1"}],"replies":[{"embeddable":true,"href":"https:\/\/blog.lesgrossesorchadeslesamplesthalameges.fr\/index.php\/wp-json\/wp\/v2\/comments?post=9897"}],"version-history":[{"count":0,"href":"https:\/\/blog.lesgrossesorchadeslesamplesthalameges.fr\/index.php\/wp-json\/wp\/v2\/pages\/9897\/revisions"}],"wp:attachment":[{"href":"https:\/\/blog.lesgrossesorchadeslesamplesthalameges.fr\/index.php\/wp-json\/wp\/v2\/media?parent=9897"}],"curies":[{"name":"wp","href":"https:\/\/api.w.org\/{rel}","templated":true}]}}